173.160.174.153 - - [20/Sep/2017:08:02:11 -0700] "GET /chart.php?itemids%5B%5D=89284&=&width=1750&height=100&period=21600&stime=20180918075326&updateProfile=1&profileIdx=web.screens&profileIdx2=20&sid=c2e332a5d9437331&screenid=20&curtime=1505919731809 HTTP/1.1" 200 28653 "https://zabbix.npinfo.com/screens.php?ddreset=1" "Mozilla/5.0 (Windows NT 10.0; Win64; x64) AppleWebKit/537.36 (KHTML, like Gecko) Chrome/60.0.3112.101 Safari/537.36"
173.160.174.153 - - [20/Sep/2017:08:02:13 -0700] "POST /jsrpc.php?output=json-rpc HTTP/1.1" 200 66 "https://zabbix.npinfo.com/screens.php?ddreset=1" "Mozilla/5.0 (Windows NT 10.0; Win64; x64) AppleWebKit/537.36 (KHTML, like Gecko) Chrome/60.0.3112.113 Safari/537.36"
209.180.207.160 - - [20/Sep/2017:08:02:14 -0700] "POST /jsrpc.php?output=json-rpc HTTP/1.1" 200 66 "https://zabbix.npinfo.com/zabbix.php?action=dashboard.view&ddreset=1&fullscreen=1" "Mozilla/5.0 (Windows NT 6.3; Win64; x64) AppleWebKit/537.36 (KHTML, like Gecko) Chrome/60.0.3112.113 Safari/537.36"
173.160.174.153 - - [20/Sep/2017:08:02:14 -0700] "POST /jsrpc.php?sid=c2e332a5d9437331&type=9&method=screen.get×tamp=1505919734804&mode=0&screenid=20&groupid=&hostid=&pageFile=screens.php&profileIdx=web.screens&profileIdx2=20&updateProfile=true&screenitemid=102&period=21600&stime=20180918075326 HTTP/1.1" 200 75385 "https://zabbix.npinfo.com/screens.php?ddreset=1" "Mozilla/5.0 (Windows NT 10.0; Win64; x64) AppleWebKit/537.36 (KHTML, like Gecko) Chrome/60.0.3112.101 Safari/537.36"
173.160.174.153 - - [20/Sep/2017:08:02:14 -0700] "GET /chart.php?itemids%5B%5D=89290&=&width=1750&height=100&period=21600&stime=20180918075326&updateProfile=1&profileIdx=web.screens&profileIdx2=20&sid=c2e332a5d9437331&screenid=20&curtime=1505919734801 HTTP/1.1" 200 30301 "https://zabbix.npinfo.com/screens.php?ddreset=1" "Mozilla/5.0 (Windows NT 10.0; Win64; x64) AppleWebKit/537.36 (KHTML, like Gecko) Chrome/60.0.3112.101 Safari/537.36"
173.160.174.153 - - [20/Sep/2017:08:02:15 -0700] "GET /chart.php?itemids%5B%5D=89284&=&width=1750&height=100&period=21600&stime=20180913033654&updateProfile=1&profileIdx=web.screens&profileIdx2=20&sid=16abea0203ed0b2f&screenid=20&curtime=1505919733737 HTTP/1.1" 200 28719 "https://zabbix.npinfo.com/screens.php?ddreset=1" "Mozilla/5.0 (Windows NT 10.0; Win64; x64) AppleWebKit/537.36 (KHTML, like Gecko) Chrome/60.0.3112.113 Safari/537.36"
173.160.174.153 - - [20/Sep/2017:08:02:16 -0700] "GET /chart.php?itemids%5B%5D=89290&=&width=1750&height=100&period=21600&stime=20180919120941&updateProfile=1&profileIdx=web.screens&profileIdx2=20&sid=374ae6359a772912&screenid=20&curtime=1505919736042 HTTP/1.1" 200 30300 "https://zabbix.npinfo.com/screens.php?elementid=20" "Mozilla/5.0 (Windows NT 10.0; Win64; x64) AppleWebKit/537.36 (KHTML, like Gecko) Chrome/60.0.3112.113 Safari/537.36"
173.160.174.153 - - [20/Sep/2017:08:02:19 -0700] "POST /jsrpc.php?output=json-rpc HTTP/1.1" 200 66 "https://zabbix.npinfo.com/screens.php?ddreset=1" "Mozilla/5.0 (Windows NT 10.0; Win64; x64) AppleWebKit/537.36 (KHTML, like Gecko) Chrome/60.0.3112.101 Safari/537.36"
173.160.174.153 - - [20/Sep/2017:08:02:21 -0700] "POST /jsrpc.php?output=json-rpc HTTP/1.1" 200 64 "https://zabbix.npinfo.com/screens.php" "Mozilla/5.0 (Windows NT 10.0; Win64; x64) AppleWebKit/537.36 (KHTML, like Gecko) Chrome/60.0.3112.113 Safari/537.36"
173.160.174.153 - - [20/Sep/2017:08:02:21 -0700] "GET /chart.php?itemids%5B%5D=89290&=&width=1750&height=100&period=21600&stime=20180913033654&updateProfile=1&profileIdx=web.screens&profileIdx2=20&sid=16abea0203ed0b2f&screenid=20&curtime=1505919739711 HTTP/1.1" 200 30489 "https://zabbix.npinfo.com/screens.php?ddreset=1" "Mozilla/5.0 (Windows NT 10.0; Win64; x64) AppleWebKit/537.36 (KHTML, like Gecko) Chrome/60.0.3112.113 Safari/537.36"
173.160.174.153 - - [20/Sep/2017:08:02:21 -0700] "POST /jsrpc.php?sid=396ce852eb16537b&type=9&method=screen.get×tamp=1505919741102&mode=0&screenid=20&groupid=&hostid=&pageFile=screens.php&profileIdx=web.screens&profileIdx2=20&updateProfile=true&screenitemid=102&period=60&stime=20180920063054 HTTP/1.1" 200 75385 "https://zabbix.npinfo.com/screens.php" "Mozilla/5.0 (Windows NT 10.0; Win64; x64) AppleWebKit/537.36 (KHTML, like Gecko) Chrome/60.0.3112.113 Safari/537.36"
173.160.174.153 - - [20/Sep/2017:08:02:22 -0700] "POST /jsrpc.php?output=json-rpc HTTP/1.1" 200 65 "https://zabbix.npinfo.com/screens.php?elementid=20" "Mozilla/5.0 (Windows NT 10.0; Win64; x64) AppleWebKit/537.36 (KHTML, like Gecko) Chrome/60.0.3112.113 Safari/537.36"
173.160.174.153 - - [20/Sep/2017:08:02:22 -0700] "GET /chart.php?itemids%5B%5D=89284&=&width=1750&height=100&period=60&stime=20180920063054&updateProfile=1&profileIdx=web.screens&profileIdx2=20&sid=396ce852eb16537b&screenid=20&curtime=1505919742102 HTTP/1.1" 200 21461 "https://zabbix.npinfo.com/screens.php" "Mozilla/5.0 (Windows NT 10.0; Win64; x64) AppleWebKit/537.36 (KHTML, like Gecko) Chrome/60.0.3112.113 Safari/537.36"
173.160.174.153 - - [20/Sep/2017:08:02:22 -0700] "GET /chart.php?itemids%5B%5D=89290&=&width=1750&height=100&period=60&stime=20180920063054&updateProfile=1&profileIdx=web.screens&profileIdx2=20&sid=396ce852eb16537b&screenid=20&curtime=1505919742104 HTTP/1.1" 200 21114 "https://zabbix.npinfo.com/screens.php" "Mozilla/5.0 (Windows NT 10.0; Win64; x64) AppleWebKit/537.36 (KHTML, like Gecko) Chrome/60.0.3112.113 Safari/537.36"
173.160.174.153 - - [20/Sep/2017:08:02:23 -0700] "POST /jsrpc.php?output=json-rpc HTTP/1.1" 200 66 "https://zabbix.npinfo.com/screens.php?ddreset=1" "Mozilla/5.0 (Windows NT 10.0; Win64; x64) AppleWebKit/537.36 (KHTML, like Gecko) Chrome/60.0.3112.113 Safari/537.36"
209.180.207.160 - - [20/Sep/2017:08:02:24 -0700] "POST /jsrpc.php?output=json-rpc HTTP/1.1" 200 66 "https://zabbix.npinfo.com/zabbix.php?action=dashboard.view&ddreset=1&fullscreen=1" "Mozilla/5.0 (Windows NT 6.3; Win64; x64) AppleWebKit/537.36 (KHTML, like Gecko) Chrome/60.0.3112.113 Safari/537.36"
173.160.174.153 - - [20/Sep/2017:08:02:25 -0700] "GET /chart.php?itemids%5B%5D=89284&=&width=1750&height=100&period=21600&stime=20180919120941&updateProfile=1&profileIdx=web.screens&profileIdx2=20&sid=374ae6359a772912&screenid=20&curtime=1505919744997 HTTP/1.1" 200 28823 "https://zabbix.npinfo.com/screens.php?elementid=20" "Mozilla/5.0 (Windows NT 10.0; Win64; x64) AppleWebKit/537.36 (KHTML, like Gecko) Chrome/60.0.3112.113 Safari/537.36"
173.160.174.153 - - [20/Sep/2017:08:02:30 -0700] "POST /jsrpc.php?output=json-rpc HTTP/1.1" 200 66 "https://zabbix.npinfo.com/screens.php?ddreset=1" "Mozilla/5.0 (Windows NT 10.0; Win64; x64) AppleWebKit/537.36 (KHTML, like Gecko) Chrome/60.0.3112.101 Safari/537.36"
173.160.174.153 - - [20/Sep/2017:08:02:32 -0700] "POST /jsrpc.php?output=json-rpc HTTP/1.1" 200 65 "https://zabbix.npinfo.com/screens.php?elementid=20" "Mozilla/5.0 (Windows NT 10.0; Win64; x64) AppleWebKit/537.36 (KHTML, like Gecko) Chrome/60.0.3112.113 Safari/537.36"
173.160.174.153 - - [20/Sep/2017:08:02:32 -0700] "POST /jsrpc.php?output=json-rpc HTTP/1.1" 200 64 "https://zabbix.npinfo.com/screens.php" "Mozilla/5.0 (Windows NT 10.0; Win64; x64) AppleWebKit/537.36 (KHTML, like Gecko) Chrome/60.0.3112.113 Safari/537.36"
173.160.174.153 - - [20/Sep/2017:08:02:33 -0700] "POST /jsrpc.php?sid=16abea0203ed0b2f&type=9&method=screen.get×tamp=1505919751943&mode=0&screenid=20&groupid=&hostid=&pageFile=screens.php&profileIdx=web.screens&profileIdx2=20&updateProfile=true&screenitemid=102&period=21600&stime=20180913033654 HTTP/1.1" 200 75297 "https://zabbix.npinfo.com/screens.php?ddreset=1" "Mozilla/5.0 (Windows NT 10.0; Win64; x64) AppleWebKit/537.36 (KHTML, like Gecko) Chrome/60.0.3112.113 Safari/537.36"
173.160.174.153 - - [20/Sep/2017:08:02:33 -0700] "POST /jsrpc.php?output=json-rpc HTTP/1.1" 200 66 "https://zabbix.npinfo.com/screens.php?ddreset=1" "Mozilla/5.0 (Windows NT 10.0; Win64; x64) AppleWebKit/537.36 (KHTML, like Gecko) Chrome/60.0.3112.113 Safari/537.36"
209.180.207.160 - - [20/Sep/2017:08:02:34 -0700] "POST /jsrpc.php?output=json-rpc HTTP/1.1" 200 66 "https://zabbix.npinfo.com/zabbix.php?action=dashboard.view&ddreset=1&fullscreen=1" "Mozilla/5.0 (Windows NT 6.3; Win64; x64) AppleWebKit/537.36 (KHTML, like Gecko) Chrome/60.0.3112.113 Safari/537.36"
173.160.174.153 - - [20/Sep/2017:08:02:34 -0700] "POST /jsrpc.php?sid=374ae6359a772912&type=9&method=screen.get×tamp=1505919754152&mode=0&screenid=20&groupid=&hostid=&pageFile=screens.php&profileIdx=web.screens&profileIdx2=20&updateProfile=true&screenitemid=102&period=21600&stime=20180919120941 HTTP/1.1" 200 75363 "https://zabbix.npinfo.com/screens.php?elementid=20" "Mozilla/5.0 (Windows NT 10.0; Win64; x64) AppleWebKit/537.36 (KHTML, like Gecko) Chrome/60.0.3112.113 Safari/537.36"
173.160.174.153 - - [20/Sep/2017:08:02:41 -0700] "POST /jsrpc.php?output=json-rpc HTTP/1.1" 200 66 "https://zabbix.npinfo.com/screens.php?ddreset=1" "Mozilla/5.0 (Windows NT 10.0; Win64; x64) AppleWebKit/537.36 (KHTML, like Gecko) Chrome/60.0.3112.101 Safari/537.36"
173.160.174.153 - - [20/Sep/2017:08:02:42 -0700] "POST /jsrpc.php?output=json-rpc HTTP/1.1" 200 65 "https://zabbix.npinfo.com/screens.php?elementid=20" "Mozilla/5.0 (Windows NT 10.0; Win64; x64) AppleWebKit/537.36 (KHTML, like Gecko) Chrome/60.0.3112.113 Safari/537.36"
173.160.174.153 - - [20/Sep/2017:08:02:42 -0700] "POST /jsrpc.php?sid=396ce852eb16537b&type=9&method=screen.get×tamp=1505919762102&mode=0&screenid=20&groupid=&hostid=&pageFile=screens.php&profileIdx=web.screens&profileIdx2=20&updateProfile=true&screenitemid=102&period=60&stime=20180920063054 HTTP/1.1" 200 75363 "https://zabbix.npinfo.com/screens.php" "Mozilla/5.0 (Windows NT 10.0; Win64; x64) AppleWebKit/537.36 (KHTML, like Gecko) Chrome/60.0.3112.113 Safari/537.36"
173.160.174.153 - - [20/Sep/2017:08:02:42 -0700] "GET /chart.php?itemids%5B%5D=89284&=&width=1750&height=100&period=21600&stime=20180918075326&updateProfile=1&profileIdx=web.screens&profileIdx2=20&sid=c2e332a5d9437331&screenid=20&curtime=1505919762806 HTTP/1.1" 200 28881 "https://zabbix.npinfo.com/screens.php?ddreset=1" "Mozilla/5.0 (Windows NT 10.0; Win64; x64) AppleWebKit/537.36 (KHTML, like Gecko) Chrome/60.0.3112.101 Safari/537.36"
173.160.174.153 - - [20/Sep/2017:08:02:43 -0700] "POST /jsrpc.php?output=json-rpc HTTP/1.1" 200 64 "https://zabbix.npinfo.com/screens.php" "Mozilla/5.0 (Windows NT 10.0; Win64; x64) AppleWebKit/537.36 (KHTML, like Gecko) Chrome/60.0.3112.113 Safari/537.36"
173.160.174.153 - - [20/Sep/2017:08:02:43 -0700] "GET /chart.php?itemids%5B%5D=89284&=&width=1750&height=100&period=60&stime=20180920063054&updateProfile=1&profileIdx=web.screens&profileIdx2=20&sid=396ce852eb16537b&screenid=20&curtime=1505919763113 HTTP/1.1" 200 21605 "https://zabbix.npinfo.com/screens.php" "Mozilla/5.0 (Windows NT 10.0; Win64; x64) AppleWebKit/537.36 (KHTML, like Gecko) Chrome/60.0.3112.113 Safari/537.36"
173.160.174.153 - - [20/Sep/2017:08:02:43 -0700] "GET /chart.php?itemids%5B%5D=89290&=&width=1750&height=100&period=60&stime=20180920063054&updateProfile=1&profileIdx=web.screens&profileIdx2=20&sid=396ce852eb16537b&screenid=20&curtime=1505919763115 HTTP/1.1" 200 21283 "https://zabbix.npinfo.com/screens.php" "Mozilla/5.0 (Windows NT 10.0; Win64; x64) AppleWebKit/537.36 (KHTML, like Gecko) Chrome/60.0.3112.113 Safari/537.36"
173.160.174.153 - - [20/Sep/2017:08:02:43 -0700] "POST /jsrpc.php?output=json-rpc HTTP/1.1" 200 66 "https://zabbix.npinfo.com/screens.php?ddreset=1" "Mozilla/5.0 (Windows NT 10.0; Win64; x64) AppleWebKit/537.36 (KHTML, like Gecko) Chrome/60.0.3112.113 Safari/537.36"
209.180.207.160 - - [20/Sep/2017:08:02:44 -0700] "POST /jsrpc.php?output=json-rpc HTTP/1.1" 200 66 "https://zabbix.npinfo.com/zabbix.php?action=dashboard.view&ddreset=1&fullscreen=1" "Mozilla/5.0 (Windows NT 6.3; Win64; x64) AppleWebKit/537.36 (KHTML, like Gecko) Chrome/60.0.3112.113 Safari/537.36"
173.160.174.153 - - [20/Sep/2017:08:02:44 -0700] "GET /chart.php?itemids%5B%5D=89290&=&width=1750&height=100&period=21600&stime=20180918075326&updateProfile=1&profileIdx=web.screens&profileIdx2=20&sid=c2e332a5d9437331&screenid=20&curtime=1505919764806 HTTP/1.1" 200 30512 "https://zabbix.npinfo.com/screens.php?ddreset=1" "Mozilla/5.0 (Windows NT 10.0; Win64; x64) AppleWebKit/537.36 (KHTML, like Gecko) Chrome/60.0.3112.101 Safari/537.36"
173.160.174.153 - - [20/Sep/2017:08:02:45 -0700] "GET /chart.php?itemids%5B%5D=89284&=&width=1750&height=100&period=21600&stime=20180913033654&updateProfile=1&profileIdx=web.screens&profileIdx2=20&sid=16abea0203ed0b2f&screenid=20&curtime=1505919763739 HTTP/1.1" 200 28699 "https://zabbix.npinfo.com/screens.php?ddreset=1" "Mozilla/5.0 (Windows NT 10.0; Win64; x64) AppleWebKit/537.36 (KHTML, like Gecko) Chrome/60.0.3112.113 Safari/537.36"
173.160.174.153 - - [20/Sep/2017:08:02:45 -0700] "POST /jsrpc.php?sid=c2e332a5d9437331&type=9&method=screen.get×tamp=1505919765802&mode=0&screenid=20&groupid=&hostid=&pageFile=screens.php&profileIdx=web.screens&profileIdx2=20&updateProfile=true&screenitemid=102&period=21600&stime=20180918075326 HTTP/1.1" 200 75385 "https://zabbix.npinfo.com/screens.php?ddreset=1" "Mozilla/5.0 (Windows NT 10.0; Win64; x64) AppleWebKit/537.36 (KHTML, like Gecko) Chrome/60.0.3112.101 Safari/537.36"
173.160.174.153 - - [20/Sep/2017:08:02:46 -0700] "GET /chart.php?itemids%5B%5D=89290&=&width=1750&height=100&period=21600&stime=20180919120941&updateProfile=1&profileIdx=web.screens&profileIdx2=20&sid=374ae6359a772912&screenid=20&curtime=1505919766044 HTTP/1.1" 200 30391 "https://zabbix.npinfo.com/screens.php?elementid=20" "Mozilla/5.0 (Windows NT 10.0; Win64; x64) AppleWebKit/537.36 (KHTML, like Gecko) Chrome/60.0.3112.113 Safari/537.36"
173.160.174.153 - - [20/Sep/2017:08:02:51 -0700] "GET /chart.php?itemids%5B%5D=89290&=&width=1750&height=100&period=21600&stime=20180913033654&updateProfile=1&profileIdx=web.screens&profileIdx2=20&sid=16abea0203ed0b2f&screenid=20&curtime=1505919769714 HTTP/1.1" 200 27802 "https://zabbix.npinfo.com/screens.php?ddreset=1" "Mozilla/5.0 (Windows NT 10.0; Win64; x64) AppleWebKit/537.36 (KHTML, like Gecko) Chrome/60.0.3112.113 Safari/537.36"
173.160.174.153 - - [20/Sep/2017:08:02:52 -0700] "POST /jsrpc.php?output=json-rpc HTTP/1.1" 200 65 "https://zabbix.npinfo.com/screens.php?elementid=20" "Mozilla/5.0 (Windows NT 10.0; Win64; x64) AppleWebKit/537.36 (KHTML, like Gecko) Chrome/60.0.3112.113 Safari/537.36"
173.160.174.153 - - [20/Sep/2017:08:02:52 -0700] "POST /jsrpc.php?output=json-rpc HTTP/1.1" 200 66 "https://zabbix.npinfo.com/screens.php?ddreset=1" "Mozilla/5.0 (Windows NT 10.0; Win64; x64) AppleWebKit/537.36 (KHTML, like Gecko) Chrome/60.0.3112.101 Safari/537.36"
173.160.174.153 - - [20/Sep/2017:08:02:53 -0700] "POST /jsrpc.php?output=json-rpc HTTP/1.1" 200 66 "https://zabbix.npinfo.com/screens.php?ddreset=1" "Mozilla/5.0 (Windows NT 10.0; Win64; x64) AppleWebKit/537.36 (KHTML, like Gecko) Chrome/60.0.3112.113 Safari/537.36"
173.160.174.153 - - [20/Sep/2017:08:02:54 -0700] "POST /jsrpc.php?output=json-rpc HTTP/1.1" 200 64 "https://zabbix.npinfo.com/screens.php" "Mozilla/5.0 (Windows NT 10.0; Win64; x64) AppleWebKit/537.36 (KHTML, like Gecko) Chrome/60.0.3112.113 Safari/537.36"
209.180.207.160 - - [20/Sep/2017:08:02:54 -0700] "POST /jsrpc.php?output=json-rpc HTTP/1.1" 200 66 "https://zabbix.npinfo.com/zabbix.php?action=dashboard.view&ddreset=1&fullscreen=1" "Mozilla/5.0 (Windows NT 6.3; Win64; x64) AppleWebKit/537.36 (KHTML, like Gecko) Chrome/60.0.3112.113 Safari/537.36"
173.160.174.153 - - [20/Sep/2017:08:02:55 -0700] "POST /jsrpc.php?output=json-rpc HTTP/1.1" 200 38 "https://zabbix.npinfo.com/screens.php" "Mozilla/5.0 (Windows NT 10.0; Win64; x64) AppleWebKit/537.36 (KHTML, like Gecko) Chrome/60.0.3112.113 Safari/537.36"
173.160.174.153 - - [20/Sep/2017:08:02:55 -0700] "GET /chart.php?itemids%5B%5D=89284&=&width=1750&height=100&period=21600&stime=20180919120941&updateProfile=1&profileIdx=web.screens&profileIdx2=20&sid=374ae6359a772912&screenid=20&curtime=1505919774998 HTTP/1.1" 200 29047 "https://zabbix.npinfo.com/screens.php?elementid=20" "Mozilla/5.0 (Windows NT 10.0; Win64; x64) AppleWebKit/537.36 (KHTML, like Gecko) Chrome/60.0.3112.113 Safari/537.36"
173.160.174.153 - - [20/Sep/2017:08:03:02 -0700] "POST /jsrpc.php?output=json-rpc HTTP/1.1" 200 65 "https://zabbix.npinfo.com/screens.php?elementid=20" "Mozilla/5.0 (Windows NT 10.0; Win64; x64) AppleWebKit/537.36 (KHTML, like Gecko) Chrome/60.0.3112.113 Safari/537.36"
173.160.174.153 - - [20/Sep/2017:08:03:03 -0700] "POST /jsrpc.php?sid=396ce852eb16537b&type=9&method=screen.get×tamp=1505919783102&mode=0&screenid=20&groupid=&hostid=&pageFile=screens.php&profileIdx=web.screens&profileIdx2=20&updateProfile=true&screenitemid=102&period=60&stime=20180920063054 HTTP/1.1" 200 75381 "https://zabbix.npinfo.com/screens.php" "Mozilla/5.0 (Windows NT 10.0; Win64; x64) AppleWebKit/537.36 (KHTML, like Gecko) Chrome/60.0.3112.113 Safari/537.36"
173.160.174.153 - - [20/Sep/2017:08:03:03 -0700] "POST /jsrpc.php?sid=16abea0203ed0b2f&type=9&method=screen.get×tamp=1505919781944&mode=0&screenid=20&groupid=&hostid=&pageFile=screens.php&profileIdx=web.screens&profileIdx2=20&updateProfile=true&screenitemid=102&period=21600&stime=20180913033654 HTTP/1.1" 200 75381 "https://zabbix.npinfo.com/screens.php?ddreset=1" "Mozilla/5.0 (Windows NT 10.0; Win64; x64) AppleWebKit/537.36 (KHTML, like Gecko) Chrome/60.0.3112.113 Safari/537.36"
173.160.174.153 - - [20/Sep/2017:08:03:03 -0700] "POST /jsrpc.php?output=json-rpc HTTP/1.1" 200 66 "https://zabbix.npinfo.com/screens.php?ddreset=1" "Mozilla/5.0 (Windows NT 10.0; Win64; x64) AppleWebKit/537.36 (KHTML, like Gecko) Chrome/60.0.3112.113 Safari/537.36"
173.160.174.153 - - [20/Sep/2017:08:03:03 -0700] "POST /jsrpc.php?output=json-rpc HTTP/1.1" 200 66 "https://zabbix.npinfo.com/screens.php?ddreset=1" "Mozilla/5.0 (Windows NT 10.0; Win64; x64) AppleWebKit/537.36 (KHTML, like Gecko) Chrome/60.0.3112.101 Safari/537.36"
209.180.207.160 - - [20/Sep/2017:08:03:04 -0700] "POST /jsrpc.php?output=json-rpc HTTP/1.1" 200 66 "https://zabbix.npinfo.com/zabbix.php?action=dashboard.view&ddreset=1&fullscreen=1" "Mozilla/5.0 (Windows NT 6.3; Win64; x64) AppleWebKit/537.36 (KHTML, like Gecko) Chrome/60.0.3112.113 Safari/537.36"
173.160.174.153 - - [20/Sep/2017:08:03:04 -0700] "GET /chart.php?itemids%5B%5D=89284&=&width=1750&height=100&period=60&stime=20180920063054&updateProfile=1&profileIdx=web.screens&profileIdx2=20&sid=396ce852eb16537b&screenid=20&curtime=1505919784104 HTTP/1.1" 200 21406 "https://zabbix.npinfo.com/screens.php" "Mozilla/5.0 (Windows NT 10.0; Win64; x64) AppleWebKit/537.36 (KHTML, like Gecko) Chrome/60.0.3112.113 Safari/537.36"
173.160.174.153 - - [20/Sep/2017:08:03:04 -0700] "GET /chart.php?itemids%5B%5D=89290&=&width=1750&height=100&period=60&stime=20180920063054&updateProfile=1&profileIdx=web.screens&profileIdx2=20&sid=396ce852eb16537b&screenid=20&curtime=1505919784106 HTTP/1.1" 200 21027 "https://zabbix.npinfo.com/screens.php" "Mozilla/5.0 (Windows NT 10.0; Win64; x64) AppleWebKit/537.36 (KHTML, like Gecko) Chrome/60.0.3112.113 Safari/537.36"
173.160.174.153 - - [20/Sep/2017:08:03:04 -0700] "POST /jsrpc.php?sid=374ae6359a772912&type=9&method=screen.get×tamp=1505919784155&mode=0&screenid=20&groupid=&hostid=&pageFile=screens.php&profileIdx=web.screens&profileIdx2=20&updateProfile=true&screenitemid=102&period=21600&stime=20180919120941 HTTP/1.1" 200 75381 "https://zabbix.npinfo.com/screens.php?elementid=20" "Mozilla/5.0 (Windows NT 10.0; Win64; x64) AppleWebKit/537.36 (KHTML, like Gecko) Chrome/60.0.3112.113 Safari/537.36"
173.160.174.153 - - [20/Sep/2017:08:03:05 -0700] "POST /jsrpc.php?output=json-rpc HTTP/1.1" 200 64 "https://zabbix.npinfo.com/screens.php" "Mozilla/5.0 (Windows NT 10.0; Win64; x64) AppleWebKit/537.36 (KHTML, like Gecko) Chrome/60.0.3112.113 Safari/537.36"
209.180.207.160 - - [20/Sep/2017:08:03:05 -0700] "POST /zabbix.php?action=widget.discovery.view&sid=44299d61df12800d&upd_counter=5697&pmasterid=dashboard HTTP/1.1" 200 416 "https://zabbix.npinfo.com/zabbix.php?action=dashboard.view&ddreset=1&fullscreen=1" "Mozilla/5.0 (Windows NT 6.3; Win64; x64) AppleWebKit/537.36 (KHTML, like Gecko) Chrome/60.0.3112.113 Safari/537.36"
209.180.207.160 - - [20/Sep/2017:08:03:05 -0700] "POST /zabbix.php?action=widget.web.view&sid=44299d61df12800d&upd_counter=5697&pmasterid=dashboard HTTP/1.1" 200 674 "https://zabbix.npinfo.com/zabbix.php?action=dashboard.view&ddreset=1&fullscreen=1" "Mozilla/5.0 (Windows NT 6.3; Win64; x64) AppleWebKit/537.36 (KHTML, like Gecko) Chrome/60.0.3112.113 Safari/537.36"
209.180.207.160 - - [20/Sep/2017:08:03:05 -0700] "POST /zabbix.php?action=widget.issues.view&sid=44299d61df12800d&upd_counter=5697&pmasterid=dashboard HTTP/1.1" 200 19248 "https://zabbix.npinfo.com/zabbix.php?action=dashboard.view&ddreset=1&fullscreen=1" "Mozilla/5.0 (Windows NT 6.3; Win64; x64) AppleWebKit/537.36 (KHTML, like Gecko) Chrome/60.0.3112.113 Safari/537.36"
209.180.207.160 - - [20/Sep/2017:08:03:05 -0700] "POST /zabbix.php?action=widget.hosts.view&sid=44299d61df12800d&upd_counter=5697&pmasterid=dashboard HTTP/1.1" 200 38332 "https://zabbix.npinfo.com/zabbix.php?action=dashboard.view&ddreset=1&fullscreen=1" "Mozilla/5.0 (Windows NT 6.3; Win64; x64) AppleWebKit/537.36 (KHTML, like Gecko) Chrome/60.0.3112.113 Safari/537.36"
209.180.207.160 - - [20/Sep/2017:08:03:05 -0700] "POST /zabbix.php?action=widget.system.view&sid=44299d61df12800d&upd_counter=5697&pmasterid=dashboard HTTP/1.1" 200 60633 "https://zabbix.npinfo.com/zabbix.php?action=dashboard.view&ddreset=1&fullscreen=1" "Mozilla/5.0 (Windows NT 6.3; Win64; x64) AppleWebKit/537.36 (KHTML, like Gecko) Chrome/60.0.3112.113 Safari/537.36"
209.180.207.160 - - [20/Sep/2017:08:03:05 -0700] "POST /zabbix.php?action=widget.status.view&sid=44299d61df12800d&upd_counter=5697&pmasterid=dashboard HTTP/1.1" 200 1304 "https://zabbix.npinfo.com/zabbix.php?action=dashboard.view&ddreset=1&fullscreen=1" "Mozilla/5.0 (Windows NT 6.3; Win64; x64) AppleWebKit/537.36 (KHTML, like Gecko) Chrome/60.0.3112.113 Safari/537.36"
173.160.174.153 - - [20/Sep/2017:08:03:12 -0700] "POST /jsrpc.php?output=json-rpc HTTP/1.1" 200 65 "https://zabbix.npinfo.com/screens.php?elementid=20" "Mozilla/5.0 (Windows NT 10.0; Win64; x64) AppleWebKit/537.36 (KHTML, like Gecko) Chrome/60.0.3112.113 Safari/537.36"
173.160.174.153 - - [20/Sep/2017:08:03:13 -0700] "POST /jsrpc.php?output=json-rpc HTTP/1.1" 200 66 "https://zabbix.npinfo.com/screens.php?ddreset=1" "Mozilla/5.0 (Windows NT 10.0; Win64; x64) AppleWebKit/537.36 (KHTML, like Gecko) Chrome/60.0.3112.113 Safari/537.36"
209.180.207.160 - - [20/Sep/2017:08:03:14 -0700] "POST /jsrpc.php?output=json-rpc HTTP/1.1" 200 66 "https://zabbix.npinfo.com/zabbix.php?action=dashboard.view&ddreset=1&fullscreen=1" "Mozilla/5.0 (Windows NT 6.3; Win64; x64) AppleWebKit/537.36 (KHTML, like Gecko) Chrome/60.0.3112.113 Safari/537.36"
173.160.174.153 - - [20/Sep/2017:08:03:13 -0700] "GET /chart.php?itemids%5B%5D=89284&=&width=1750&height=100&period=21600&stime=20180918075326&updateProfile=1&profileIdx=web.screens&profileIdx2=20&sid=c2e332a5d9437331&screenid=20&curtime=1505919793803 HTTP/1.1" 200 28768 "https://zabbix.npinfo.com/screens.php?ddreset=1" "Mozilla/5.0 (Windows NT 10.0; Win64; x64) AppleWebKit/537.36 (KHTML, like Gecko) Chrome/60.0.3112.101 Safari/537.36"
173.160.174.153 - - [20/Sep/2017:08:03:14 -0700] "POST /jsrpc.php?output=json-rpc HTTP/1.1" 200 66 "https://zabbix.npinfo.com/screens.php?ddreset=1" "Mozilla/5.0 (Windows NT 10.0; Win64; x64) AppleWebKit/537.36 (KHTML, like Gecko) Chrome/60.0.3112.101 Safari/537.36"
173.160.174.153 - - [20/Sep/2017:08:03:14 -0700] "GET /chart.php?itemids%5B%5D=89290&=&width=1750&height=100&period=21600&stime=20180918075326&updateProfile=1&profileIdx=web.screens&profileIdx2=20&sid=c2e332a5d9437331&screenid=20&curtime=1505919794818 HTTP/1.1" 200 27429 "https://zabbix.npinfo.com/screens.php?ddreset=1" "Mozilla/5.0 (Windows NT 10.0; Win64; x64) AppleWebKit/537.36 (KHTML, like Gecko) Chrome/60.0.3112.101 Safari/537.36"
173.160.174.153 - - [20/Sep/2017:08:03:15 -0700] "GET /chart.php?itemids%5B%5D=89284&=&width=1750&height=100&period=21600&stime=20180913033654&updateProfile=1&profileIdx=web.screens&profileIdx2=20&sid=16abea0203ed0b2f&screenid=20&curtime=1505919793742 HTTP/1.1" 200 28782 "https://zabbix.npinfo.com/screens.php?ddreset=1" "Mozilla/5.0 (Windows NT 10.0; Win64; x64) AppleWebKit/537.36 (KHTML, like Gecko) Chrome/60.0.3112.113 Safari/537.36"
173.160.174.153 - - [20/Sep/2017:08:03:16 -0700] "POST /jsrpc.php?output=json-rpc HTTP/1.1" 200 64 "https://zabbix.npinfo.com/screens.php" "Mozilla/5.0 (Windows NT 10.0; Win64; x64) AppleWebKit/537.36 (KHTML, like Gecko) Chrome/60.0.3112.113 Safari/537.36"
173.160.174.153 - - [20/Sep/2017:08:03:16 -0700] "GET /chart.php?itemids%5B%5D=89290&=&width=1750&height=100&period=21600&stime=20180919120941&updateProfile=1&profileIdx=web.screens&profileIdx2=20&sid=374ae6359a772912&screenid=20&curtime=1505919796048 HTTP/1.1" 200 27378 "https://zabbix.npinfo.com/screens.php?elementid=20" "Mozilla/5.0 (Windows NT 10.0; Win64; x64) AppleWebKit/537.36 (KHTML, like Gecko) Chrome/60.0.3112.113 Safari/537.36"
173.160.174.153 - - [20/Sep/2017:08:03:16 -0700] "POST /jsrpc.php?sid=c2e332a5d9437331&type=9&method=screen.get×tamp=1505919796812&mode=0&screenid=20&groupid=&hostid=&pageFile=screens.php&profileIdx=web.screens&profileIdx2=20&updateProfile=true&screenitemid=102&period=21600&stime=20180918075326 HTTP/1.1" 200 75385 "https://zabbix.npinfo.com/screens.php?ddreset=1" "Mozilla/5.0 (Windows NT 10.0; Win64; x64) AppleWebKit/537.36 (KHTML, like Gecko) Chrome/60.0.3112.101 Safari/537.36"
173.160.174.153 - - [20/Sep/2017:08:03:21 -0700] "GET /chart.php?itemids%5B%5D=89290&=&width=1750&height=100&period=21600&stime=20180913033654&updateProfile=1&profileIdx=web.screens&profileIdx2=20&sid=16abea0203ed0b2f&screenid=20&curtime=1505919799716 HTTP/1.1" 200 27509 "https://zabbix.npinfo.com/screens.php?ddreset=1" "Mozilla/5.0 (Windows NT 10.0; Win64; x64) AppleWebKit/537.36 (KHTML, like Gecko) Chrome/60.0.3112.113 Safari/537.36"
173.160.174.153 - - [20/Sep/2017:08:03:22 -0700] "POST /jsrpc.php?output=json-rpc HTTP/1.1" 200 65 "https://zabbix.npinfo.com/screens.php?elementid=20" "Mozilla/5.0 (Windows NT 10.0; Win64; x64) AppleWebKit/537.36 (KHTML, like Gecko) Chrome/60.0.3112.113 Safari/537.36"
173.160.174.153 - - [20/Sep/2017:08:03:23 -0700] "POST /jsrpc.php?output=json-rpc HTTP/1.1" 200 66 "https://zabbix.npinfo.com/screens.php?ddreset=1" "Mozilla/5.0 (Windows NT 10.0; Win64; x64) AppleWebKit/537.36 (KHTML, like Gecko) Chrome/60.0.3112.113 Safari/537.36"
209.180.207.160 - - [20/Sep/2017:08:03:24 -0700] "POST /jsrpc.php?output=json-rpc HTTP/1.1" 200 66 "https://zabbix.npinfo.com/zabbix.php?action=dashboard.view&ddreset=1&fullscreen=1" "Mozilla/5.0 (Windows NT 6.3; Win64; x64) AppleWebKit/537.36 (KHTML, like Gecko) Chrome/60.0.3112.113 Safari/537.36"
173.160.174.153 - - [20/Sep/2017:08:03:24 -0700] "POST /jsrpc.php?sid=396ce852eb16537b&type=9&method=screen.get×tamp=1505919804103&mode=0&screenid=20&groupid=&hostid=&pageFile=screens.php&profileIdx=web.screens&profileIdx2=20&updateProfile=true&screenitemid=102&period=60&stime=20180920063054 HTTP/1.1" 200 75385 "https://zabbix.npinfo.com/screens.php" "Mozilla/5.0 (Windows NT 10.0; Win64; x64) AppleWebKit/537.36 (KHTML, like Gecko) Chrome/60.0.3112.113 Safari/537.36"
173.160.174.153 - - [20/Sep/2017:08:03:24 -0700] "POST /jsrpc.php?output=json-rpc HTTP/1.1" 200 66 "https://zabbix.npinfo.com/screens.php?ddreset=1" "Mozilla/5.0 (Windows NT 10.0; Win64; x64) AppleWebKit/537.36 (KHTML, like Gecko) Chrome/60.0.3112.101 Safari/537.36"
173.160.174.153 - - [20/Sep/2017:08:03:25 -0700] "GET /chart.php?itemids%5B%5D=89290&=&width=1750&height=100&period=60&stime=20180920063054&updateProfile=1&profileIdx=web.screens&profileIdx2=20&sid=396ce852eb16537b&screenid=20&curtime=1505919805106 HTTP/1.1" 200 20988 "https://zabbix.npinfo.com/screens.php" "Mozilla/5.0 (Windows NT 10.0; Win64; x64) AppleWebKit/537.36 (KHTML, like Gecko) Chrome/60.0.3112.113 Safari/537.36"
173.160.174.153 - - [20/Sep/2017:08:03:25 -0700] "GET /chart.php?itemids%5B%5D=89284&=&width=1750&height=100&period=21600&stime=20180919120941&updateProfile=1&profileIdx=web.screens&profileIdx2=20&sid=374ae6359a772912&screenid=20&curtime=1505919805002 HTTP/1.1" 200 28797 "https://zabbix.npinfo.com/screens.php?elementid=20" "Mozilla/5.0 (Windows NT 10.0; Win64; x64) AppleWebKit/537.36 (KHTML, like Gecko) Chrome/60.0.3112.113 Safari/537.36"
173.160.174.153 - - [20/Sep/2017:08:03:25 -0700] "GET /chart.php?itemids%5B%5D=89284&=&width=1750&height=100&period=60&stime=20180920063054&updateProfile=1&profileIdx=web.screens&profileIdx2=20&sid=396ce852eb16537b&screenid=20&curtime=1505919805104 HTTP/1.1" 200 21492 "https://zabbix.npinfo.com/screens.php" "Mozilla/5.0 (Windows NT 10.0; Win64; x64) AppleWebKit/537.36 (KHTML, like Gecko) Chrome/60.0.3112.113 Safari/537.36"
173.160.174.153 - - [20/Sep/2017:08:03:27 -0700] "POST /jsrpc.php?output=json-rpc HTTP/1.1" 200 64 "https://zabbix.npinfo.com/screens.php" "Mozilla/5.0 (Windows NT 10.0; Win64; x64) AppleWebKit/537.36 (KHTML, like Gecko) Chrome/60.0.3112.113 Safari/537.36"
173.160.174.153 - - [20/Sep/2017:08:03:32 -0700] "POST /jsrpc.php?output=json-rpc HTTP/1.1" 200 65 "https://zabbix.npinfo.com/screens.php?elementid=20" "Mozilla/5.0 (Windows NT 10.0; Win64; x64) AppleWebKit/537.36 (KHTML, like Gecko) Chrome/60.0.3112.113 Safari/537.36"
173.160.174.153 - - [20/Sep/2017:08:03:33 -0700] "POST /jsrpc.php?sid=16abea0203ed0b2f&type=9&method=screen.get×tamp=1505919811946&mode=0&screenid=20&groupid=&hostid=&pageFile=screens.php&profileIdx=web.screens&profileIdx2=20&updateProfile=true&screenitemid=102&period=21600&stime=20180913033654 HTTP/1.1" 200 75297 "https://zabbix.npinfo.com/screens.php?ddreset=1" "Mozilla/5.0 (Windows NT 10.0; Win64; x64) AppleWebKit/537.36 (KHTML, like Gecko) Chrome/60.0.3112.113 Safari/537.36"
173.160.174.153 - - [20/Sep/2017:08:03:33 -0700] "POST /jsrpc.php?output=json-rpc HTTP/1.1" 200 66 "https://zabbix.npinfo.com/screens.php?ddreset=1" "Mozilla/5.0 (Windows NT 10.0; Win64; x64) AppleWebKit/537.36 (KHTML, like Gecko) Chrome/60.0.3112.113 Safari/537.36"
209.180.207.160 - - [20/Sep/2017:08:03:34 -0700] "POST /jsrpc.php?output=json-rpc HTTP/1.1" 200 66 "https://zabbix.npinfo.com/zabbix.php?action=dashboard.view&ddreset=1&fullscreen=1" "Mozilla/5.0 (Windows NT 6.3; Win64; x64) AppleWebKit/537.36 (KHTML, like Gecko) Chrome/60.0.3112.113 Safari/537.36"
173.160.174.153 - - [20/Sep/2017:08:03:34 -0700] "POST /jsrpc.php?sid=374ae6359a772912&type=9&method=screen.get×tamp=1505919814157&mode=0&screenid=20&groupid=&hostid=&pageFile=screens.php&profileIdx=web.screens&profileIdx2=20&updateProfile=true&screenitemid=102&period=21600&stime=20180919120941 HTTP/1.1" 200 75363 "https://zabbix.npinfo.com/screens.php?elementid=20" "Mozilla/5.0 (Windows NT 10.0; Win64; x64) AppleWebKit/537.36 (KHTML, like Gecko) Chrome/60.0.3112.113 Safari/537.36"
173.160.174.153 - - [20/Sep/2017:08:03:35 -0700] "POST /jsrpc.php?output=json-rpc HTTP/1.1" 200 66 "https://zabbix.npinfo.com/screens.php?ddreset=1" "Mozilla/5.0 (Windows NT 10.0; Win64; x64) AppleWebKit/537.36 (KHTML, like Gecko) Chrome/60.0.3112.101 Safari/537.36"
173.160.174.153 - - [20/Sep/2017:08:03:38 -0700] "POST /jsrpc.php?output=json-rpc HTTP/1.1" 200 64 "https://zabbix.npinfo.com/screens.php" "Mozilla/5.0 (Windows NT 10.0; Win64; x64) AppleWebKit/537.36 (KHTML, like Gecko) Chrome/60.0.3112.113 Safari/537.36"
173.160.174.153 - - [20/Sep/2017:08:03:42 -0700] "POST /jsrpc.php?output=json-rpc HTTP/1.1" 200 65 "https://zabbix.npinfo.com/screens.php?elementid=20" "Mozilla/5.0 (Windows NT 10.0; Win64; x64) AppleWebKit/537.36 (KHTML, like Gecko) Chrome/60.0.3112.113 Safari/537.36"
173.160.174.153 - - [20/Sep/2017:08:03:43 -0700] "POST /jsrpc.php?output=json-rpc HTTP/1.1" 200 66 "https://zabbix.npinfo.com/screens.php?ddreset=1" "Mozilla/5.0 (Windows NT 10.0; Win64; x64) AppleWebKit/537.36 (KHTML, like Gecko) Chrome/60.0.3112.113 Safari/537.36"
173.160.174.153 - - [20/Sep/2017:08:03:43 -0700] "GET /chart.php?itemids%5B%5D=89284&=&width=1750&height=100&period=21600&stime=20180918075326&updateProfile=1&profileIdx=web.screens&profileIdx2=20&sid=c2e332a5d9437331&screenid=20&curtime=1505919823804 HTTP/1.1" 200 28982 "https://zabbix.npinfo.com/screens.php?ddreset=1" "Mozilla/5.0 (Windows NT 10.0; Win64; x64) AppleWebKit/537.36 (KHTML, like Gecko) Chrome/60.0.3112.101 Safari/537.36"
209.180.207.160 - - [20/Sep/2017:08:03:44 -0700] "POST /jsrpc.php?output=json-rpc HTTP/1.1" 200 66 "https://zabbix.npinfo.com/zabbix.php?action=dashboard.view&ddreset=1&fullscreen=1" "Mozilla/5.0 (Windows NT 6.3; Win64; x64) AppleWebKit/537.36 (KHTML, like Gecko) Chrome/60.0.3112.113 Safari/537.36"
173.160.174.153 - - [20/Sep/2017:08:03:45 -0700] "GET /chart.php?itemids%5B%5D=89284&=&width=1750&height=100&period=21600&stime=20180913033654&updateProfile=1&profileIdx=web.screens&profileIdx2=20&sid=16abea0203ed0b2f&screenid=20&curtime=1505919823744 HTTP/1.1" 200 28905 "https://zabbix.npinfo.com/screens.php?ddreset=1" "Mozilla/5.0 (Windows NT 10.0; Win64; x64) AppleWebKit/537.36 (KHTML, like Gecko) Chrome/60.0.3112.113 Safari/537.36"
173.160.174.153 - - [20/Sep/2017:08:03:45 -0700] "POST /jsrpc.php?sid=396ce852eb16537b&type=9&method=screen.get×tamp=1505919825103&mode=0&screenid=20&groupid=&hostid=&pageFile=screens.php&profileIdx=web.screens&profileIdx2=20&updateProfile=true&screenitemid=102&period=60&stime=20180920063054 HTTP/1.1" 200 75385 "https://zabbix.npinfo.com/screens.php" "Mozilla/5.0 (Windows NT 10.0; Win64; x64) AppleWebKit/537.36 (KHTML, like Gecko) Chrome/60.0.3112.113 Safari/537.36"
173.160.174.153 - - [20/Sep/2017:08:03:45 -0700] "POST /jsrpc.php?output=json-rpc HTTP/1.1" 200 66 "https://zabbix.npinfo.com/screens.php?ddreset=1" "Mozilla/5.0 (Windows NT 10.0; Win64; x64) AppleWebKit/537.36 (KHTML, like Gecko) Chrome/60.0.3112.101 Safari/537.36"
173.160.174.153 - - [20/Sep/2017:08:03:45 -0700] "GET /chart.php?itemids%5B%5D=89290&=&width=1750&height=100&period=21600&stime=20180918075326&updateProfile=1&profileIdx=web.screens&profileIdx2=20&sid=c2e332a5d9437331&screenid=20&curtime=1505919825816 HTTP/1.1" 200 27730 "https://zabbix.npinfo.com/screens.php?ddreset=1" "Mozilla/5.0 (Windows NT 10.0; Win64; x64) AppleWebKit/537.36 (KHTML, like Gecko) Chrome/60.0.3112.101 Safari/537.36"
173.160.174.153 - - [20/Sep/2017:08:03:46 -0700] "GET /chart.php?itemids%5B%5D=89284&=&width=1750&height=100&period=60&stime=20180920063054&updateProfile=1&profileIdx=web.screens&profileIdx2=20&sid=396ce852eb16537b&screenid=20&curtime=1505919826103 HTTP/1.1" 200 21142 "https://zabbix.npinfo.com/screens.php" "Mozilla/5.0 (Windows NT 10.0; Win64; x64) AppleWebKit/537.36 (KHTML, like Gecko) Chrome/60.0.3112.113 Safari/537.36"
173.160.174.153 - - [20/Sep/2017:08:03:46 -0700] "GET /chart.php?itemids%5B%5D=89290&=&width=1750&height=100&period=60&stime=20180920063054&updateProfile=1&profileIdx=web.screens&profileIdx2=20&sid=396ce852eb16537b&screenid=20&curtime=1505919826105 HTTP/1.1" 200 21305 "https://zabbix.npinfo.com/screens.php" "Mozilla/5.0 (Windows NT 10.0; Win64; x64) AppleWebKit/537.36 (KHTML, like Gecko) Chrome/60.0.3112.113 Safari/537.36"
173.160.174.153 - - [20/Sep/2017:08:03:46 -0700] "GET /chart.php?itemids%5B%5D=89290&=&width=1750&height=100&period=21600&stime=20180919120941&updateProfile=1&profileIdx=web.screens&profileIdx2=20&sid=374ae6359a772912&screenid=20&curtime=1505919826049 HTTP/1.1" 200 28016 "https://zabbix.npinfo.com/screens.php?elementid=20" "Mozilla/5.0 (Windows NT 10.0; Win64; x64) AppleWebKit/537.36 (KHTML, like Gecko) Chrome/60.0.3112.113 Safari/537.36"
173.160.174.153 - - [20/Sep/2017:08:03:45 -0700] "GET /latest.php?ddreset=0 HTTP/1.1" 500 - "-" "Mozilla/5.0 (Windows NT 10.0; WOW64; rv:52.0) Gecko/20100101 Firefox/52.0"
173.160.174.153 - - [20/Sep/2017:08:03:47 -0700] "POST /jsrpc.php?sid=c2e332a5d9437331&type=9&method=screen.get×tamp=1505919827814&mode=0&screenid=20&groupid=&hostid=&pageFile=screens.php&profileIdx=web.screens&profileIdx2=20&updateProfile=true&screenitemid=102&period=21600&stime=20180918075326 HTTP/1.1" 200 75385 "https://zabbix.npinfo.com/screens.php?ddreset=1" "Mozilla/5.0 (Windows NT 10.0; Win64; x64) AppleWebKit/537.36 (KHTML, like Gecko) Chrome/60.0.3112.101 Safari/537.36"
173.160.174.153 - - [20/Sep/2017:08:03:49 -0700] "POST /jsrpc.php?output=json-rpc HTTP/1.1" 200 64 "https://zabbix.npinfo.com/screens.php" "Mozilla/5.0 (Windows NT 10.0; Win64; x64) AppleWebKit/537.36 (KHTML, like Gecko) Chrome/60.0.3112.113 Safari/537.36"
173.160.174.153 - - [20/Sep/2017:08:03:51 -0700] "GET /chart.php?itemids%5B%5D=89290&=&width=1750&height=100&period=21600&stime=20180913033654&updateProfile=1&profileIdx=web.screens&profileIdx2=20&sid=16abea0203ed0b2f&screenid=20&curtime=1505919829719 HTTP/1.1" 200 27603 "https://zabbix.npinfo.com/screens.php?ddreset=1" "Mozilla/5.0 (Windows NT 10.0; Win64; x64) AppleWebKit/537.36 (KHTML, like Gecko) Chrome/60.0.3112.113 Safari/537.36"
173.160.174.153 - - [20/Sep/2017:08:03:52 -0700] "POST /jsrpc.php?output=json-rpc HTTP/1.1" 200 65 "https://zabbix.npinfo.com/screens.php?elementid=20" "Mozilla/5.0 (Windows NT 10.0; Win64; x64) AppleWebKit/537.36 (KHTML, like Gecko) Chrome/60.0.3112.113 Safari/537.36"
173.160.174.153 - - [20/Sep/2017:08:03:53 -0700] "POST /jsrpc.php?output=json-rpc HTTP/1.1" 200 66 "https://zabbix.npinfo.com/screens.php?ddreset=1" "Mozilla/5.0 (Windows NT 10.0; Win64; x64) AppleWebKit/537.36 (KHTML, like Gecko) Chrome/60.0.3112.113 Safari/537.36"
209.180.207.160 - - [20/Sep/2017:08:03:54 -0700] "POST /jsrpc.php?output=json-rpc HTTP/1.1" 200 66 "https://zabbix.npinfo.com/zabbix.php?action=dashboard.view&ddreset=1&fullscreen=1" "Mozilla/5.0 (Windows NT 6.3; Win64; x64) AppleWebKit/537.36 (KHTML, like Gecko) Chrome/60.0.3112.113 Safari/537.36"
173.160.174.153 - - [20/Sep/2017:08:03:55 -0700] "POST /jsrpc.php?output=json-rpc HTTP/1.1" 200 38 "https://zabbix.npinfo.com/screens.php" "Mozilla/5.0 (Windows NT 10.0; Win64; x64) AppleWebKit/537.36 (KHTML, like Gecko) Chrome/60.0.3112.113 Safari/537.36"
173.160.174.153 - - [20/Sep/2017:08:03:55 -0700] "GET /chart.php?itemids%5B%5D=89284&=&width=1750&height=100&period=21600&stime=20180919120941&updateProfile=1&profileIdx=web.screens&profileIdx2=20&sid=374ae6359a772912&screenid=20&curtime=1505919835003 HTTP/1.1" 200 28924 "https://zabbix.npinfo.com/screens.php?elementid=20" "Mozilla/5.0 (Windows NT 10.0; Win64; x64) AppleWebKit/537.36 (KHTML, like Gecko) Chrome/60.0.3112.113 Safari/537.36"
173.160.174.153 - - [20/Sep/2017:08:03:56 -0700] "POST /jsrpc.php?output=json-rpc HTTP/1.1" 200 66 "https://zabbix.npinfo.com/screens.php?ddreset=1" "Mozilla/5.0 (Windows NT 10.0; Win64; x64) AppleWebKit/537.36 (KHTML, like Gecko) Chrome/60.0.3112.101 Safari/537.36"
173.160.174.153 - - [20/Sep/2017:08:03:56 -0700] "GET /latest.php?ddreset=1 HTTP/1.1" 500 - "-" "Mozilla/5.0 (Windows NT 10.0; WOW64; rv:52.0) Gecko/20100101 Firefox/52.0"
173.160.174.153 - - [20/Sep/2017:08:04:00 -0700] "POST /jsrpc.php?output=json-rpc HTTP/1.1" 200 64 "https://zabbix.npinfo.com/screens.php" "Mozilla/5.0 (Windows NT 10.0; Win64; x64) AppleWebKit/537.36 (KHTML, like Gecko) Chrome/60.0.3112.113 Safari/537.36"
173.160.174.153 - - [20/Sep/2017:08:04:02 -0700] "POST /jsrpc.php?output=json-rpc HTTP/1.1" 200 65 "https://zabbix.npinfo.com/screens.php?elementid=20" "Mozilla/5.0 (Windows NT 10.0; Win64; x64) AppleWebKit/537.36 (KHTML, like Gecko) Chrome/60.0.3112.113 Safari/537.36"
173.160.174.153 - - [20/Sep/2017:08:04:03 -0700] "POST /jsrpc.php?sid=16abea0203ed0b2f&type=9&method=screen.get×tamp=1505919841948&mode=0&screenid=20&groupid=&hostid=&pageFile=screens.php&profileIdx=web.screens&profileIdx2=20&updateProfile=true&screenitemid=102&period=21600&stime=20180913033654 HTTP/1.1" 200 75381 "https://zabbix.npinfo.com/screens.php?ddreset=1" "Mozilla/5.0 (Windows NT 10.0; Win64; x64) AppleWebKit/537.36 (KHTML, like Gecko) Chrome/60.0.3112.113 Safari/537.36"
173.160.174.153 - - [20/Sep/2017:08:04:03 -0700] "POST /jsrpc.php?output=json-rpc HTTP/1.1" 200 66 "https://zabbix.npinfo.com/screens.php?ddreset=1" "Mozilla/5.0 (Windows NT 10.0; Win64; x64) AppleWebKit/537.36 (KHTML, like Gecko) Chrome/60.0.3112.113 Safari/537.36"
209.180.207.160 - - [20/Sep/2017:08:04:04 -0700] "POST /jsrpc.php?output=json-rpc HTTP/1.1" 200 66 "https://zabbix.npinfo.com/zabbix.php?action=dashboard.view&ddreset=1&fullscreen=1" "Mozilla/5.0 (Windows NT 6.3; Win64; x64) AppleWebKit/537.36 (KHTML, like Gecko) Chrome/60.0.3112.113 Safari/537.36"
173.160.174.153 - - [20/Sep/2017:08:04:04 -0700] "POST /jsrpc.php?sid=374ae6359a772912&type=9&method=screen.get×tamp=1505919844161&mode=0&screenid=20&groupid=&hostid=&pageFile=screens.php&profileIdx=web.screens&profileIdx2=20&updateProfile=true&screenitemid=102&period=21600&stime=20180919120941 HTTP/1.1" 200 75381 "https://zabbix.npinfo.com/screens.php?elementid=20" "Mozilla/5.0 (Windows NT 10.0; Win64; x64) AppleWebKit/537.36 (KHTML, like Gecko) Chrome/60.0.3112.113 Safari/537.36"
209.180.207.160 - - [20/Sep/2017:08:04:05 -0700] "POST /zabbix.php?action=widget.discovery.view&sid=44299d61df12800d&upd_counter=5698&pmasterid=dashboard HTTP/1.1" 200 416 "https://zabbix.npinfo.com/zabbix.php?action=dashboard.view&ddreset=1&fullscreen=1" "Mozilla/5.0 (Windows NT 6.3; Win64; x64) AppleWebKit/537.36 (KHTML, like Gecko) Chrome/60.0.3112.113 Safari/537.36"
209.180.207.160 - - [20/Sep/2017:08:04:05 -0700] "POST /zabbix.php?action=widget.web.view&sid=44299d61df12800d&upd_counter=5698&pmasterid=dashboard HTTP/1.1" 200 674 "https://zabbix.npinfo.com/zabbix.php?action=dashboard.view&ddreset=1&fullscreen=1" "Mozilla/5.0 (Windows NT 6.3; Win64; x64) AppleWebKit/537.36 (KHTML, like Gecko) Chrome/60.0.3112.113 Safari/537.36"
209.180.207.160 - - [20/Sep/2017:08:04:05 -0700] "POST /zabbix.php?action=widget.issues.view&sid=44299d61df12800d&upd_counter=5698&pmasterid=dashboard HTTP/1.1" 200 19248 "https://zabbix.npinfo.com/zabbix.php?action=dashboard.view&ddreset=1&fullscreen=1" "Mozilla/5.0 (Windows NT 6.3; Win64; x64) AppleWebKit/537.36 (KHTML, like Gecko) Chrome/60.0.3112.113 Safari/537.36"
209.180.207.160 - - [20/Sep/2017:08:04:05 -0700] "POST /zabbix.php?action=widget.status.view&sid=44299d61df12800d&upd_counter=5698&pmasterid=dashboard HTTP/1.1" 200 1304 "https://zabbix.npinfo.com/zabbix.php?action=dashboard.view&ddreset=1&fullscreen=1" "Mozilla/5.0 (Windows NT 6.3; Win64; x64) AppleWebKit/537.36 (KHTML, like Gecko) Chrome/60.0.3112.113 Safari/537.36"
209.180.207.160 - - [20/Sep/2017:08:04:05 -0700] "POST /zabbix.php?action=widget.hosts.view&sid=44299d61df12800d&upd_counter=5698&pmasterid=dashboard HTTP/1.1" 200 38332 "https://zabbix.npinfo.com/zabbix.php?action=dashboard.view&ddreset=1&fullscreen=1" "Mozilla/5.0 (Windows NT 6.3; Win64; x64) AppleWebKit/537.36 (KHTML, like Gecko) Chrome/60.0.3112.113 Safari/537.36"
209.180.207.160 - - [20/Sep/2017:08:04:05 -0700] "POST /zabbix.php?action=widget.system.view&sid=44299d61df12800d&upd_counter=5698&pmasterid=dashboard HTTP/1.1" 200 60633 "https://zabbix.npinfo.com/zabbix.php?action=dashboard.view&ddreset=1&fullscreen=1" "Mozilla/5.0 (Windows NT 6.3; Win64; x64) AppleWebKit/537.36 (KHTML, like Gecko) Chrome/60.0.3112.113 Safari/537.36"
173.160.174.153 - - [20/Sep/2017:08:04:06 -0700] "POST /jsrpc.php?sid=396ce852eb16537b&type=9&method=screen.get×tamp=1505919846102&mode=0&screenid=20&groupid=&hostid=&pageFile=screens.php&profileIdx=web.screens&profileIdx2=20&updateProfile=true&screenitemid=102&period=60&stime=20180920063054 HTTP/1.1" 200 75381 "https://zabbix.npinfo.com/screens.php" "Mozilla/5.0 (Windows NT 10.0; Win64; x64) AppleWebKit/537.36 (KHTML, like Gecko) Chrome/60.0.3112.113 Safari/537.36"
173.160.174.153 - - [20/Sep/2017:08:04:05 -0700] "GET /latest.php?ddreset=1&sort=lastclock&sortorder=ASC HTTP/1.1" 500 - "-" "Mozilla/5.0 (Windows NT 10.0; WOW64; rv:52.0) Gecko/20100101 Firefox/52.0"
173.160.174.153 - - [20/Sep/2017:08:04:07 -0700] "GET /chart.php?itemids%5B%5D=89284&=&width=1750&height=100&period=60&stime=20180920063054&updateProfile=1&profileIdx=web.screens&profileIdx2=20&sid=396ce852eb16537b&screenid=20&curtime=1505919847103 HTTP/1.1" 200 21282 "https://zabbix.npinfo.com/screens.php" "Mozilla/5.0 (Windows NT 10.0; Win64; x64) AppleWebKit/537.36 (KHTML, like Gecko) Chrome/60.0.3112.113 Safari/537.36"
173.160.174.153 - - [20/Sep/2017:08:04:07 -0700] "GET /chart.php?itemids%5B%5D=89290&=&width=1750&height=100&period=60&stime=20180920063054&updateProfile=1&profileIdx=web.screens&profileIdx2=20&sid=396ce852eb16537b&screenid=20&curtime=1505919847105 HTTP/1.1" 200 20989 "https://zabbix.npinfo.com/screens.php" "Mozilla/5.0 (Windows NT 10.0; Win64; x64) AppleWebKit/537.36 (KHTML, like Gecko) Chrome/60.0.3112.113 Safari/537.36"
173.160.174.153 - - [20/Sep/2017:08:04:07 -0700] "POST /jsrpc.php?output=json-rpc HTTP/1.1" 200 66 "https://zabbix.npinfo.com/screens.php?ddreset=1" "Mozilla/5.0 (Windows NT 10.0; Win64; x64) AppleWebKit/537.36 (KHTML, like Gecko) Chrome/60.0.3112.101 Safari/537.36"
173.160.174.153 - - [20/Sep/2017:08:04:11 -0700] "POST /jsrpc.php?output=json-rpc HTTP/1.1" 200 64 "https://zabbix.npinfo.com/screens.php" "Mozilla/5.0 (Windows NT 10.0; Win64; x64) AppleWebKit/537.36 (KHTML, like Gecko) Chrome/60.0.3112.113 Safari/537.36"
173.160.174.153 - - [20/Sep/2017:08:04:12 -0700] "POST /jsrpc.php?output=json-rpc HTTP/1.1" 200 65 "https://zabbix.npinfo.com/screens.php?elementid=20" "Mozilla/5.0 (Windows NT 10.0; Win64; x64) AppleWebKit/537.36 (KHTML, like Gecko) Chrome/60.0.3112.113 Safari/537.36"
173.160.174.153 - - [20/Sep/2017:08:04:13 -0700] "POST /jsrpc.php?output=json-rpc HTTP/1.1" 200 66 "https://zabbix.npinfo.com/screens.php?ddreset=1" "Mozilla/5.0 (Windows NT 10.0; Win64; x64) AppleWebKit/537.36 (KHTML, like Gecko) Chrome/60.0.3112.113 Safari/537.36"
209.180.207.160 - - [20/Sep/2017:08:04:14 -0700] "POST /jsrpc.php?output=json-rpc HTTP/1.1" 200 66 "https://zabbix.npinfo.com/zabbix.php?action=dashboard.view&ddreset=1&fullscreen=1" "Mozilla/5.0 (Windows NT 6.3; Win64; x64) AppleWebKit/537.36 (KHTML, like Gecko) Chrome/60.0.3112.113 Safari/537.36"
173.160.174.153 - - [20/Sep/2017:08:04:14 -0700] "GET /chart.php?itemids%5B%5D=89284&=&width=1750&height=100&period=21600&stime=20180918075326&updateProfile=1&profileIdx=web.screens&profileIdx2=20&sid=c2e332a5d9437331&screenid=20&curtime=1505919854813 HTTP/1.1" 200 28975 "https://zabbix.npinfo.com/screens.php?ddreset=1" "Mozilla/5.0 (Windows NT 10.0; Win64; x64) AppleWebKit/537.36 (KHTML, like Gecko) Chrome/60.0.3112.101 Safari/537.36"
173.160.174.153 - - [20/Sep/2017:08:04:15 -0700] "GET /chart.php?itemids%5B%5D=89284&=&width=1750&height=100&period=21600&stime=20180913033654&updateProfile=1&profileIdx=web.screens&profileIdx2=20&sid=16abea0203ed0b2f&screenid=20&curtime=1505919853746 HTTP/1.1" 200 28920 "https://zabbix.npinfo.com/screens.php?ddreset=1" "Mozilla/5.0 (Windows NT 10.0; Win64; x64) AppleWebKit/537.36 (KHTML, like Gecko) Chrome/60.0.3112.113 Safari/537.36"
173.160.174.153 - - [20/Sep/2017:08:04:16 -0700] "GET /chart.php?itemids%5B%5D=89290&=&width=1750&height=100&period=21600&stime=20180919120941&updateProfile=1&profileIdx=web.screens&profileIdx2=20&sid=374ae6359a772912&screenid=20&curtime=1505919856052 HTTP/1.1" 200 27653 "https://zabbix.npinfo.com/screens.php?elementid=20" "Mozilla/5.0 (Windows NT 10.0; Win64; x64) AppleWebKit/537.36 (KHTML, like Gecko) Chrome/60.0.3112.113 Safari/537.36"
173.160.174.153 - - [20/Sep/2017:08:04:16 -0700] "GET / HTTP/1.1" 302 - "-" "Mozilla/5.0 (Windows NT 10.0; WOW64; rv:52.0) Gecko/20100101 Firefox/52.0"
173.160.174.153 - - [20/Sep/2017:08:04:16 -0700] "GET /zabbix.php?action=dashboard.view HTTP/1.1" 200 16122 "-" "Mozilla/5.0 (Windows NT 10.0; WOW64; rv:52.0) Gecko/20100101 Firefox/52.0"
173.160.174.153 - - [20/Sep/2017:08:04:16 -0700] "GET /chart.php?itemids%5B%5D=89290&=&width=1750&height=100&period=21600&stime=20180918075326&updateProfile=1&profileIdx=web.screens&profileIdx2=20&sid=c2e332a5d9437331&screenid=20&curtime=1505919856817 HTTP/1.1" 200 27694 "https://zabbix.npinfo.com/screens.php?ddreset=1" "Mozilla/5.0 (Windows NT 10.0; Win64; x64) AppleWebKit/537.36 (KHTML, like Gecko) Chrome/60.0.3112.101 Safari/537.36"
173.160.174.153 - - [20/Sep/2017:08:04:17 -0700] "GET /jsLoader.php?files[]=class.pmaster.js&files[]=servercheck.js HTTP/1.1" 304 - "https://zabbix.npinfo.com/zabbix.php?action=dashboard.view" "Mozilla/5.0 (Windows NT 10.0; WOW64; rv:52.0) Gecko/20100101 Firefox/52.0"
173.160.174.153 - - [20/Sep/2017:08:04:17 -0700] "GET /jsLoader.php?ver=3.2.2&lang=en_US&showGuiMessaging=1 HTTP/1.1" 304 - "https://zabbix.npinfo.com/zabbix.php?action=dashboard.view" "Mozilla/5.0 (Windows NT 10.0; WOW64; rv:52.0) Gecko/20100101 Firefox/52.0"
173.160.174.153 - - [20/Sep/2017:08:04:17 -0700] "POST /zabbix.php?action=widget.discovery.view&sid=f43e7f4ff9dd6281&upd_counter=0&pmasterid=dashboard HTTP/1.1" 200 416 "https://zabbix.npinfo.com/zabbix.php?action=dashboard.view" "Mozilla/5.0 (Windows NT 10.0; WOW64; rv:52.0) Gecko/20100101 Firefox/52.0"
173.160.174.153 - - [20/Sep/2017:08:04:17 -0700] "POST /zabbix.php?action=widget.web.view&sid=f43e7f4ff9dd6281&upd_counter=0&pmasterid=dashboard HTTP/1.1" 200 674 "https://zabbix.npinfo.com/zabbix.php?action=dashboard.view" "Mozilla/5.0 (Windows NT 10.0; WOW64; rv:52.0) Gecko/20100101 Firefox/52.0"
173.160.174.153 - - [20/Sep/2017:08:04:17 -0700] "POST /jsrpc.php?output=json-rpc HTTP/1.1" 200 66 "https://zabbix.npinfo.com/screens.php?ddreset=1" "Mozilla/5.0 (Windows NT 10.0; Win64; x64) AppleWebKit/537.36 (KHTML, like Gecko) Chrome/60.0.3112.101 Safari/537.36"
173.160.174.153 - - [20/Sep/2017:08:04:18 -0700] "POST /jsrpc.php?output=json-rpc HTTP/1.1" 200 376 "https://zabbix.npinfo.com/zabbix.php?action=dashboard.view" "Mozilla/5.0 (Windows NT 10.0; WOW64; rv:52.0) Gecko/20100101 Firefox/52.0"
