173.160.174.153 - - [20/Sep/2017:08:10:12 -0700] "POST /jsrpc.php?output=json-rpc HTTP/1.1" 200 65 "https://zabbix.npinfo.com/screens.php?elementid=20" "Mozilla/5.0 (Windows NT 10.0; Win64; x64) AppleWebKit/537.36 (KHTML, like Gecko) Chrome/60.0.3112.113 Safari/537.36"
173.160.174.153 - - [20/Sep/2017:08:10:12 -0700] "GET /img/icon-sprite.svg HTTP/1.1" 200 19188 "https://zabbix.npinfo.com/styles/dark-theme.css" "Mozilla/5.0 (Windows NT 10.0; Win64; x64) AppleWebKit/537.36 (KHTML, like Gecko) Chrome/60.0.3112.113 Safari/537.36"
173.160.174.153 - - [20/Sep/2017:08:10:12 -0700] "POST /jsrpc.php?output=json-rpc HTTP/1.1" 200 64 "https://zabbix.npinfo.com/screens.php" "Mozilla/5.0 (Windows NT 10.0; Win64; x64) AppleWebKit/537.36 (KHTML, like Gecko) Chrome/60.0.3112.113 Safari/537.36"
173.160.174.153 - - [20/Sep/2017:08:10:12 -0700] "GET /img/touch-icon-192x192.png HTTP/1.1" 200 1334 "https://zabbix.npinfo.com/latest.php?ddreset=1" "Mozilla/5.0 (Windows NT 10.0; Win64; x64) AppleWebKit/537.36 (KHTML, like Gecko) Chrome/60.0.3112.113 Safari/537.36"
173.160.174.153 - - [20/Sep/2017:08:10:12 -0700] "POST /jsrpc.php?output=json-rpc HTTP/1.1" 200 383 "https://zabbix.npinfo.com/latest.php?ddreset=1" "Mozilla/5.0 (Windows NT 10.0; Win64; x64) AppleWebKit/537.36 (KHTML, like Gecko) Chrome/60.0.3112.113 Safari/537.36"
173.160.174.153 - - [20/Sep/2017:08:10:13 -0700] "POST /jsrpc.php?output=json-rpc HTTP/1.1" 200 66 "https://zabbix.npinfo.com/screens.php?ddreset=1" "Mozilla/5.0 (Windows NT 10.0; Win64; x64) AppleWebKit/537.36 (KHTML, like Gecko) Chrome/60.0.3112.101 Safari/537.36"
209.180.207.160 - - [20/Sep/2017:08:10:14 -0700] "POST /jsrpc.php?output=json-rpc HTTP/1.1" 200 66 "https://zabbix.npinfo.com/zabbix.php?action=dashboard.view&ddreset=1&fullscreen=1" "Mozilla/5.0 (Windows NT 6.3; Win64; x64) AppleWebKit/537.36 (KHTML, like Gecko) Chrome/60.0.3112.113 Safari/537.36"
173.160.174.153 - - [20/Sep/2017:08:10:16 -0700] "GET /chart.php?itemids%5B%5D=89290&=&width=1750&height=100&period=21600&stime=20180919120941&updateProfile=1&profileIdx=web.screens&profileIdx2=20&sid=374ae6359a772912&screenid=20&curtime=1505920216082 HTTP/1.1" 200 29248 "https://zabbix.npinfo.com/screens.php?elementid=20" "Mozilla/5.0 (Windows NT 10.0; Win64; x64) AppleWebKit/537.36 (KHTML, like Gecko) Chrome/60.0.3112.113 Safari/537.36"
173.160.174.153 - - [20/Sep/2017:08:10:17 -0700] "POST /jsrpc.php?output=json-rpc HTTP/1.1" 200 62 "https://zabbix.npinfo.com/latest.php?ddreset=1" "Mozilla/5.0 (Windows NT 10.0; Win64; x64) AppleWebKit/537.36 (KHTML, like Gecko) Chrome/60.0.3112.113 Safari/537.36"
173.160.174.153 - - [20/Sep/2017:08:10:18 -0700] "GET /zabbix.php?action=dashboard.view&ddreset=1 HTTP/1.1" 200 16075 "https://zabbix.npinfo.com/latest.php?ddreset=1" "Mozilla/5.0 (Windows NT 10.0; Win64; x64) AppleWebKit/537.36 (KHTML, like Gecko) Chrome/60.0.3112.113 Safari/537.36"
173.160.174.153 - - [20/Sep/2017:08:10:18 -0700] "GET /jsLoader.php?files[]=class.pmaster.js&files[]=servercheck.js HTTP/1.1" 200 13092 "https://zabbix.npinfo.com/zabbix.php?action=dashboard.view&ddreset=1" "Mozilla/5.0 (Windows NT 10.0; Win64; x64) AppleWebKit/537.36 (KHTML, like Gecko) Chrome/60.0.3112.113 Safari/537.36"
173.160.174.153 - - [20/Sep/2017:08:10:18 -0700] "GET /jsLoader.php?ver=3.2.2&lang=en_GB&showGuiMessaging=1 HTTP/1.1" 304 - "https://zabbix.npinfo.com/zabbix.php?action=dashboard.view&ddreset=1" "Mozilla/5.0 (Windows NT 10.0; Win64; x64) AppleWebKit/537.36 (KHTML, like Gecko) Chrome/60.0.3112.113 Safari/537.36"
173.160.174.153 - - [20/Sep/2017:08:10:18 -0700] "POST /zabbix.php?action=widget.discovery.view&sid=16abea0203ed0b2f&upd_counter=0&pmasterid=dashboard HTTP/1.1" 200 416 "https://zabbix.npinfo.com/zabbix.php?action=dashboard.view&ddreset=1" "Mozilla/5.0 (Windows NT 10.0; Win64; x64) AppleWebKit/537.36 (KHTML, like Gecko) Chrome/60.0.3112.113 Safari/537.36"
173.160.174.153 - - [20/Sep/2017:08:10:18 -0700] "POST /zabbix.php?action=widget.web.view&sid=16abea0203ed0b2f&upd_counter=0&pmasterid=dashboard HTTP/1.1" 200 674 "https://zabbix.npinfo.com/zabbix.php?action=dashboard.view&ddreset=1" "Mozilla/5.0 (Windows NT 10.0; Win64; x64) AppleWebKit/537.36 (KHTML, like Gecko) Chrome/60.0.3112.113 Safari/537.36"
173.160.174.153 - - [20/Sep/2017:08:10:18 -0700] "POST /zabbix.php?action=widget.issues.view&sid=16abea0203ed0b2f&upd_counter=0&pmasterid=dashboard HTTP/1.1" 200 12038 "https://zabbix.npinfo.com/zabbix.php?action=dashboard.view&ddreset=1" "Mozilla/5.0 (Windows NT 10.0; Win64; x64) AppleWebKit/537.36 (KHTML, like Gecko) Chrome/60.0.3112.113 Safari/537.36"
173.160.174.153 - - [20/Sep/2017:08:10:18 -0700] "POST /jsrpc.php?output=json-rpc HTTP/1.1" 200 383 "https://zabbix.npinfo.com/zabbix.php?action=dashboard.view&ddreset=1" "Mozilla/5.0 (Windows NT 10.0; Win64; x64) AppleWebKit/537.36 (KHTML, like Gecko) Chrome/60.0.3112.113 Safari/537.36"
173.160.174.153 - - [20/Sep/2017:08:10:18 -0700] "POST /zabbix.php?action=widget.hosts.view&sid=16abea0203ed0b2f&upd_counter=0&pmasterid=dashboard HTTP/1.1" 200 36497 "https://zabbix.npinfo.com/zabbix.php?action=dashboard.view&ddreset=1" "Mozilla/5.0 (Windows NT 10.0; Win64; x64) AppleWebKit/537.36 (KHTML, like Gecko) Chrome/60.0.3112.113 Safari/537.36"
173.160.174.153 - - [20/Sep/2017:08:10:18 -0700] "POST /zabbix.php?action=widget.system.view&sid=16abea0203ed0b2f&upd_counter=0&pmasterid=dashboard HTTP/1.1" 200 58862 "https://zabbix.npinfo.com/zabbix.php?action=dashboard.view&ddreset=1" "Mozilla/5.0 (Windows NT 10.0; Win64; x64) AppleWebKit/537.36 (KHTML, like Gecko) Chrome/60.0.3112.113 Safari/537.36"
173.160.174.153 - - [20/Sep/2017:08:10:18 -0700] "POST /zabbix.php?action=widget.status.view&sid=16abea0203ed0b2f&upd_counter=0&pmasterid=dashboard HTTP/1.1" 200 1304 "https://zabbix.npinfo.com/zabbix.php?action=dashboard.view&ddreset=1" "Mozilla/5.0 (Windows NT 10.0; Win64; x64) AppleWebKit/537.36 (KHTML, like Gecko) Chrome/60.0.3112.113 Safari/537.36"
173.160.174.153 - - [20/Sep/2017:08:10:20 -0700] "POST /jsrpc.php?output=json-rpc HTTP/1.1" 200 63 "https://zabbix.npinfo.com/actionconf.php?ddreset=1" "Mozilla/5.0 (Windows NT 10.0; WOW64; rv:52.0) Gecko/20100101 Firefox/52.0"
173.160.174.153 - - [20/Sep/2017:08:10:22 -0700] "POST /jsrpc.php?output=json-rpc HTTP/1.1" 200 65 "https://zabbix.npinfo.com/screens.php?elementid=20" "Mozilla/5.0 (Windows NT 10.0; Win64; x64) AppleWebKit/537.36 (KHTML, like Gecko) Chrome/60.0.3112.113 Safari/537.36"
173.160.174.153 - - [20/Sep/2017:08:10:22 -0700] "GET /screens.php HTTP/1.1" 200 81929 "https://zabbix.npinfo.com/zabbix.php?action=dashboard.view&ddreset=1" "Mozilla/5.0 (Windows NT 10.0; Win64; x64) AppleWebKit/537.36 (KHTML, like Gecko) Chrome/60.0.3112.113 Safari/537.36"
173.160.174.153 - - [20/Sep/2017:08:10:22 -0700] "GET /chart.php?itemids%5B%5D=89284&=&width=1750&height=100&period=21600&stime=20180918075326&updateProfile=1&profileIdx=web.screens&profileIdx2=20&sid=c2e332a5d9437331&screenid=20&curtime=1505920222807 HTTP/1.1" 200 28894 "https://zabbix.npinfo.com/screens.php?ddreset=1" "Mozilla/5.0 (Windows NT 10.0; Win64; x64) AppleWebKit/537.36 (KHTML, like Gecko) Chrome/60.0.3112.101 Safari/537.36"
173.160.174.153 - - [20/Sep/2017:08:10:23 -0700] "POST /jsrpc.php?output=json-rpc HTTP/1.1" 200 64 "https://zabbix.npinfo.com/screens.php" "Mozilla/5.0 (Windows NT 10.0; Win64; x64) AppleWebKit/537.36 (KHTML, like Gecko) Chrome/60.0.3112.113 Safari/537.36"
173.160.174.153 - - [20/Sep/2017:08:10:23 -0700] "GET /jsLoader.php?ver=3.2.2&lang=en_GB&showGuiMessaging=1 HTTP/1.1" 304 - "https://zabbix.npinfo.com/screens.php" "Mozilla/5.0 (Windows NT 10.0; Win64; x64) AppleWebKit/537.36 (KHTML, like Gecko) Chrome/60.0.3112.113 Safari/537.36"
173.160.174.153 - - [20/Sep/2017:08:10:23 -0700] "GET /jsLoader.php?ver=3.2.2&lang=en_GB&showGuiMessaging=1&files[]=class.calendar.js&files[]=gtlc.js&files[]=flickerfreescreen.js&files[]=servercheck.js HTTP/1.1" 200 90411 "https://zabbix.npinfo.com/screens.php" "Mozilla/5.0 (Windows NT 10.0; Win64; x64) AppleWebKit/537.36 (KHTML, like Gecko) Chrome/60.0.3112.113 Safari/537.36"
173.160.174.153 - - [20/Sep/2017:08:10:23 -0700] "POST /jsrpc.php?output=json-rpc HTTP/1.1" 200 383 "https://zabbix.npinfo.com/screens.php" "Mozilla/5.0 (Windows NT 10.0; Win64; x64) AppleWebKit/537.36 (KHTML, like Gecko) Chrome/60.0.3112.113 Safari/537.36"
173.160.174.153 - - [20/Sep/2017:08:10:23 -0700] "GET /chart.php?itemids%5B%5D=89284&=&width=1750&height=100&period=21600&stime=20180920021022&updateProfile=1&profileIdx=web.screens&profileIdx2=20 HTTP/1.1" 200 28747 "https://zabbix.npinfo.com/screens.php" "Mozilla/5.0 (Windows NT 10.0; Win64; x64) AppleWebKit/537.36 (KHTML, like Gecko) Chrome/60.0.3112.113 Safari/537.36"
173.160.174.153 - - [20/Sep/2017:08:10:23 -0700] "GET /chart.php?itemids%5B%5D=89290&=&width=1750&height=100&period=21600&stime=20180920021022&updateProfile=1&profileIdx=web.screens&profileIdx2=20 HTTP/1.1" 200 29237 "https://zabbix.npinfo.com/screens.php" "Mozilla/5.0 (Windows NT 10.0; Win64; x64) AppleWebKit/537.36 (KHTML, like Gecko) Chrome/60.0.3112.113 Safari/537.36"
209.180.207.160 - - [20/Sep/2017:08:10:24 -0700] "POST /jsrpc.php?output=json-rpc HTTP/1.1" 200 66 "https://zabbix.npinfo.com/zabbix.php?action=dashboard.view&ddreset=1&fullscreen=1" "Mozilla/5.0 (Windows NT 6.3; Win64; x64) AppleWebKit/537.36 (KHTML, like Gecko) Chrome/60.0.3112.113 Safari/537.36"
173.160.174.153 - - [20/Sep/2017:08:10:24 -0700] "POST /jsrpc.php?sid=396ce852eb16537b&type=9&method=screen.get×tamp=1505920224105&mode=0&screenid=20&groupid=&hostid=&pageFile=screens.php&profileIdx=web.screens&profileIdx2=20&updateProfile=true&screenitemid=102&period=60&stime=20180920063054 HTTP/1.1" 200 68696 "https://zabbix.npinfo.com/screens.php" "Mozilla/5.0 (Windows NT 10.0; Win64; x64) AppleWebKit/537.36 (KHTML, like Gecko) Chrome/60.0.3112.113 Safari/537.36"
173.160.174.153 - - [20/Sep/2017:08:10:24 -0700] "GET /chart.php?itemids%5B%5D=89290&=&width=1750&height=100&period=60&stime=20180920063054&updateProfile=1&profileIdx=web.screens&profileIdx2=20&sid=396ce852eb16537b&screenid=20&curtime=1505920224112 HTTP/1.1" 200 21340 "https://zabbix.npinfo.com/screens.php" "Mozilla/5.0 (Windows NT 10.0; Win64; x64) AppleWebKit/537.36 (KHTML, like Gecko) Chrome/60.0.3112.113 Safari/537.36"
173.160.174.153 - - [20/Sep/2017:08:10:24 -0700] "GET /chart.php?itemids%5B%5D=89284&=&width=1750&height=100&period=60&stime=20180920063054&updateProfile=1&profileIdx=web.screens&profileIdx2=20&sid=396ce852eb16537b&screenid=20&curtime=1505920224109 HTTP/1.1" 200 21427 "https://zabbix.npinfo.com/screens.php" "Mozilla/5.0 (Windows NT 10.0; Win64; x64) AppleWebKit/537.36 (KHTML, like Gecko) Chrome/60.0.3112.113 Safari/537.36"
173.160.174.153 - - [20/Sep/2017:08:10:24 -0700] "POST /jsrpc.php?output=json-rpc HTTP/1.1" 200 66 "https://zabbix.npinfo.com/screens.php?ddreset=1" "Mozilla/5.0 (Windows NT 10.0; Win64; x64) AppleWebKit/537.36 (KHTML, like Gecko) Chrome/60.0.3112.101 Safari/537.36"
173.160.174.153 - - [20/Sep/2017:08:10:25 -0700] "GET /chart.php?itemids%5B%5D=89284&=&width=1750&height=100&period=21600&stime=20180919120941&updateProfile=1&profileIdx=web.screens&profileIdx2=20&sid=374ae6359a772912&screenid=20&curtime=1505920225034 HTTP/1.1" 200 28481 "https://zabbix.npinfo.com/screens.php?elementid=20" "Mozilla/5.0 (Windows NT 10.0; Win64; x64) AppleWebKit/537.36 (KHTML, like Gecko) Chrome/60.0.3112.113 Safari/537.36"
173.160.174.153 - - [20/Sep/2017:08:10:28 -0700] "POST /jsrpc.php?output=json-rpc HTTP/1.1" 200 62 "https://zabbix.npinfo.com/screens.php" "Mozilla/5.0 (Windows NT 10.0; Win64; x64) AppleWebKit/537.36 (KHTML, like Gecko) Chrome/60.0.3112.113 Safari/537.36"
173.160.174.153 - - [20/Sep/2017:08:10:28 -0700] "POST /jsrpc.php?sid=c2e332a5d9437331&type=9&method=screen.get×tamp=1505920228809&mode=0&screenid=20&groupid=&hostid=&pageFile=screens.php&profileIdx=web.screens&profileIdx2=20&updateProfile=true&screenitemid=102&period=21600&stime=20180918075326 HTTP/1.1" 200 68696 "https://zabbix.npinfo.com/screens.php?ddreset=1" "Mozilla/5.0 (Windows NT 10.0; Win64; x64) AppleWebKit/537.36 (KHTML, like Gecko) Chrome/60.0.3112.101 Safari/537.36"
173.160.174.153 - - [20/Sep/2017:08:10:28 -0700] "GET /chart.php?itemids%5B%5D=89290&=&width=1750&height=100&period=21600&stime=20180918075326&updateProfile=1&profileIdx=web.screens&profileIdx2=20&sid=c2e332a5d9437331&screenid=20&curtime=1505920228809 HTTP/1.1" 200 28894 "https://zabbix.npinfo.com/screens.php?ddreset=1" "Mozilla/5.0 (Windows NT 10.0; Win64; x64) AppleWebKit/537.36 (KHTML, like Gecko) Chrome/60.0.3112.101 Safari/537.36"
173.160.174.153 - - [20/Sep/2017:08:10:30 -0700] "POST /jsrpc.php?output=json-rpc HTTP/1.1" 200 63 "https://zabbix.npinfo.com/actionconf.php?ddreset=1" "Mozilla/5.0 (Windows NT 10.0; WOW64; rv:52.0) Gecko/20100101 Firefox/52.0"
173.160.174.153 - - [20/Sep/2017:08:10:32 -0700] "POST /jsrpc.php?output=json-rpc HTTP/1.1" 200 65 "https://zabbix.npinfo.com/screens.php?elementid=20" "Mozilla/5.0 (Windows NT 10.0; Win64; x64) AppleWebKit/537.36 (KHTML, like Gecko) Chrome/60.0.3112.113 Safari/537.36"
173.160.174.153 - - [20/Sep/2017:08:10:33 -0700] "POST /jsrpc.php?output=json-rpc HTTP/1.1" 200 64 "https://zabbix.npinfo.com/screens.php" "Mozilla/5.0 (Windows NT 10.0; Win64; x64) AppleWebKit/537.36 (KHTML, like Gecko) Chrome/60.0.3112.113 Safari/537.36"
209.180.207.160 - - [20/Sep/2017:08:10:34 -0700] "POST /jsrpc.php?output=json-rpc HTTP/1.1" 200 66 "https://zabbix.npinfo.com/zabbix.php?action=dashboard.view&ddreset=1&fullscreen=1" "Mozilla/5.0 (Windows NT 6.3; Win64; x64) AppleWebKit/537.36 (KHTML, like Gecko) Chrome/60.0.3112.113 Safari/537.36"
173.160.174.153 - - [20/Sep/2017:08:10:34 -0700] "POST /jsrpc.php?sid=374ae6359a772912&type=9&method=screen.get×tamp=1505920234193&mode=0&screenid=20&groupid=&hostid=&pageFile=screens.php&profileIdx=web.screens&profileIdx2=20&updateProfile=true&screenitemid=102&period=21600&stime=20180919120941 HTTP/1.1" 200 68696 "https://zabbix.npinfo.com/screens.php?elementid=20" "Mozilla/5.0 (Windows NT 10.0; Win64; x64) AppleWebKit/537.36 (KHTML, like Gecko) Chrome/60.0.3112.113 Safari/537.36"
173.160.174.153 - - [20/Sep/2017:08:10:34 -0700] "POST /jsrpc.php?output=json-rpc HTTP/1.1" 200 66 "https://zabbix.npinfo.com/screens.php?ddreset=1" "Mozilla/5.0 (Windows NT 10.0; Win64; x64) AppleWebKit/537.36 (KHTML, like Gecko) Chrome/60.0.3112.101 Safari/537.36"
173.160.174.153 - - [20/Sep/2017:08:10:38 -0700] "POST /jsrpc.php?output=json-rpc HTTP/1.1" 200 62 "https://zabbix.npinfo.com/screens.php" "Mozilla/5.0 (Windows NT 10.0; Win64; x64) AppleWebKit/537.36 (KHTML, like Gecko) Chrome/60.0.3112.113 Safari/537.36"
173.160.174.153 - - [20/Sep/2017:08:10:40 -0700] "POST /jsrpc.php?output=json-rpc HTTP/1.1" 200 63 "https://zabbix.npinfo.com/actionconf.php?ddreset=1" "Mozilla/5.0 (Windows NT 10.0; WOW64; rv:52.0) Gecko/20100101 Firefox/52.0"
173.160.174.153 - - [20/Sep/2017:08:10:42 -0700] "POST /jsrpc.php?output=json-rpc HTTP/1.1" 200 65 "https://zabbix.npinfo.com/screens.php?elementid=20" "Mozilla/5.0 (Windows NT 10.0; Win64; x64) AppleWebKit/537.36 (KHTML, like Gecko) Chrome/60.0.3112.113 Safari/537.36"
173.160.174.153 - - [20/Sep/2017:08:10:44 -0700] "POST /jsrpc.php?output=json-rpc HTTP/1.1" 200 64 "https://zabbix.npinfo.com/screens.php" "Mozilla/5.0 (Windows NT 10.0; Win64; x64) AppleWebKit/537.36 (KHTML, like Gecko) Chrome/60.0.3112.113 Safari/537.36"
209.180.207.160 - - [20/Sep/2017:08:10:44 -0700] "POST /jsrpc.php?output=json-rpc HTTP/1.1" 200 66 "https://zabbix.npinfo.com/zabbix.php?action=dashboard.view&ddreset=1&fullscreen=1" "Mozilla/5.0 (Windows NT 6.3; Win64; x64) AppleWebKit/537.36 (KHTML, like Gecko) Chrome/60.0.3112.113 Safari/537.36"
173.160.174.153 - - [20/Sep/2017:08:10:44 -0700] "POST /jsrpc.php?output=json-rpc HTTP/1.1" 200 66 "https://zabbix.npinfo.com/screens.php?ddreset=1" "Mozilla/5.0 (Windows NT 10.0; Win64; x64) AppleWebKit/537.36 (KHTML, like Gecko) Chrome/60.0.3112.101 Safari/537.36"
173.160.174.153 - - [20/Sep/2017:08:10:45 -0700] "GET /chart.php?itemids%5B%5D=89290&=&width=1750&height=100&period=60&stime=20180920063054&updateProfile=1&profileIdx=web.screens&profileIdx2=20&sid=396ce852eb16537b&screenid=20&curtime=1505920245112 HTTP/1.1" 200 21479 "https://zabbix.npinfo.com/screens.php" "Mozilla/5.0 (Windows NT 10.0; Win64; x64) AppleWebKit/537.36 (KHTML, like Gecko) Chrome/60.0.3112.113 Safari/537.36"
173.160.174.153 - - [20/Sep/2017:08:10:45 -0700] "GET /chart.php?itemids%5B%5D=89284&=&width=1750&height=100&period=60&stime=20180920063054&updateProfile=1&profileIdx=web.screens&profileIdx2=20&sid=396ce852eb16537b&screenid=20&curtime=1505920245109 HTTP/1.1" 200 21256 "https://zabbix.npinfo.com/screens.php" "Mozilla/5.0 (Windows NT 10.0; Win64; x64) AppleWebKit/537.36 (KHTML, like Gecko) Chrome/60.0.3112.113 Safari/537.36"
173.160.174.153 - - [20/Sep/2017:08:10:45 -0700] "POST /jsrpc.php?sid=396ce852eb16537b&type=9&method=screen.get×tamp=1505920245104&mode=0&screenid=20&groupid=&hostid=&pageFile=screens.php&profileIdx=web.screens&profileIdx2=20&updateProfile=true&screenitemid=102&period=60&stime=20180920063054 HTTP/1.1" 200 68696 "https://zabbix.npinfo.com/screens.php" "Mozilla/5.0 (Windows NT 10.0; Win64; x64) AppleWebKit/537.36 (KHTML, like Gecko) Chrome/60.0.3112.113 Safari/537.36"
173.160.174.153 - - [20/Sep/2017:08:10:46 -0700] "GET /chart.php?itemids%5B%5D=89290&=&width=1750&height=100&period=21600&stime=20180919120941&updateProfile=1&profileIdx=web.screens&profileIdx2=20&sid=374ae6359a772912&screenid=20&curtime=1505920246082 HTTP/1.1" 200 29075 "https://zabbix.npinfo.com/screens.php?elementid=20" "Mozilla/5.0 (Windows NT 10.0; Win64; x64) AppleWebKit/537.36 (KHTML, like Gecko) Chrome/60.0.3112.113 Safari/537.36"
173.160.174.153 - - [20/Sep/2017:08:10:48 -0700] "POST /jsrpc.php?output=json-rpc HTTP/1.1" 200 62 "https://zabbix.npinfo.com/screens.php" "Mozilla/5.0 (Windows NT 10.0; Win64; x64) AppleWebKit/537.36 (KHTML, like Gecko) Chrome/60.0.3112.113 Safari/537.36"
173.160.174.153 - - [20/Sep/2017:08:10:50 -0700] "POST /jsrpc.php?output=json-rpc HTTP/1.1" 200 63 "https://zabbix.npinfo.com/actionconf.php?ddreset=1" "Mozilla/5.0 (Windows NT 10.0; WOW64; rv:52.0) Gecko/20100101 Firefox/52.0"
173.160.174.153 - - [20/Sep/2017:08:10:52 -0700] "POST /jsrpc.php?output=json-rpc HTTP/1.1" 200 65 "https://zabbix.npinfo.com/screens.php?elementid=20" "Mozilla/5.0 (Windows NT 10.0; Win64; x64) AppleWebKit/537.36 (KHTML, like Gecko) Chrome/60.0.3112.113 Safari/537.36"
173.160.174.153 - - [20/Sep/2017:08:10:52 -0700] "GET /chart.php?itemids%5B%5D=89284&=&width=1750&height=100&period=21600&stime=20180918075326&updateProfile=1&profileIdx=web.screens&profileIdx2=20&sid=c2e332a5d9437331&screenid=20&curtime=1505920252813 HTTP/1.1" 200 28715 "https://zabbix.npinfo.com/screens.php?ddreset=1" "Mozilla/5.0 (Windows NT 10.0; Win64; x64) AppleWebKit/537.36 (KHTML, like Gecko) Chrome/60.0.3112.101 Safari/537.36"
173.160.174.153 - - [20/Sep/2017:08:10:53 -0700] "GET /chart.php?itemids%5B%5D=89284&=&width=1750&height=100&period=21600&stime=20180920021022&updateProfile=1&profileIdx=web.screens&profileIdx2=20&sid=16abea0203ed0b2f&screenid=20&curtime=1505920252141 HTTP/1.1" 200 28616 "https://zabbix.npinfo.com/screens.php" "Mozilla/5.0 (Windows NT 10.0; Win64; x64) AppleWebKit/537.36 (KHTML, like Gecko) Chrome/60.0.3112.113 Safari/537.36"
173.160.174.153 - - [20/Sep/2017:08:10:53 -0700] "POST /jsrpc.php?sid=16abea0203ed0b2f&type=9&method=screen.get×tamp=1505920252130&mode=0&screenid=20&groupid=&hostid=&pageFile=screens.php&profileIdx=web.screens&profileIdx2=20&updateProfile=true&screenitemid=102&period=21600&stime=20180920021022 HTTP/1.1" 200 68699 "https://zabbix.npinfo.com/screens.php" "Mozilla/5.0 (Windows NT 10.0; Win64; x64) AppleWebKit/537.36 (KHTML, like Gecko) Chrome/60.0.3112.113 Safari/537.36"
173.160.174.153 - - [20/Sep/2017:08:10:53 -0700] "GET /chart.php?itemids%5B%5D=89290&=&width=1750&height=100&period=21600&stime=20180920021022&updateProfile=1&profileIdx=web.screens&profileIdx2=20&sid=16abea0203ed0b2f&screenid=20&curtime=1505920252144 HTTP/1.1" 200 29171 "https://zabbix.npinfo.com/screens.php" "Mozilla/5.0 (Windows NT 10.0; Win64; x64) AppleWebKit/537.36 (KHTML, like Gecko) Chrome/60.0.3112.113 Safari/537.36"
209.180.207.160 - - [20/Sep/2017:08:10:54 -0700] "POST /jsrpc.php?output=json-rpc HTTP/1.1" 200 66 "https://zabbix.npinfo.com/zabbix.php?action=dashboard.view&ddreset=1&fullscreen=1" "Mozilla/5.0 (Windows NT 6.3; Win64; x64) AppleWebKit/537.36 (KHTML, like Gecko) Chrome/60.0.3112.113 Safari/537.36"
173.160.174.153 - - [20/Sep/2017:08:10:54 -0700] "POST /jsrpc.php?output=json-rpc HTTP/1.1" 200 66 "https://zabbix.npinfo.com/screens.php?ddreset=1" "Mozilla/5.0 (Windows NT 10.0; Win64; x64) AppleWebKit/537.36 (KHTML, like Gecko) Chrome/60.0.3112.101 Safari/537.36"
173.160.174.153 - - [20/Sep/2017:08:10:55 -0700] "POST /jsrpc.php?output=json-rpc HTTP/1.1" 200 64 "https://zabbix.npinfo.com/screens.php" "Mozilla/5.0 (Windows NT 10.0; Win64; x64) AppleWebKit/537.36 (KHTML, like Gecko) Chrome/60.0.3112.113 Safari/537.36"
173.160.174.153 - - [20/Sep/2017:08:10:55 -0700] "POST /jsrpc.php?output=json-rpc HTTP/1.1" 200 38 "https://zabbix.npinfo.com/screens.php" "Mozilla/5.0 (Windows NT 10.0; Win64; x64) AppleWebKit/537.36 (KHTML, like Gecko) Chrome/60.0.3112.113 Safari/537.36"
173.160.174.153 - - [20/Sep/2017:08:10:55 -0700] "GET /chart.php?itemids%5B%5D=89284&=&width=1750&height=100&period=21600&stime=20180919120941&updateProfile=1&profileIdx=web.screens&profileIdx2=20&sid=374ae6359a772912&screenid=20&curtime=1505920255037 HTTP/1.1" 200 28671 "https://zabbix.npinfo.com/screens.php?elementid=20" "Mozilla/5.0 (Windows NT 10.0; Win64; x64) AppleWebKit/537.36 (KHTML, like Gecko) Chrome/60.0.3112.113 Safari/537.36"
173.160.174.153 - - [20/Sep/2017:08:10:58 -0700] "POST /jsrpc.php?output=json-rpc HTTP/1.1" 200 62 "https://zabbix.npinfo.com/screens.php" "Mozilla/5.0 (Windows NT 10.0; Win64; x64) AppleWebKit/537.36 (KHTML, like Gecko) Chrome/60.0.3112.113 Safari/537.36"
173.160.174.153 - - [20/Sep/2017:08:10:58 -0700] "POST /jsrpc.php?sid=c2e332a5d9437331&type=9&method=screen.get×tamp=1505920258827&mode=0&screenid=20&groupid=&hostid=&pageFile=screens.php&profileIdx=web.screens&profileIdx2=20&updateProfile=true&screenitemid=102&period=21600&stime=20180918075326 HTTP/1.1" 200 68701 "https://zabbix.npinfo.com/screens.php?ddreset=1" "Mozilla/5.0 (Windows NT 10.0; Win64; x64) AppleWebKit/537.36 (KHTML, like Gecko) Chrome/60.0.3112.101 Safari/537.36"
173.160.174.153 - - [20/Sep/2017:08:10:58 -0700] "GET /chart.php?itemids%5B%5D=89290&=&width=1750&height=100&period=21600&stime=20180918075326&updateProfile=1&profileIdx=web.screens&profileIdx2=20&sid=c2e332a5d9437331&screenid=20&curtime=1505920258827 HTTP/1.1" 200 29086 "https://zabbix.npinfo.com/screens.php?ddreset=1" "Mozilla/5.0 (Windows NT 10.0; Win64; x64) AppleWebKit/537.36 (KHTML, like Gecko) Chrome/60.0.3112.101 Safari/537.36"
173.160.174.153 - - [20/Sep/2017:08:11:00 -0700] "POST /jsrpc.php?output=json-rpc HTTP/1.1" 200 63 "https://zabbix.npinfo.com/actionconf.php?ddreset=1" "Mozilla/5.0 (Windows NT 10.0; WOW64; rv:52.0) Gecko/20100101 Firefox/52.0"
173.160.174.153 - - [20/Sep/2017:08:11:02 -0700] "POST /jsrpc.php?output=json-rpc HTTP/1.1" 200 65 "https://zabbix.npinfo.com/screens.php?elementid=20" "Mozilla/5.0 (Windows NT 10.0; Win64; x64) AppleWebKit/537.36 (KHTML, like Gecko) Chrome/60.0.3112.113 Safari/537.36"
209.180.207.160 - - [20/Sep/2017:08:11:04 -0700] "POST /jsrpc.php?output=json-rpc HTTP/1.1" 200 66 "https://zabbix.npinfo.com/zabbix.php?action=dashboard.view&ddreset=1&fullscreen=1" "Mozilla/5.0 (Windows NT 6.3; Win64; x64) AppleWebKit/537.36 (KHTML, like Gecko) Chrome/60.0.3112.113 Safari/537.36"
173.160.174.153 - - [20/Sep/2017:08:11:04 -0700] "POST /jsrpc.php?sid=374ae6359a772912&type=9&method=screen.get×tamp=1505920264196&mode=0&screenid=20&groupid=&hostid=&pageFile=screens.php&profileIdx=web.screens&profileIdx2=20&updateProfile=true&screenitemid=102&period=21600&stime=20180919120941 HTTP/1.1" 200 68701 "https://zabbix.npinfo.com/screens.php?elementid=20" "Mozilla/5.0 (Windows NT 10.0; Win64; x64) AppleWebKit/537.36 (KHTML, like Gecko) Chrome/60.0.3112.113 Safari/537.36"
173.160.174.153 - - [20/Sep/2017:08:11:04 -0700] "POST /jsrpc.php?output=json-rpc HTTP/1.1" 200 66 "https://zabbix.npinfo.com/screens.php?ddreset=1" "Mozilla/5.0 (Windows NT 10.0; Win64; x64) AppleWebKit/537.36 (KHTML, like Gecko) Chrome/60.0.3112.101 Safari/537.36"
209.180.207.160 - - [20/Sep/2017:08:11:05 -0700] "POST /zabbix.php?action=widget.discovery.view&sid=44299d61df12800d&upd_counter=5705&pmasterid=dashboard HTTP/1.1" 200 416 "https://zabbix.npinfo.com/zabbix.php?action=dashboard.view&ddreset=1&fullscreen=1" "Mozilla/5.0 (Windows NT 6.3; Win64; x64) AppleWebKit/537.36 (KHTML, like Gecko) Chrome/60.0.3112.113 Safari/537.36"
209.180.207.160 - - [20/Sep/2017:08:11:05 -0700] "POST /zabbix.php?action=widget.web.view&sid=44299d61df12800d&upd_counter=5705&pmasterid=dashboard HTTP/1.1" 200 674 "https://zabbix.npinfo.com/zabbix.php?action=dashboard.view&ddreset=1&fullscreen=1" "Mozilla/5.0 (Windows NT 6.3; Win64; x64) AppleWebKit/537.36 (KHTML, like Gecko) Chrome/60.0.3112.113 Safari/537.36"
173.160.174.153 - - [20/Sep/2017:08:11:06 -0700] "POST /jsrpc.php?output=json-rpc HTTP/1.1" 200 64 "https://zabbix.npinfo.com/screens.php" "Mozilla/5.0 (Windows NT 10.0; Win64; x64) AppleWebKit/537.36 (KHTML, like Gecko) Chrome/60.0.3112.113 Safari/537.36"
209.180.207.160 - - [20/Sep/2017:08:11:05 -0700] "POST /zabbix.php?action=widget.system.view&sid=44299d61df12800d&upd_counter=5705&pmasterid=dashboard HTTP/1.1" 200 58863 "https://zabbix.npinfo.com/zabbix.php?action=dashboard.view&ddreset=1&fullscreen=1" "Mozilla/5.0 (Windows NT 6.3; Win64; x64) AppleWebKit/537.36 (KHTML, like Gecko) Chrome/60.0.3112.113 Safari/537.36"
209.180.207.160 - - [20/Sep/2017:08:11:05 -0700] "POST /zabbix.php?action=widget.issues.view&sid=44299d61df12800d&upd_counter=5705&pmasterid=dashboard HTTP/1.1" 200 12043 "https://zabbix.npinfo.com/zabbix.php?action=dashboard.view&ddreset=1&fullscreen=1" "Mozilla/5.0 (Windows NT 6.3; Win64; x64) AppleWebKit/537.36 (KHTML, like Gecko) Chrome/60.0.3112.113 Safari/537.36"
209.180.207.160 - - [20/Sep/2017:08:11:05 -0700] "POST /zabbix.php?action=widget.status.view&sid=44299d61df12800d&upd_counter=5705&pmasterid=dashboard HTTP/1.1" 200 1304 "https://zabbix.npinfo.com/zabbix.php?action=dashboard.view&ddreset=1&fullscreen=1" "Mozilla/5.0 (Windows NT 6.3; Win64; x64) AppleWebKit/537.36 (KHTML, like Gecko) Chrome/60.0.3112.113 Safari/537.36"
209.180.207.160 - - [20/Sep/2017:08:11:05 -0700] "POST /zabbix.php?action=widget.hosts.view&sid=44299d61df12800d&upd_counter=5705&pmasterid=dashboard HTTP/1.1" 200 36497 "https://zabbix.npinfo.com/zabbix.php?action=dashboard.view&ddreset=1&fullscreen=1" "Mozilla/5.0 (Windows NT 6.3; Win64; x64) AppleWebKit/537.36 (KHTML, like Gecko) Chrome/60.0.3112.113 Safari/537.36"
173.160.174.153 - - [20/Sep/2017:08:11:06 -0700] "GET /chart.php?itemids%5B%5D=89284&=&width=1750&height=100&period=60&stime=20180920063054&updateProfile=1&profileIdx=web.screens&profileIdx2=20&sid=396ce852eb16537b&screenid=20&curtime=1505920266110 HTTP/1.1" 200 21302 "https://zabbix.npinfo.com/screens.php" "Mozilla/5.0 (Windows NT 10.0; Win64; x64) AppleWebKit/537.36 (KHTML, like Gecko) Chrome/60.0.3112.113 Safari/537.36"
173.160.174.153 - - [20/Sep/2017:08:11:06 -0700] "POST /jsrpc.php?sid=396ce852eb16537b&type=9&method=screen.get×tamp=1505920266105&mode=0&screenid=20&groupid=&hostid=&pageFile=screens.php&profileIdx=web.screens&profileIdx2=20&updateProfile=true&screenitemid=102&period=60&stime=20180920063054 HTTP/1.1" 200 68701 "https://zabbix.npinfo.com/screens.php" "Mozilla/5.0 (Windows NT 10.0; Win64; x64) AppleWebKit/537.36 (KHTML, like Gecko) Chrome/60.0.3112.113 Safari/537.36"
173.160.174.153 - - [20/Sep/2017:08:11:06 -0700] "GET /chart.php?itemids%5B%5D=89290&=&width=1750&height=100&period=60&stime=20180920063054&updateProfile=1&profileIdx=web.screens&profileIdx2=20&sid=396ce852eb16537b&screenid=20&curtime=1505920266113 HTTP/1.1" 200 21064 "https://zabbix.npinfo.com/screens.php" "Mozilla/5.0 (Windows NT 10.0; Win64; x64) AppleWebKit/537.36 (KHTML, like Gecko) Chrome/60.0.3112.113 Safari/537.36"
173.160.174.153 - - [20/Sep/2017:08:11:08 -0700] "POST /jsrpc.php?output=json-rpc HTTP/1.1" 200 62 "https://zabbix.npinfo.com/screens.php" "Mozilla/5.0 (Windows NT 10.0; Win64; x64) AppleWebKit/537.36 (KHTML, like Gecko) Chrome/60.0.3112.113 Safari/537.36"
173.160.174.153 - - [20/Sep/2017:08:11:10 -0700] "POST /jsrpc.php?output=json-rpc HTTP/1.1" 200 63 "https://zabbix.npinfo.com/actionconf.php?ddreset=1" "Mozilla/5.0 (Windows NT 10.0; WOW64; rv:52.0) Gecko/20100101 Firefox/52.0"
173.160.174.153 - - [20/Sep/2017:08:11:12 -0700] "POST /jsrpc.php?output=json-rpc HTTP/1.1" 200 65 "https://zabbix.npinfo.com/screens.php?elementid=20" "Mozilla/5.0 (Windows NT 10.0; Win64; x64) AppleWebKit/537.36 (KHTML, like Gecko) Chrome/60.0.3112.113 Safari/537.36"
209.180.207.160 - - [20/Sep/2017:08:11:14 -0700] "POST /jsrpc.php?output=json-rpc HTTP/1.1" 200 66 "https://zabbix.npinfo.com/zabbix.php?action=dashboard.view&ddreset=1&fullscreen=1" "Mozilla/5.0 (Windows NT 6.3; Win64; x64) AppleWebKit/537.36 (KHTML, like Gecko) Chrome/60.0.3112.113 Safari/537.36"
173.160.174.153 - - [20/Sep/2017:08:11:14 -0700] "POST /jsrpc.php?output=json-rpc HTTP/1.1" 200 66 "https://zabbix.npinfo.com/screens.php?ddreset=1" "Mozilla/5.0 (Windows NT 10.0; Win64; x64) AppleWebKit/537.36 (KHTML, like Gecko) Chrome/60.0.3112.101 Safari/537.36"
173.160.174.153 - - [20/Sep/2017:08:11:16 -0700] "GET /chart.php?itemids%5B%5D=89290&=&width=1750&height=100&period=21600&stime=20180919120941&updateProfile=1&profileIdx=web.screens&profileIdx2=20&sid=374ae6359a772912&screenid=20&curtime=1505920276084 HTTP/1.1" 200 28958 "https://zabbix.npinfo.com/screens.php?elementid=20" "Mozilla/5.0 (Windows NT 10.0; Win64; x64) AppleWebKit/537.36 (KHTML, like Gecko) Chrome/60.0.3112.113 Safari/537.36"
173.160.174.153 - - [20/Sep/2017:08:11:17 -0700] "POST /jsrpc.php?output=json-rpc HTTP/1.1" 200 64 "https://zabbix.npinfo.com/screens.php" "Mozilla/5.0 (Windows NT 10.0; Win64; x64) AppleWebKit/537.36 (KHTML, like Gecko) Chrome/60.0.3112.113 Safari/537.36"
173.160.174.153 - - [20/Sep/2017:08:11:18 -0700] "POST /jsrpc.php?output=json-rpc HTTP/1.1" 200 62 "https://zabbix.npinfo.com/screens.php" "Mozilla/5.0 (Windows NT 10.0; Win64; x64) AppleWebKit/537.36 (KHTML, like Gecko) Chrome/60.0.3112.113 Safari/537.36"
173.160.174.153 - - [20/Sep/2017:08:11:20 -0700] "POST /jsrpc.php?output=json-rpc HTTP/1.1" 200 63 "https://zabbix.npinfo.com/actionconf.php?ddreset=1" "Mozilla/5.0 (Windows NT 10.0; WOW64; rv:52.0) Gecko/20100101 Firefox/52.0"
173.160.174.153 - - [20/Sep/2017:08:11:22 -0700] "POST /jsrpc.php?output=json-rpc HTTP/1.1" 200 65 "https://zabbix.npinfo.com/screens.php?elementid=20" "Mozilla/5.0 (Windows NT 10.0; Win64; x64) AppleWebKit/537.36 (KHTML, like Gecko) Chrome/60.0.3112.113 Safari/537.36"
173.160.174.153 - - [20/Sep/2017:08:11:22 -0700] "GET /chart.php?itemids%5B%5D=89284&=&width=1750&height=100&period=21600&stime=20180918075326&updateProfile=1&profileIdx=web.screens&profileIdx2=20&sid=c2e332a5d9437331&screenid=20&curtime=1505920282826 HTTP/1.1" 200 28538 "https://zabbix.npinfo.com/screens.php?ddreset=1" "Mozilla/5.0 (Windows NT 10.0; Win64; x64) AppleWebKit/537.36 (KHTML, like Gecko) Chrome/60.0.3112.101 Safari/537.36"
173.160.174.153 - - [20/Sep/2017:08:11:23 -0700] "POST /jsrpc.php?sid=16abea0203ed0b2f&type=9&method=screen.get×tamp=1505920282137&mode=0&screenid=20&groupid=&hostid=&pageFile=screens.php&profileIdx=web.screens&profileIdx2=20&updateProfile=true&screenitemid=102&period=21600&stime=20180920021022 HTTP/1.1" 200 68705 "https://zabbix.npinfo.com/screens.php" "Mozilla/5.0 (Windows NT 10.0; Win64; x64) AppleWebKit/537.36 (KHTML, like Gecko) Chrome/60.0.3112.113 Safari/537.36"
173.160.174.153 - - [20/Sep/2017:08:11:23 -0700] "GET /chart.php?itemids%5B%5D=89284&=&width=1750&height=100&period=21600&stime=20180920021022&updateProfile=1&profileIdx=web.screens&profileIdx2=20&sid=16abea0203ed0b2f&screenid=20&curtime=1505920282146 HTTP/1.1" 200 28881 "https://zabbix.npinfo.com/screens.php" "Mozilla/5.0 (Windows NT 10.0; Win64; x64) AppleWebKit/537.36 (KHTML, like Gecko) Chrome/60.0.3112.113 Safari/537.36"
173.160.174.153 - - [20/Sep/2017:08:11:23 -0700] "GET /chart.php?itemids%5B%5D=89290&=&width=1750&height=100&period=21600&stime=20180920021022&updateProfile=1&profileIdx=web.screens&profileIdx2=20&sid=16abea0203ed0b2f&screenid=20&curtime=1505920282156 HTTP/1.1" 200 29123 "https://zabbix.npinfo.com/screens.php" "Mozilla/5.0 (Windows NT 10.0; Win64; x64) AppleWebKit/537.36 (KHTML, like Gecko) Chrome/60.0.3112.113 Safari/537.36"
209.180.207.160 - - [20/Sep/2017:08:11:24 -0700] "POST /jsrpc.php?output=json-rpc HTTP/1.1" 200 66 "https://zabbix.npinfo.com/zabbix.php?action=dashboard.view&ddreset=1&fullscreen=1" "Mozilla/5.0 (Windows NT 6.3; Win64; x64) AppleWebKit/537.36 (KHTML, like Gecko) Chrome/60.0.3112.113 Safari/537.36"
173.160.174.153 - - [20/Sep/2017:08:11:24 -0700] "POST /jsrpc.php?output=json-rpc HTTP/1.1" 200 66 "https://zabbix.npinfo.com/screens.php?ddreset=1" "Mozilla/5.0 (Windows NT 10.0; Win64; x64) AppleWebKit/537.36 (KHTML, like Gecko) Chrome/60.0.3112.101 Safari/537.36"
173.160.174.153 - - [20/Sep/2017:08:11:25 -0700] "GET /chart.php?itemids%5B%5D=89284&=&width=1750&height=100&period=21600&stime=20180919120941&updateProfile=1&profileIdx=web.screens&profileIdx2=20&sid=374ae6359a772912&screenid=20&curtime=1505920285038 HTTP/1.1" 200 28818 "https://zabbix.npinfo.com/screens.php?elementid=20" "Mozilla/5.0 (Windows NT 10.0; Win64; x64) AppleWebKit/537.36 (KHTML, like Gecko) Chrome/60.0.3112.113 Safari/537.36"
173.160.174.153 - - [20/Sep/2017:08:11:27 -0700] "GET /chart.php?itemids%5B%5D=89290&=&width=1750&height=100&period=60&stime=20180920063054&updateProfile=1&profileIdx=web.screens&profileIdx2=20&sid=396ce852eb16537b&screenid=20&curtime=1505920287112 HTTP/1.1" 200 20491 "https://zabbix.npinfo.com/screens.php" "Mozilla/5.0 (Windows NT 10.0; Win64; x64) AppleWebKit/537.36 (KHTML, like Gecko) Chrome/60.0.3112.113 Safari/537.36"
173.160.174.153 - - [20/Sep/2017:08:11:27 -0700] "POST /jsrpc.php?sid=396ce852eb16537b&type=9&method=screen.get×tamp=1505920287105&mode=0&screenid=20&groupid=&hostid=&pageFile=screens.php&profileIdx=web.screens&profileIdx2=20&updateProfile=true&screenitemid=102&period=60&stime=20180920063054 HTTP/1.1" 200 68705 "https://zabbix.npinfo.com/screens.php" "Mozilla/5.0 (Windows NT 10.0; Win64; x64) AppleWebKit/537.36 (KHTML, like Gecko) Chrome/60.0.3112.113 Safari/537.36"
173.160.174.153 - - [20/Sep/2017:08:11:27 -0700] "GET /chart.php?itemids%5B%5D=89284&=&width=1750&height=100&period=60&stime=20180920063054&updateProfile=1&profileIdx=web.screens&profileIdx2=20&sid=396ce852eb16537b&screenid=20&curtime=1505920287109 HTTP/1.1" 200 20827 "https://zabbix.npinfo.com/screens.php" "Mozilla/5.0 (Windows NT 10.0; Win64; x64) AppleWebKit/537.36 (KHTML, like Gecko) Chrome/60.0.3112.113 Safari/537.36"
173.160.174.153 - - [20/Sep/2017:08:11:28 -0700] "POST /jsrpc.php?output=json-rpc HTTP/1.1" 200 64 "https://zabbix.npinfo.com/screens.php" "Mozilla/5.0 (Windows NT 10.0; Win64; x64) AppleWebKit/537.36 (KHTML, like Gecko) Chrome/60.0.3112.113 Safari/537.36"
173.160.174.153 - - [20/Sep/2017:08:11:28 -0700] "POST /jsrpc.php?output=json-rpc HTTP/1.1" 200 62 "https://zabbix.npinfo.com/screens.php" "Mozilla/5.0 (Windows NT 10.0; Win64; x64) AppleWebKit/537.36 (KHTML, like Gecko) Chrome/60.0.3112.113 Safari/537.36"
173.160.174.153 - - [20/Sep/2017:08:11:28 -0700] "POST /jsrpc.php?sid=c2e332a5d9437331&type=9&method=screen.get×tamp=1505920288830&mode=0&screenid=20&groupid=&hostid=&pageFile=screens.php&profileIdx=web.screens&profileIdx2=20&updateProfile=true&screenitemid=102&period=21600&stime=20180918075326 HTTP/1.1" 200 68705 "https://zabbix.npinfo.com/screens.php?ddreset=1" "Mozilla/5.0 (Windows NT 10.0; Win64; x64) AppleWebKit/537.36 (KHTML, like Gecko) Chrome/60.0.3112.101 Safari/537.36"
173.160.174.153 - - [20/Sep/2017:08:11:28 -0700] "GET /chart.php?itemids%5B%5D=89290&=&width=1750&height=100&period=21600&stime=20180918075326&updateProfile=1&profileIdx=web.screens&profileIdx2=20&sid=c2e332a5d9437331&screenid=20&curtime=1505920288828 HTTP/1.1" 200 28899 "https://zabbix.npinfo.com/screens.php?ddreset=1" "Mozilla/5.0 (Windows NT 10.0; Win64; x64) AppleWebKit/537.36 (KHTML, like Gecko) Chrome/60.0.3112.101 Safari/537.36"
173.160.174.153 - - [20/Sep/2017:08:11:30 -0700] "POST /jsrpc.php?output=json-rpc HTTP/1.1" 200 63 "https://zabbix.npinfo.com/actionconf.php?ddreset=1" "Mozilla/5.0 (Windows NT 10.0; WOW64; rv:52.0) Gecko/20100101 Firefox/52.0"
173.160.174.153 - - [20/Sep/2017:08:11:32 -0700] "POST /jsrpc.php?output=json-rpc HTTP/1.1" 200 65 "https://zabbix.npinfo.com/screens.php?elementid=20" "Mozilla/5.0 (Windows NT 10.0; Win64; x64) AppleWebKit/537.36 (KHTML, like Gecko) Chrome/60.0.3112.113 Safari/537.36"
209.180.207.160 - - [20/Sep/2017:08:11:34 -0700] "POST /jsrpc.php?output=json-rpc HTTP/1.1" 200 66 "https://zabbix.npinfo.com/zabbix.php?action=dashboard.view&ddreset=1&fullscreen=1" "Mozilla/5.0 (Windows NT 6.3; Win64; x64) AppleWebKit/537.36 (KHTML, like Gecko) Chrome/60.0.3112.113 Safari/537.36"
173.160.174.153 - - [20/Sep/2017:08:11:34 -0700] "POST /jsrpc.php?sid=374ae6359a772912&type=9&method=screen.get×tamp=1505920294198&mode=0&screenid=20&groupid=&hostid=&pageFile=screens.php&profileIdx=web.screens&profileIdx2=20&updateProfile=true&screenitemid=102&period=21600&stime=20180919120941 HTTP/1.1" 200 68705 "https://zabbix.npinfo.com/screens.php?elementid=20" "Mozilla/5.0 (Windows NT 10.0; Win64; x64) AppleWebKit/537.36 (KHTML, like Gecko) Chrome/60.0.3112.113 Safari/537.36"
173.160.174.153 - - [20/Sep/2017:08:11:34 -0700] "POST /jsrpc.php?output=json-rpc HTTP/1.1" 200 66 "https://zabbix.npinfo.com/screens.php?ddreset=1" "Mozilla/5.0 (Windows NT 10.0; Win64; x64) AppleWebKit/537.36 (KHTML, like Gecko) Chrome/60.0.3112.101 Safari/537.36"
173.160.174.153 - - [20/Sep/2017:08:11:38 -0700] "POST /jsrpc.php?output=json-rpc HTTP/1.1" 200 62 "https://zabbix.npinfo.com/screens.php" "Mozilla/5.0 (Windows NT 10.0; Win64; x64) AppleWebKit/537.36 (KHTML, like Gecko) Chrome/60.0.3112.113 Safari/537.36"
173.160.174.153 - - [20/Sep/2017:08:11:39 -0700] "POST /jsrpc.php?output=json-rpc HTTP/1.1" 200 64 "https://zabbix.npinfo.com/screens.php" "Mozilla/5.0 (Windows NT 10.0; Win64; x64) AppleWebKit/537.36 (KHTML, like Gecko) Chrome/60.0.3112.113 Safari/537.36"
173.160.174.153 - - [20/Sep/2017:08:11:40 -0700] "POST /jsrpc.php?output=json-rpc HTTP/1.1" 200 63 "https://zabbix.npinfo.com/actionconf.php?ddreset=1" "Mozilla/5.0 (Windows NT 10.0; WOW64; rv:52.0) Gecko/20100101 Firefox/52.0"
173.160.174.153 - - [20/Sep/2017:08:11:42 -0700] "POST /jsrpc.php?output=json-rpc HTTP/1.1" 200 65 "https://zabbix.npinfo.com/screens.php?elementid=20" "Mozilla/5.0 (Windows NT 10.0; Win64; x64) AppleWebKit/537.36 (KHTML, like Gecko) Chrome/60.0.3112.113 Safari/537.36"
209.180.207.160 - - [20/Sep/2017:08:11:44 -0700] "POST /jsrpc.php?output=json-rpc HTTP/1.1" 200 66 "https://zabbix.npinfo.com/zabbix.php?action=dashboard.view&ddreset=1&fullscreen=1" "Mozilla/5.0 (Windows NT 6.3; Win64; x64) AppleWebKit/537.36 (KHTML, like Gecko) Chrome/60.0.3112.113 Safari/537.36"
173.160.174.153 - - [20/Sep/2017:08:11:44 -0700] "POST /jsrpc.php?output=json-rpc HTTP/1.1" 200 66 "https://zabbix.npinfo.com/screens.php?ddreset=1" "Mozilla/5.0 (Windows NT 10.0; Win64; x64) AppleWebKit/537.36 (KHTML, like Gecko) Chrome/60.0.3112.101 Safari/537.36"
173.160.174.153 - - [20/Sep/2017:08:11:46 -0700] "GET /chart.php?itemids%5B%5D=89290&=&width=1750&height=100&period=21600&stime=20180919120941&updateProfile=1&profileIdx=web.screens&profileIdx2=20&sid=374ae6359a772912&screenid=20&curtime=1505920306085 HTTP/1.1" 200 28879 "https://zabbix.npinfo.com/screens.php?elementid=20" "Mozilla/5.0 (Windows NT 10.0; Win64; x64) AppleWebKit/537.36 (KHTML, like Gecko) Chrome/60.0.3112.113 Safari/537.36"
173.160.174.153 - - [20/Sep/2017:08:11:48 -0700] "POST /jsrpc.php?output=json-rpc HTTP/1.1" 200 63 "https://zabbix.npinfo.com/screens.php" "Mozilla/5.0 (Windows NT 10.0; Win64; x64) AppleWebKit/537.36 (KHTML, like Gecko) Chrome/60.0.3112.113 Safari/537.36"
173.160.174.153 - - [20/Sep/2017:08:11:48 -0700] "GET /chart.php?itemids%5B%5D=89284&=&width=1750&height=100&period=60&stime=20180920063054&updateProfile=1&profileIdx=web.screens&profileIdx2=20&sid=396ce852eb16537b&screenid=20&curtime=1505920308109 HTTP/1.1" 200 21172 "https://zabbix.npinfo.com/screens.php" "Mozilla/5.0 (Windows NT 10.0; Win64; x64) AppleWebKit/537.36 (KHTML, like Gecko) Chrome/60.0.3112.113 Safari/537.36"
173.160.174.153 - - [20/Sep/2017:08:11:48 -0700] "POST /jsrpc.php?sid=396ce852eb16537b&type=9&method=screen.get×tamp=1505920308105&mode=0&screenid=20&groupid=&hostid=&pageFile=screens.php&profileIdx=web.screens&profileIdx2=20&updateProfile=true&screenitemid=102&period=60&stime=20180920063054 HTTP/1.1" 200 68705 "https://zabbix.npinfo.com/screens.php" "Mozilla/5.0 (Windows NT 10.0; Win64; x64) AppleWebKit/537.36 (KHTML, like Gecko) Chrome/60.0.3112.113 Safari/537.36"
173.160.174.153 - - [20/Sep/2017:08:11:48 -0700] "GET /chart.php?itemids%5B%5D=89290&=&width=1750&height=100&period=60&stime=20180920063054&updateProfile=1&profileIdx=web.screens&profileIdx2=20&sid=396ce852eb16537b&screenid=20&curtime=1505920308111 HTTP/1.1" 200 21122 "https://zabbix.npinfo.com/screens.php" "Mozilla/5.0 (Windows NT 10.0; Win64; x64) AppleWebKit/537.36 (KHTML, like Gecko) Chrome/60.0.3112.113 Safari/537.36"
173.160.174.153 - - [20/Sep/2017:08:11:49 -0700] "POST /jsrpc.php?output=json-rpc HTTP/1.1" 200 64 "https://zabbix.npinfo.com/screens.php" "Mozilla/5.0 (Windows NT 10.0; Win64; x64) AppleWebKit/537.36 (KHTML, like Gecko) Chrome/60.0.3112.113 Safari/537.36"
173.160.174.153 - - [20/Sep/2017:08:11:50 -0700] "POST /jsrpc.php?output=json-rpc HTTP/1.1" 200 63 "https://zabbix.npinfo.com/actionconf.php?ddreset=1" "Mozilla/5.0 (Windows NT 10.0; WOW64; rv:52.0) Gecko/20100101 Firefox/52.0"
173.160.174.153 - - [20/Sep/2017:08:11:52 -0700] "POST /jsrpc.php?output=json-rpc HTTP/1.1" 200 65 "https://zabbix.npinfo.com/screens.php?elementid=20" "Mozilla/5.0 (Windows NT 10.0; Win64; x64) AppleWebKit/537.36 (KHTML, like Gecko) Chrome/60.0.3112.113 Safari/537.36"
173.160.174.153 - - [20/Sep/2017:08:11:52 -0700] "GET /chart.php?itemids%5B%5D=89284&=&width=1750&height=100&period=21600&stime=20180918075326&updateProfile=1&profileIdx=web.screens&profileIdx2=20&sid=c2e332a5d9437331&screenid=20&curtime=1505920312831 HTTP/1.1" 200 28902 "https://zabbix.npinfo.com/screens.php?ddreset=1" "Mozilla/5.0 (Windows NT 10.0; Win64; x64) AppleWebKit/537.36 (KHTML, like Gecko) Chrome/60.0.3112.101 Safari/537.36"
173.160.174.153 - - [20/Sep/2017:08:11:53 -0700] "POST /jsrpc.php?sid=16abea0203ed0b2f&type=9&method=screen.get×tamp=1505920312140&mode=0&screenid=20&groupid=&hostid=&pageFile=screens.php&profileIdx=web.screens&profileIdx2=20&updateProfile=true&screenitemid=102&period=21600&stime=20180920021022 HTTP/1.1" 200 68705 "https://zabbix.npinfo.com/screens.php" "Mozilla/5.0 (Windows NT 10.0; Win64; x64) AppleWebKit/537.36 (KHTML, like Gecko) Chrome/60.0.3112.113 Safari/537.36"
173.160.174.153 - - [20/Sep/2017:08:11:53 -0700] "GET /chart.php?itemids%5B%5D=89290&=&width=1750&height=100&period=21600&stime=20180920021022&updateProfile=1&profileIdx=web.screens&profileIdx2=20&sid=16abea0203ed0b2f&screenid=20&curtime=1505920312160 HTTP/1.1" 200 29078 "https://zabbix.npinfo.com/screens.php" "Mozilla/5.0 (Windows NT 10.0; Win64; x64) AppleWebKit/537.36 (KHTML, like Gecko) Chrome/60.0.3112.113 Safari/537.36"
173.160.174.153 - - [20/Sep/2017:08:11:53 -0700] "GET /chart.php?itemids%5B%5D=89284&=&width=1750&height=100&period=21600&stime=20180920021022&updateProfile=1&profileIdx=web.screens&profileIdx2=20&sid=16abea0203ed0b2f&screenid=20&curtime=1505920312150 HTTP/1.1" 200 28892 "https://zabbix.npinfo.com/screens.php" "Mozilla/5.0 (Windows NT 10.0; Win64; x64) AppleWebKit/537.36 (KHTML, like Gecko) Chrome/60.0.3112.113 Safari/537.36"
209.180.207.160 - - [20/Sep/2017:08:11:54 -0700] "POST /jsrpc.php?output=json-rpc HTTP/1.1" 200 66 "https://zabbix.npinfo.com/zabbix.php?action=dashboard.view&ddreset=1&fullscreen=1" "Mozilla/5.0 (Windows NT 6.3; Win64; x64) AppleWebKit/537.36 (KHTML, like Gecko) Chrome/60.0.3112.113 Safari/537.36"
173.160.174.153 - - [20/Sep/2017:08:11:54 -0700] "POST /jsrpc.php?output=json-rpc HTTP/1.1" 200 66 "https://zabbix.npinfo.com/screens.php?ddreset=1" "Mozilla/5.0 (Windows NT 10.0; Win64; x64) AppleWebKit/537.36 (KHTML, like Gecko) Chrome/60.0.3112.101 Safari/537.36"
173.160.174.153 - - [20/Sep/2017:08:11:55 -0700] "POST /jsrpc.php?output=json-rpc HTTP/1.1" 200 38 "https://zabbix.npinfo.com/screens.php" "Mozilla/5.0 (Windows NT 10.0; Win64; x64) AppleWebKit/537.36 (KHTML, like Gecko) Chrome/60.0.3112.113 Safari/537.36"
173.160.174.153 - - [20/Sep/2017:08:11:55 -0700] "GET /chart.php?itemids%5B%5D=89284&=&width=1750&height=100&period=21600&stime=20180919120941&updateProfile=1&profileIdx=web.screens&profileIdx2=20&sid=374ae6359a772912&screenid=20&curtime=1505920315040 HTTP/1.1" 200 28848 "https://zabbix.npinfo.com/screens.php?elementid=20" "Mozilla/5.0 (Windows NT 10.0; Win64; x64) AppleWebKit/537.36 (KHTML, like Gecko) Chrome/60.0.3112.113 Safari/537.36"
173.160.174.153 - - [20/Sep/2017:08:11:58 -0700] "POST /jsrpc.php?output=json-rpc HTTP/1.1" 200 63 "https://zabbix.npinfo.com/screens.php" "Mozilla/5.0 (Windows NT 10.0; Win64; x64) AppleWebKit/537.36 (KHTML, like Gecko) Chrome/60.0.3112.113 Safari/537.36"
173.160.174.153 - - [20/Sep/2017:08:11:58 -0700] "POST /jsrpc.php?sid=c2e332a5d9437331&type=9&method=screen.get×tamp=1505920318834&mode=0&screenid=20&groupid=&hostid=&pageFile=screens.php&profileIdx=web.screens&profileIdx2=20&updateProfile=true&screenitemid=102&period=21600&stime=20180918075326 HTTP/1.1" 200 68701 "https://zabbix.npinfo.com/screens.php?ddreset=1" "Mozilla/5.0 (Windows NT 10.0; Win64; x64) AppleWebKit/537.36 (KHTML, like Gecko) Chrome/60.0.3112.101 Safari/537.36"
173.160.174.153 - - [20/Sep/2017:08:11:58 -0700] "GET /chart.php?itemids%5B%5D=89290&=&width=1750&height=100&period=21600&stime=20180918075326&updateProfile=1&profileIdx=web.screens&profileIdx2=20&sid=c2e332a5d9437331&screenid=20&curtime=1505920318833 HTTP/1.1" 200 28878 "https://zabbix.npinfo.com/screens.php?ddreset=1" "Mozilla/5.0 (Windows NT 10.0; Win64; x64) AppleWebKit/537.36 (KHTML, like Gecko) Chrome/60.0.3112.101 Safari/537.36"
173.160.174.153 - - [20/Sep/2017:08:12:00 -0700] "POST /jsrpc.php?output=json-rpc HTTP/1.1" 200 63 "https://zabbix.npinfo.com/actionconf.php?ddreset=1" "Mozilla/5.0 (Windows NT 10.0; WOW64; rv:52.0) Gecko/20100101 Firefox/52.0"
173.160.174.153 - - [20/Sep/2017:08:12:00 -0700] "POST /jsrpc.php?output=json-rpc HTTP/1.1" 200 64 "https://zabbix.npinfo.com/screens.php" "Mozilla/5.0 (Windows NT 10.0; Win64; x64) AppleWebKit/537.36 (KHTML, like Gecko) Chrome/60.0.3112.113 Safari/537.36"
173.160.174.153 - - [20/Sep/2017:08:12:02 -0700] "POST /jsrpc.php?output=json-rpc HTTP/1.1" 200 65 "https://zabbix.npinfo.com/screens.php?elementid=20" "Mozilla/5.0 (Windows NT 10.0; Win64; x64) AppleWebKit/537.36 (KHTML, like Gecko) Chrome/60.0.3112.113 Safari/537.36"
209.180.207.160 - - [20/Sep/2017:08:12:04 -0700] "POST /jsrpc.php?output=json-rpc HTTP/1.1" 200 66 "https://zabbix.npinfo.com/zabbix.php?action=dashboard.view&ddreset=1&fullscreen=1" "Mozilla/5.0 (Windows NT 6.3; Win64; x64) AppleWebKit/537.36 (KHTML, like Gecko) Chrome/60.0.3112.113 Safari/537.36"
173.160.174.153 - - [20/Sep/2017:08:12:04 -0700] "POST /jsrpc.php?sid=374ae6359a772912&type=9&method=screen.get×tamp=1505920324201&mode=0&screenid=20&groupid=&hostid=&pageFile=screens.php&profileIdx=web.screens&profileIdx2=20&updateProfile=true&screenitemid=102&period=21600&stime=20180919120941 HTTP/1.1" 200 68701 "https://zabbix.npinfo.com/screens.php?elementid=20" "Mozilla/5.0 (Windows NT 10.0; Win64; x64) AppleWebKit/537.36 (KHTML, like Gecko) Chrome/60.0.3112.113 Safari/537.36"
173.160.174.153 - - [20/Sep/2017:08:12:04 -0700] "POST /jsrpc.php?output=json-rpc HTTP/1.1" 200 66 "https://zabbix.npinfo.com/screens.php?ddreset=1" "Mozilla/5.0 (Windows NT 10.0; Win64; x64) AppleWebKit/537.36 (KHTML, like Gecko) Chrome/60.0.3112.101 Safari/537.36"
209.180.207.160 - - [20/Sep/2017:08:12:05 -0700] "POST /zabbix.php?action=widget.discovery.view&sid=44299d61df12800d&upd_counter=5706&pmasterid=dashboard HTTP/1.1" 200 416 "https://zabbix.npinfo.com/zabbix.php?action=dashboard.view&ddreset=1&fullscreen=1" "Mozilla/5.0 (Windows NT 6.3; Win64; x64) AppleWebKit/537.36 (KHTML, like Gecko) Chrome/60.0.3112.113 Safari/537.36"
209.180.207.160 - - [20/Sep/2017:08:12:05 -0700] "POST /zabbix.php?action=widget.web.view&sid=44299d61df12800d&upd_counter=5706&pmasterid=dashboard HTTP/1.1" 200 674 "https://zabbix.npinfo.com/zabbix.php?action=dashboard.view&ddreset=1&fullscreen=1" "Mozilla/5.0 (Windows NT 6.3; Win64; x64) AppleWebKit/537.36 (KHTML, like Gecko) Chrome/60.0.3112.113 Safari/537.36"
209.180.207.160 - - [20/Sep/2017:08:12:05 -0700] "POST /zabbix.php?action=widget.issues.view&sid=44299d61df12800d&upd_counter=5706&pmasterid=dashboard HTTP/1.1" 200 12043 "https://zabbix.npinfo.com/zabbix.php?action=dashboard.view&ddreset=1&fullscreen=1" "Mozilla/5.0 (Windows NT 6.3; Win64; x64) AppleWebKit/537.36 (KHTML, like Gecko) Chrome/60.0.3112.113 Safari/537.36"
