173.160.174.153 - - [20/Sep/2017:08:18:27 -0700] "GET /chart.php?itemids%5B%5D=89284&=&width=1750&height=100&period=60&stime=20180920063054&updateProfile=1&profileIdx=web.screens&profileIdx2=20&sid=396ce852eb16537b&screenid=20&curtime=1505920707120 HTTP/1.1" 200 21327 "https://zabbix.npinfo.com/screens.php" "Mozilla/5.0 (Windows NT 10.0; Win64; x64) AppleWebKit/537.36 (KHTML, like Gecko) Chrome/60.0.3112.113 Safari/537.36"
173.160.174.153 - - [20/Sep/2017:08:18:27 -0700] "POST /jsrpc.php?sid=396ce852eb16537b&type=9&method=screen.get×tamp=1505920707110&mode=0&screenid=20&groupid=&hostid=&pageFile=screens.php&profileIdx=web.screens&profileIdx2=20&updateProfile=true&screenitemid=102&period=60&stime=20180920063054 HTTP/1.1" 200 68705 "https://zabbix.npinfo.com/screens.php" "Mozilla/5.0 (Windows NT 10.0; Win64; x64) AppleWebKit/537.36 (KHTML, like Gecko) Chrome/60.0.3112.113 Safari/537.36"
173.160.174.153 - - [20/Sep/2017:08:18:27 -0700] "GET /chart.php?itemids%5B%5D=89290&=&width=1750&height=100&period=60&stime=20180920063054&updateProfile=1&profileIdx=web.screens&profileIdx2=20&sid=396ce852eb16537b&screenid=20&curtime=1505920707122 HTTP/1.1" 200 21375 "https://zabbix.npinfo.com/screens.php" "Mozilla/5.0 (Windows NT 10.0; Win64; x64) AppleWebKit/537.36 (KHTML, like Gecko) Chrome/60.0.3112.113 Safari/537.36"
173.160.174.153 - - [20/Sep/2017:08:18:28 -0700] "POST /jsrpc.php?output=json-rpc HTTP/1.1" 200 63 "https://zabbix.npinfo.com/screens.php" "Mozilla/5.0 (Windows NT 10.0; Win64; x64) AppleWebKit/537.36 (KHTML, like Gecko) Chrome/60.0.3112.113 Safari/537.36"
173.160.174.153 - - [20/Sep/2017:08:18:28 -0700] "POST /jsrpc.php?output=json-rpc HTTP/1.1" 200 66 "https://zabbix.npinfo.com/screens.php?ddreset=1" "Mozilla/5.0 (Windows NT 10.0; Win64; x64) AppleWebKit/537.36 (KHTML, like Gecko) Chrome/60.0.3112.101 Safari/537.36"
173.160.174.153 - - [20/Sep/2017:08:18:28 -0700] "GET /chart.php?itemids%5B%5D=89284&=&width=1750&height=100&period=21600&stime=20180918075326&updateProfile=1&profileIdx=web.screens&profileIdx2=20&sid=c2e332a5d9437331&screenid=20&curtime=1505920708808 HTTP/1.1" 200 29610 "https://zabbix.npinfo.com/screens.php?ddreset=1" "Mozilla/5.0 (Windows NT 10.0; Win64; x64) AppleWebKit/537.36 (KHTML, like Gecko) Chrome/60.0.3112.101 Safari/537.36"
173.160.174.153 - - [20/Sep/2017:08:18:30 -0700] "POST /jsrpc.php?output=json-rpc HTTP/1.1" 200 64 "https://zabbix.npinfo.com/screens.php" "Mozilla/5.0 (Windows NT 10.0; Win64; x64) AppleWebKit/537.36 (KHTML, like Gecko) Chrome/60.0.3112.113 Safari/537.36"
173.160.174.153 - - [20/Sep/2017:08:18:30 -0700] "POST /jsrpc.php?output=json-rpc HTTP/1.1" 200 63 "https://zabbix.npinfo.com/actionconf.php?ddreset=1" "Mozilla/5.0 (Windows NT 10.0; WOW64; rv:52.0) Gecko/20100101 Firefox/52.0"
173.160.174.153 - - [20/Sep/2017:08:18:32 -0700] "POST /jsrpc.php?output=json-rpc HTTP/1.1" 200 65 "https://zabbix.npinfo.com/screens.php?elementid=20" "Mozilla/5.0 (Windows NT 10.0; Win64; x64) AppleWebKit/537.36 (KHTML, like Gecko) Chrome/60.0.3112.113 Safari/537.36"
173.160.174.153 - - [20/Sep/2017:08:18:33 -0700] "POST /jsrpc.php?sid=c2e332a5d9437331&type=9&method=screen.get×tamp=1505920713820&mode=0&screenid=20&groupid=&hostid=&pageFile=screens.php&profileIdx=web.screens&profileIdx2=20&updateProfile=true&screenitemid=102&period=21600&stime=20180918075326 HTTP/1.1" 200 68705 "https://zabbix.npinfo.com/screens.php?ddreset=1" "Mozilla/5.0 (Windows NT 10.0; Win64; x64) AppleWebKit/537.36 (KHTML, like Gecko) Chrome/60.0.3112.101 Safari/537.36"
173.160.174.153 - - [20/Sep/2017:08:18:33 -0700] "GET /chart.php?itemids%5B%5D=89290&=&width=1750&height=100&period=21600&stime=20180918075326&updateProfile=1&profileIdx=web.screens&profileIdx2=20&sid=c2e332a5d9437331&screenid=20&curtime=1505920713820 HTTP/1.1" 200 28974 "https://zabbix.npinfo.com/screens.php?ddreset=1" "Mozilla/5.0 (Windows NT 10.0; Win64; x64) AppleWebKit/537.36 (KHTML, like Gecko) Chrome/60.0.3112.101 Safari/537.36"
209.180.207.160 - - [20/Sep/2017:08:18:34 -0700] "POST /jsrpc.php?output=json-rpc HTTP/1.1" 200 66 "https://zabbix.npinfo.com/zabbix.php?action=dashboard.view&ddreset=1&fullscreen=1" "Mozilla/5.0 (Windows NT 6.3; Win64; x64) AppleWebKit/537.36 (KHTML, like Gecko) Chrome/60.0.3112.113 Safari/537.36"
173.160.174.153 - - [20/Sep/2017:08:18:34 -0700] "POST /jsrpc.php?sid=374ae6359a772912&type=9&method=screen.get×tamp=1505920714236&mode=0&screenid=20&groupid=&hostid=&pageFile=screens.php&profileIdx=web.screens&profileIdx2=20&updateProfile=true&screenitemid=102&period=21600&stime=20180919120941 HTTP/1.1" 200 68705 "https://zabbix.npinfo.com/screens.php?elementid=20" "Mozilla/5.0 (Windows NT 10.0; Win64; x64) AppleWebKit/537.36 (KHTML, like Gecko) Chrome/60.0.3112.113 Safari/537.36"
173.160.174.153 - - [20/Sep/2017:08:18:38 -0700] "POST /jsrpc.php?output=json-rpc HTTP/1.1" 200 63 "https://zabbix.npinfo.com/screens.php" "Mozilla/5.0 (Windows NT 10.0; Win64; x64) AppleWebKit/537.36 (KHTML, like Gecko) Chrome/60.0.3112.113 Safari/537.36"
173.160.174.153 - - [20/Sep/2017:08:18:39 -0700] "POST /jsrpc.php?output=json-rpc HTTP/1.1" 200 66 "https://zabbix.npinfo.com/screens.php?ddreset=1" "Mozilla/5.0 (Windows NT 10.0; Win64; x64) AppleWebKit/537.36 (KHTML, like Gecko) Chrome/60.0.3112.101 Safari/537.36"
173.160.174.153 - - [20/Sep/2017:08:18:40 -0700] "POST /jsrpc.php?output=json-rpc HTTP/1.1" 200 63 "https://zabbix.npinfo.com/actionconf.php?ddreset=1" "Mozilla/5.0 (Windows NT 10.0; WOW64; rv:52.0) Gecko/20100101 Firefox/52.0"
173.160.174.153 - - [20/Sep/2017:08:18:41 -0700] "POST /jsrpc.php?output=json-rpc HTTP/1.1" 200 64 "https://zabbix.npinfo.com/screens.php" "Mozilla/5.0 (Windows NT 10.0; Win64; x64) AppleWebKit/537.36 (KHTML, like Gecko) Chrome/60.0.3112.113 Safari/537.36"
173.160.174.153 - - [20/Sep/2017:08:18:42 -0700] "POST /jsrpc.php?output=json-rpc HTTP/1.1" 200 65 "https://zabbix.npinfo.com/screens.php?elementid=20" "Mozilla/5.0 (Windows NT 10.0; Win64; x64) AppleWebKit/537.36 (KHTML, like Gecko) Chrome/60.0.3112.113 Safari/537.36"
209.180.207.160 - - [20/Sep/2017:08:18:44 -0700] "POST /jsrpc.php?output=json-rpc HTTP/1.1" 200 66 "https://zabbix.npinfo.com/zabbix.php?action=dashboard.view&ddreset=1&fullscreen=1" "Mozilla/5.0 (Windows NT 6.3; Win64; x64) AppleWebKit/537.36 (KHTML, like Gecko) Chrome/60.0.3112.113 Safari/537.36"
173.160.174.153 - - [20/Sep/2017:08:18:46 -0700] "GET /chart.php?itemids%5B%5D=89290&=&width=1750&height=100&period=21600&stime=20180919120941&updateProfile=1&profileIdx=web.screens&profileIdx2=20&sid=374ae6359a772912&screenid=20&curtime=1505920726120 HTTP/1.1" 200 29109 "https://zabbix.npinfo.com/screens.php?elementid=20" "Mozilla/5.0 (Windows NT 10.0; Win64; x64) AppleWebKit/537.36 (KHTML, like Gecko) Chrome/60.0.3112.113 Safari/537.36"
173.160.174.153 - - [20/Sep/2017:08:18:48 -0700] "POST /jsrpc.php?sid=396ce852eb16537b&type=9&method=screen.get×tamp=1505920728111&mode=0&screenid=20&groupid=&hostid=&pageFile=screens.php&profileIdx=web.screens&profileIdx2=20&updateProfile=true&screenitemid=102&period=60&stime=20180920063054 HTTP/1.1" 200 68705 "https://zabbix.npinfo.com/screens.php" "Mozilla/5.0 (Windows NT 10.0; Win64; x64) AppleWebKit/537.36 (KHTML, like Gecko) Chrome/60.0.3112.113 Safari/537.36"
173.160.174.153 - - [20/Sep/2017:08:18:48 -0700] "POST /jsrpc.php?output=json-rpc HTTP/1.1" 200 63 "https://zabbix.npinfo.com/screens.php" "Mozilla/5.0 (Windows NT 10.0; Win64; x64) AppleWebKit/537.36 (KHTML, like Gecko) Chrome/60.0.3112.113 Safari/537.36"
173.160.174.153 - - [20/Sep/2017:08:18:48 -0700] "GET /chart.php?itemids%5B%5D=89290&=&width=1750&height=100&period=60&stime=20180920063054&updateProfile=1&profileIdx=web.screens&profileIdx2=20&sid=396ce852eb16537b&screenid=20&curtime=1505920728116 HTTP/1.1" 200 21262 "https://zabbix.npinfo.com/screens.php" "Mozilla/5.0 (Windows NT 10.0; Win64; x64) AppleWebKit/537.36 (KHTML, like Gecko) Chrome/60.0.3112.113 Safari/537.36"
173.160.174.153 - - [20/Sep/2017:08:18:48 -0700] "GET /chart.php?itemids%5B%5D=89284&=&width=1750&height=100&period=60&stime=20180920063054&updateProfile=1&profileIdx=web.screens&profileIdx2=20&sid=396ce852eb16537b&screenid=20&curtime=1505920728113 HTTP/1.1" 200 21217 "https://zabbix.npinfo.com/screens.php" "Mozilla/5.0 (Windows NT 10.0; Win64; x64) AppleWebKit/537.36 (KHTML, like Gecko) Chrome/60.0.3112.113 Safari/537.36"
173.160.174.153 - - [20/Sep/2017:08:18:49 -0700] "POST /jsrpc.php?output=json-rpc HTTP/1.1" 200 66 "https://zabbix.npinfo.com/screens.php?ddreset=1" "Mozilla/5.0 (Windows NT 10.0; Win64; x64) AppleWebKit/537.36 (KHTML, like Gecko) Chrome/60.0.3112.101 Safari/537.36"
173.160.174.153 - - [20/Sep/2017:08:18:50 -0700] "POST /jsrpc.php?output=json-rpc HTTP/1.1" 200 63 "https://zabbix.npinfo.com/actionconf.php?ddreset=1" "Mozilla/5.0 (Windows NT 10.0; WOW64; rv:52.0) Gecko/20100101 Firefox/52.0"
173.160.174.153 - - [20/Sep/2017:08:18:51 -0700] "POST /jsrpc.php?output=json-rpc HTTP/1.1" 200 64 "https://zabbix.npinfo.com/screens.php" "Mozilla/5.0 (Windows NT 10.0; Win64; x64) AppleWebKit/537.36 (KHTML, like Gecko) Chrome/60.0.3112.113 Safari/537.36"
173.160.174.153 - - [20/Sep/2017:08:18:52 -0700] "POST /jsrpc.php?output=json-rpc HTTP/1.1" 200 65 "https://zabbix.npinfo.com/screens.php?elementid=20" "Mozilla/5.0 (Windows NT 10.0; Win64; x64) AppleWebKit/537.36 (KHTML, like Gecko) Chrome/60.0.3112.113 Safari/537.36"
173.160.174.153 - - [20/Sep/2017:08:18:53 -0700] "POST /jsrpc.php?sid=16abea0203ed0b2f&type=9&method=screen.get×tamp=1505920732175&mode=0&screenid=20&groupid=&hostid=&pageFile=screens.php&profileIdx=web.screens&profileIdx2=20&updateProfile=true&screenitemid=102&period=21600&stime=20180920021022 HTTP/1.1" 200 68705 "https://zabbix.npinfo.com/screens.php" "Mozilla/5.0 (Windows NT 10.0; Win64; x64) AppleWebKit/537.36 (KHTML, like Gecko) Chrome/60.0.3112.113 Safari/537.36"
173.160.174.153 - - [20/Sep/2017:08:18:53 -0700] "GET /chart.php?itemids%5B%5D=89284&=&width=1750&height=100&period=21600&stime=20180920021022&updateProfile=1&profileIdx=web.screens&profileIdx2=20&sid=16abea0203ed0b2f&screenid=20&curtime=1505920732191 HTTP/1.1" 200 29681 "https://zabbix.npinfo.com/screens.php" "Mozilla/5.0 (Windows NT 10.0; Win64; x64) AppleWebKit/537.36 (KHTML, like Gecko) Chrome/60.0.3112.113 Safari/537.36"
173.160.174.153 - - [20/Sep/2017:08:18:53 -0700] "GET /chart.php?itemids%5B%5D=89290&=&width=1750&height=100&period=21600&stime=20180920021022&updateProfile=1&profileIdx=web.screens&profileIdx2=20&sid=16abea0203ed0b2f&screenid=20&curtime=1505920732206 HTTP/1.1" 200 29422 "https://zabbix.npinfo.com/screens.php" "Mozilla/5.0 (Windows NT 10.0; Win64; x64) AppleWebKit/537.36 (KHTML, like Gecko) Chrome/60.0.3112.113 Safari/537.36"
209.180.207.160 - - [20/Sep/2017:08:18:54 -0700] "POST /jsrpc.php?output=json-rpc HTTP/1.1" 200 66 "https://zabbix.npinfo.com/zabbix.php?action=dashboard.view&ddreset=1&fullscreen=1" "Mozilla/5.0 (Windows NT 6.3; Win64; x64) AppleWebKit/537.36 (KHTML, like Gecko) Chrome/60.0.3112.113 Safari/537.36"
173.160.174.153 - - [20/Sep/2017:08:18:55 -0700] "POST /jsrpc.php?output=json-rpc HTTP/1.1" 200 38 "https://zabbix.npinfo.com/screens.php" "Mozilla/5.0 (Windows NT 10.0; Win64; x64) AppleWebKit/537.36 (KHTML, like Gecko) Chrome/60.0.3112.113 Safari/537.36"
173.160.174.153 - - [20/Sep/2017:08:18:55 -0700] "GET /chart.php?itemids%5B%5D=89284&=&width=1750&height=100&period=21600&stime=20180919120941&updateProfile=1&profileIdx=web.screens&profileIdx2=20&sid=374ae6359a772912&screenid=20&curtime=1505920735073 HTTP/1.1" 200 29567 "https://zabbix.npinfo.com/screens.php?elementid=20" "Mozilla/5.0 (Windows NT 10.0; Win64; x64) AppleWebKit/537.36 (KHTML, like Gecko) Chrome/60.0.3112.113 Safari/537.36"
173.160.174.153 - - [20/Sep/2017:08:18:58 -0700] "POST /jsrpc.php?output=json-rpc HTTP/1.1" 200 63 "https://zabbix.npinfo.com/screens.php" "Mozilla/5.0 (Windows NT 10.0; Win64; x64) AppleWebKit/537.36 (KHTML, like Gecko) Chrome/60.0.3112.113 Safari/537.36"
173.160.174.153 - - [20/Sep/2017:08:18:59 -0700] "GET /chart.php?itemids%5B%5D=89284&=&width=1750&height=100&period=21600&stime=20180918075326&updateProfile=1&profileIdx=web.screens&profileIdx2=20&sid=c2e332a5d9437331&screenid=20&curtime=1505920739811 HTTP/1.1" 200 29513 "https://zabbix.npinfo.com/screens.php?ddreset=1" "Mozilla/5.0 (Windows NT 10.0; Win64; x64) AppleWebKit/537.36 (KHTML, like Gecko) Chrome/60.0.3112.101 Safari/537.36"
173.160.174.153 - - [20/Sep/2017:08:19:00 -0700] "POST /jsrpc.php?output=json-rpc HTTP/1.1" 200 66 "https://zabbix.npinfo.com/screens.php?ddreset=1" "Mozilla/5.0 (Windows NT 10.0; Win64; x64) AppleWebKit/537.36 (KHTML, like Gecko) Chrome/60.0.3112.101 Safari/537.36"
173.160.174.153 - - [20/Sep/2017:08:19:00 -0700] "POST /jsrpc.php?output=json-rpc HTTP/1.1" 200 63 "https://zabbix.npinfo.com/actionconf.php?ddreset=1" "Mozilla/5.0 (Windows NT 10.0; WOW64; rv:52.0) Gecko/20100101 Firefox/52.0"
173.160.174.153 - - [20/Sep/2017:08:19:02 -0700] "POST /jsrpc.php?output=json-rpc HTTP/1.1" 200 64 "https://zabbix.npinfo.com/screens.php" "Mozilla/5.0 (Windows NT 10.0; Win64; x64) AppleWebKit/537.36 (KHTML, like Gecko) Chrome/60.0.3112.113 Safari/537.36"
173.160.174.153 - - [20/Sep/2017:08:19:02 -0700] "POST /jsrpc.php?output=json-rpc HTTP/1.1" 200 65 "https://zabbix.npinfo.com/screens.php?elementid=20" "Mozilla/5.0 (Windows NT 10.0; Win64; x64) AppleWebKit/537.36 (KHTML, like Gecko) Chrome/60.0.3112.113 Safari/537.36"
209.180.207.160 - - [20/Sep/2017:08:19:04 -0700] "POST /jsrpc.php?output=json-rpc HTTP/1.1" 200 66 "https://zabbix.npinfo.com/zabbix.php?action=dashboard.view&ddreset=1&fullscreen=1" "Mozilla/5.0 (Windows NT 6.3; Win64; x64) AppleWebKit/537.36 (KHTML, like Gecko) Chrome/60.0.3112.113 Safari/537.36"
173.160.174.153 - - [20/Sep/2017:08:19:04 -0700] "POST /jsrpc.php?sid=374ae6359a772912&type=9&method=screen.get×tamp=1505920744239&mode=0&screenid=20&groupid=&hostid=&pageFile=screens.php&profileIdx=web.screens&profileIdx2=20&updateProfile=true&screenitemid=102&period=21600&stime=20180919120941 HTTP/1.1" 200 68701 "https://zabbix.npinfo.com/screens.php?elementid=20" "Mozilla/5.0 (Windows NT 10.0; Win64; x64) AppleWebKit/537.36 (KHTML, like Gecko) Chrome/60.0.3112.113 Safari/537.36"
173.160.174.153 - - [20/Sep/2017:08:19:04 -0700] "POST /jsrpc.php?sid=c2e332a5d9437331&type=9&method=screen.get×tamp=1505920744820&mode=0&screenid=20&groupid=&hostid=&pageFile=screens.php&profileIdx=web.screens&profileIdx2=20&updateProfile=true&screenitemid=102&period=21600&stime=20180918075326 HTTP/1.1" 200 68701 "https://zabbix.npinfo.com/screens.php?ddreset=1" "Mozilla/5.0 (Windows NT 10.0; Win64; x64) AppleWebKit/537.36 (KHTML, like Gecko) Chrome/60.0.3112.101 Safari/537.36"
173.160.174.153 - - [20/Sep/2017:08:19:04 -0700] "GET /chart.php?itemids%5B%5D=89290&=&width=1750&height=100&period=21600&stime=20180918075326&updateProfile=1&profileIdx=web.screens&profileIdx2=20&sid=c2e332a5d9437331&screenid=20&curtime=1505920744818 HTTP/1.1" 200 29085 "https://zabbix.npinfo.com/screens.php?ddreset=1" "Mozilla/5.0 (Windows NT 10.0; Win64; x64) AppleWebKit/537.36 (KHTML, like Gecko) Chrome/60.0.3112.101 Safari/537.36"
209.180.207.160 - - [20/Sep/2017:08:19:05 -0700] "POST /zabbix.php?action=widget.discovery.view&sid=44299d61df12800d&upd_counter=5713&pmasterid=dashboard HTTP/1.1" 200 416 "https://zabbix.npinfo.com/zabbix.php?action=dashboard.view&ddreset=1&fullscreen=1" "Mozilla/5.0 (Windows NT 6.3; Win64; x64) AppleWebKit/537.36 (KHTML, like Gecko) Chrome/60.0.3112.113 Safari/537.36"
209.180.207.160 - - [20/Sep/2017:08:19:05 -0700] "POST /zabbix.php?action=widget.web.view&sid=44299d61df12800d&upd_counter=5713&pmasterid=dashboard HTTP/1.1" 200 674 "https://zabbix.npinfo.com/zabbix.php?action=dashboard.view&ddreset=1&fullscreen=1" "Mozilla/5.0 (Windows NT 6.3; Win64; x64) AppleWebKit/537.36 (KHTML, like Gecko) Chrome/60.0.3112.113 Safari/537.36"
209.180.207.160 - - [20/Sep/2017:08:19:05 -0700] "POST /zabbix.php?action=widget.issues.view&sid=44299d61df12800d&upd_counter=5713&pmasterid=dashboard HTTP/1.1" 200 12043 "https://zabbix.npinfo.com/zabbix.php?action=dashboard.view&ddreset=1&fullscreen=1" "Mozilla/5.0 (Windows NT 6.3; Win64; x64) AppleWebKit/537.36 (KHTML, like Gecko) Chrome/60.0.3112.113 Safari/537.36"
209.180.207.160 - - [20/Sep/2017:08:19:05 -0700] "POST /zabbix.php?action=widget.system.view&sid=44299d61df12800d&upd_counter=5713&pmasterid=dashboard HTTP/1.1" 200 58863 "https://zabbix.npinfo.com/zabbix.php?action=dashboard.view&ddreset=1&fullscreen=1" "Mozilla/5.0 (Windows NT 6.3; Win64; x64) AppleWebKit/537.36 (KHTML, like Gecko) Chrome/60.0.3112.113 Safari/537.36"
209.180.207.160 - - [20/Sep/2017:08:19:05 -0700] "POST /zabbix.php?action=widget.hosts.view&sid=44299d61df12800d&upd_counter=5713&pmasterid=dashboard HTTP/1.1" 200 36497 "https://zabbix.npinfo.com/zabbix.php?action=dashboard.view&ddreset=1&fullscreen=1" "Mozilla/5.0 (Windows NT 6.3; Win64; x64) AppleWebKit/537.36 (KHTML, like Gecko) Chrome/60.0.3112.113 Safari/537.36"
209.180.207.160 - - [20/Sep/2017:08:19:05 -0700] "POST /zabbix.php?action=widget.status.view&sid=44299d61df12800d&upd_counter=5713&pmasterid=dashboard HTTP/1.1" 200 1304 "https://zabbix.npinfo.com/zabbix.php?action=dashboard.view&ddreset=1&fullscreen=1" "Mozilla/5.0 (Windows NT 6.3; Win64; x64) AppleWebKit/537.36 (KHTML, like Gecko) Chrome/60.0.3112.113 Safari/537.36"
173.160.174.153 - - [20/Sep/2017:08:19:08 -0700] "POST /jsrpc.php?output=json-rpc HTTP/1.1" 200 63 "https://zabbix.npinfo.com/screens.php" "Mozilla/5.0 (Windows NT 10.0; Win64; x64) AppleWebKit/537.36 (KHTML, like Gecko) Chrome/60.0.3112.113 Safari/537.36"
173.160.174.153 - - [20/Sep/2017:08:19:09 -0700] "POST /jsrpc.php?sid=396ce852eb16537b&type=9&method=screen.get×tamp=1505920749112&mode=0&screenid=20&groupid=&hostid=&pageFile=screens.php&profileIdx=web.screens&profileIdx2=20&updateProfile=true&screenitemid=102&period=60&stime=20180920063054 HTTP/1.1" 200 68705 "https://zabbix.npinfo.com/screens.php" "Mozilla/5.0 (Windows NT 10.0; Win64; x64) AppleWebKit/537.36 (KHTML, like Gecko) Chrome/60.0.3112.113 Safari/537.36"
173.160.174.153 - - [20/Sep/2017:08:19:09 -0700] "GET /chart.php?itemids%5B%5D=89284&=&width=1750&height=100&period=60&stime=20180920063054&updateProfile=1&profileIdx=web.screens&profileIdx2=20&sid=396ce852eb16537b&screenid=20&curtime=1505920749117 HTTP/1.1" 200 21161 "https://zabbix.npinfo.com/screens.php" "Mozilla/5.0 (Windows NT 10.0; Win64; x64) AppleWebKit/537.36 (KHTML, like Gecko) Chrome/60.0.3112.113 Safari/537.36"
173.160.174.153 - - [20/Sep/2017:08:19:09 -0700] "GET /chart.php?itemids%5B%5D=89290&=&width=1750&height=100&period=60&stime=20180920063054&updateProfile=1&profileIdx=web.screens&profileIdx2=20&sid=396ce852eb16537b&screenid=20&curtime=1505920749120 HTTP/1.1" 200 21258 "https://zabbix.npinfo.com/screens.php" "Mozilla/5.0 (Windows NT 10.0; Win64; x64) AppleWebKit/537.36 (KHTML, like Gecko) Chrome/60.0.3112.113 Safari/537.36"
173.160.174.153 - - [20/Sep/2017:08:19:10 -0700] "POST /jsrpc.php?output=json-rpc HTTP/1.1" 200 63 "https://zabbix.npinfo.com/actionconf.php?ddreset=1" "Mozilla/5.0 (Windows NT 10.0; WOW64; rv:52.0) Gecko/20100101 Firefox/52.0"
173.160.174.153 - - [20/Sep/2017:08:19:11 -0700] "POST /jsrpc.php?output=json-rpc HTTP/1.1" 200 66 "https://zabbix.npinfo.com/screens.php?ddreset=1" "Mozilla/5.0 (Windows NT 10.0; Win64; x64) AppleWebKit/537.36 (KHTML, like Gecko) Chrome/60.0.3112.101 Safari/537.36"
173.160.174.153 - - [20/Sep/2017:08:19:10 -0700] "GET /latest.php?ddreset=1 HTTP/1.1" 500 - "https://zabbix.npinfo.com/actionconf.php?ddreset=1" "Mozilla/5.0 (Windows NT 10.0; WOW64; rv:52.0) Gecko/20100101 Firefox/52.0"
173.160.174.153 - - [20/Sep/2017:08:19:12 -0700] "POST /jsrpc.php?output=json-rpc HTTP/1.1" 200 64 "https://zabbix.npinfo.com/screens.php" "Mozilla/5.0 (Windows NT 10.0; Win64; x64) AppleWebKit/537.36 (KHTML, like Gecko) Chrome/60.0.3112.113 Safari/537.36"
173.160.174.153 - - [20/Sep/2017:08:19:12 -0700] "POST /jsrpc.php?output=json-rpc HTTP/1.1" 200 65 "https://zabbix.npinfo.com/screens.php?elementid=20" "Mozilla/5.0 (Windows NT 10.0; Win64; x64) AppleWebKit/537.36 (KHTML, like Gecko) Chrome/60.0.3112.113 Safari/537.36"
209.180.207.160 - - [20/Sep/2017:08:19:14 -0700] "POST /jsrpc.php?output=json-rpc HTTP/1.1" 200 66 "https://zabbix.npinfo.com/zabbix.php?action=dashboard.view&ddreset=1&fullscreen=1" "Mozilla/5.0 (Windows NT 6.3; Win64; x64) AppleWebKit/537.36 (KHTML, like Gecko) Chrome/60.0.3112.113 Safari/537.36"
173.160.174.153 - - [20/Sep/2017:08:19:16 -0700] "GET /chart.php?itemids%5B%5D=89290&=&width=1750&height=100&period=21600&stime=20180919120941&updateProfile=1&profileIdx=web.screens&profileIdx2=20&sid=374ae6359a772912&screenid=20&curtime=1505920756122 HTTP/1.1" 200 28984 "https://zabbix.npinfo.com/screens.php?elementid=20" "Mozilla/5.0 (Windows NT 10.0; Win64; x64) AppleWebKit/537.36 (KHTML, like Gecko) Chrome/60.0.3112.113 Safari/537.36"
173.160.174.153 - - [20/Sep/2017:08:19:18 -0700] "POST /jsrpc.php?output=json-rpc HTTP/1.1" 200 63 "https://zabbix.npinfo.com/screens.php" "Mozilla/5.0 (Windows NT 10.0; Win64; x64) AppleWebKit/537.36 (KHTML, like Gecko) Chrome/60.0.3112.113 Safari/537.36"
173.160.174.153 - - [20/Sep/2017:08:19:18 -0700] "GET /actionconf.php?ddreset=1 HTTP/1.1" 200 12467 "https://zabbix.npinfo.com/zabbix.php?action=dashboard.view" "Mozilla/5.0 (Windows NT 10.0; WOW64; rv:52.0) Gecko/20100101 Firefox/52.0"
173.160.174.153 - - [20/Sep/2017:08:19:19 -0700] "POST /jsrpc.php?output=json-rpc HTTP/1.1" 200 376 "https://zabbix.npinfo.com/actionconf.php?ddreset=1" "Mozilla/5.0 (Windows NT 10.0; WOW64; rv:52.0) Gecko/20100101 Firefox/52.0"
173.160.174.153 - - [20/Sep/2017:08:19:21 -0700] "POST /jsrpc.php?output=json-rpc HTTP/1.1" 200 66 "https://zabbix.npinfo.com/screens.php?ddreset=1" "Mozilla/5.0 (Windows NT 10.0; Win64; x64) AppleWebKit/537.36 (KHTML, like Gecko) Chrome/60.0.3112.101 Safari/537.36"
173.160.174.153 - - [20/Sep/2017:08:19:22 -0700] "POST /jsrpc.php?output=json-rpc HTTP/1.1" 200 65 "https://zabbix.npinfo.com/screens.php?elementid=20" "Mozilla/5.0 (Windows NT 10.0; Win64; x64) AppleWebKit/537.36 (KHTML, like Gecko) Chrome/60.0.3112.113 Safari/537.36"
173.160.174.153 - - [20/Sep/2017:08:19:23 -0700] "POST /jsrpc.php?output=json-rpc HTTP/1.1" 200 64 "https://zabbix.npinfo.com/screens.php" "Mozilla/5.0 (Windows NT 10.0; Win64; x64) AppleWebKit/537.36 (KHTML, like Gecko) Chrome/60.0.3112.113 Safari/537.36"
173.160.174.153 - - [20/Sep/2017:08:19:23 -0700] "GET /chart.php?itemids%5B%5D=89284&=&width=1750&height=100&period=21600&stime=20180920021022&updateProfile=1&profileIdx=web.screens&profileIdx2=20&sid=16abea0203ed0b2f&screenid=20&curtime=1505920762194 HTTP/1.1" 200 29337 "https://zabbix.npinfo.com/screens.php" "Mozilla/5.0 (Windows NT 10.0; Win64; x64) AppleWebKit/537.36 (KHTML, like Gecko) Chrome/60.0.3112.113 Safari/537.36"
173.160.174.153 - - [20/Sep/2017:08:19:23 -0700] "POST /jsrpc.php?sid=16abea0203ed0b2f&type=9&method=screen.get×tamp=1505920762176&mode=0&screenid=20&groupid=&hostid=&pageFile=screens.php&profileIdx=web.screens&profileIdx2=20&updateProfile=true&screenitemid=102&period=21600&stime=20180920021022 HTTP/1.1" 200 68705 "https://zabbix.npinfo.com/screens.php" "Mozilla/5.0 (Windows NT 10.0; Win64; x64) AppleWebKit/537.36 (KHTML, like Gecko) Chrome/60.0.3112.113 Safari/537.36"
173.160.174.153 - - [20/Sep/2017:08:19:23 -0700] "GET /chart.php?itemids%5B%5D=89290&=&width=1750&height=100&period=21600&stime=20180920021022&updateProfile=1&profileIdx=web.screens&profileIdx2=20&sid=16abea0203ed0b2f&screenid=20&curtime=1505920762208 HTTP/1.1" 200 29077 "https://zabbix.npinfo.com/screens.php" "Mozilla/5.0 (Windows NT 10.0; Win64; x64) AppleWebKit/537.36 (KHTML, like Gecko) Chrome/60.0.3112.113 Safari/537.36"
209.180.207.160 - - [20/Sep/2017:08:19:24 -0700] "POST /jsrpc.php?output=json-rpc HTTP/1.1" 200 66 "https://zabbix.npinfo.com/zabbix.php?action=dashboard.view&ddreset=1&fullscreen=1" "Mozilla/5.0 (Windows NT 6.3; Win64; x64) AppleWebKit/537.36 (KHTML, like Gecko) Chrome/60.0.3112.113 Safari/537.36"
173.160.174.153 - - [20/Sep/2017:08:19:24 -0700] "POST /jsrpc.php?output=json-rpc HTTP/1.1" 200 62 "https://zabbix.npinfo.com/actionconf.php?ddreset=1" "Mozilla/5.0 (Windows NT 10.0; WOW64; rv:52.0) Gecko/20100101 Firefox/52.0"
173.160.174.153 - - [20/Sep/2017:08:19:25 -0700] "GET /chart.php?itemids%5B%5D=89284&=&width=1750&height=100&period=21600&stime=20180919120941&updateProfile=1&profileIdx=web.screens&profileIdx2=20&sid=374ae6359a772912&screenid=20&curtime=1505920765075 HTTP/1.1" 200 29767 "https://zabbix.npinfo.com/screens.php?elementid=20" "Mozilla/5.0 (Windows NT 10.0; Win64; x64) AppleWebKit/537.36 (KHTML, like Gecko) Chrome/60.0.3112.113 Safari/537.36"
173.160.174.153 - - [20/Sep/2017:08:19:28 -0700] "POST /jsrpc.php?output=json-rpc HTTP/1.1" 200 63 "https://zabbix.npinfo.com/screens.php" "Mozilla/5.0 (Windows NT 10.0; Win64; x64) AppleWebKit/537.36 (KHTML, like Gecko) Chrome/60.0.3112.113 Safari/537.36"
173.160.174.153 - - [20/Sep/2017:08:19:29 -0700] "GET /chart.php?itemids%5B%5D=89284&=&width=1750&height=100&period=21600&stime=20180918075326&updateProfile=1&profileIdx=web.screens&profileIdx2=20&sid=c2e332a5d9437331&screenid=20&curtime=1505920769814 HTTP/1.1" 200 29621 "https://zabbix.npinfo.com/screens.php?ddreset=1" "Mozilla/5.0 (Windows NT 10.0; Win64; x64) AppleWebKit/537.36 (KHTML, like Gecko) Chrome/60.0.3112.101 Safari/537.36"
173.160.174.153 - - [20/Sep/2017:08:19:30 -0700] "POST /jsrpc.php?sid=396ce852eb16537b&type=9&method=screen.get×tamp=1505920770111&mode=0&screenid=20&groupid=&hostid=&pageFile=screens.php&profileIdx=web.screens&profileIdx2=20&updateProfile=true&screenitemid=102&period=60&stime=20180920063054 HTTP/1.1" 200 68705 "https://zabbix.npinfo.com/screens.php" "Mozilla/5.0 (Windows NT 10.0; Win64; x64) AppleWebKit/537.36 (KHTML, like Gecko) Chrome/60.0.3112.113 Safari/537.36"
173.160.174.153 - - [20/Sep/2017:08:19:30 -0700] "GET /chart.php?itemids%5B%5D=89290&=&width=1750&height=100&period=60&stime=20180920063054&updateProfile=1&profileIdx=web.screens&profileIdx2=20&sid=396ce852eb16537b&screenid=20&curtime=1505920770118 HTTP/1.1" 200 21338 "https://zabbix.npinfo.com/screens.php" "Mozilla/5.0 (Windows NT 10.0; Win64; x64) AppleWebKit/537.36 (KHTML, like Gecko) Chrome/60.0.3112.113 Safari/537.36"
173.160.174.153 - - [20/Sep/2017:08:19:30 -0700] "GET /chart.php?itemids%5B%5D=89284&=&width=1750&height=100&period=60&stime=20180920063054&updateProfile=1&profileIdx=web.screens&profileIdx2=20&sid=396ce852eb16537b&screenid=20&curtime=1505920770115 HTTP/1.1" 200 21255 "https://zabbix.npinfo.com/screens.php" "Mozilla/5.0 (Windows NT 10.0; Win64; x64) AppleWebKit/537.36 (KHTML, like Gecko) Chrome/60.0.3112.113 Safari/537.36"
173.160.174.153 - - [20/Sep/2017:08:19:31 -0700] "POST /jsrpc.php?output=json-rpc HTTP/1.1" 200 66 "https://zabbix.npinfo.com/screens.php?ddreset=1" "Mozilla/5.0 (Windows NT 10.0; Win64; x64) AppleWebKit/537.36 (KHTML, like Gecko) Chrome/60.0.3112.101 Safari/537.36"
173.160.174.153 - - [20/Sep/2017:08:19:32 -0700] "POST /jsrpc.php?output=json-rpc HTTP/1.1" 200 65 "https://zabbix.npinfo.com/screens.php?elementid=20" "Mozilla/5.0 (Windows NT 10.0; Win64; x64) AppleWebKit/537.36 (KHTML, like Gecko) Chrome/60.0.3112.113 Safari/537.36"
173.160.174.153 - - [20/Sep/2017:08:19:34 -0700] "POST /jsrpc.php?output=json-rpc HTTP/1.1" 200 64 "https://zabbix.npinfo.com/screens.php" "Mozilla/5.0 (Windows NT 10.0; Win64; x64) AppleWebKit/537.36 (KHTML, like Gecko) Chrome/60.0.3112.113 Safari/537.36"
209.180.207.160 - - [20/Sep/2017:08:19:34 -0700] "POST /jsrpc.php?output=json-rpc HTTP/1.1" 200 66 "https://zabbix.npinfo.com/zabbix.php?action=dashboard.view&ddreset=1&fullscreen=1" "Mozilla/5.0 (Windows NT 6.3; Win64; x64) AppleWebKit/537.36 (KHTML, like Gecko) Chrome/60.0.3112.113 Safari/537.36"
173.160.174.153 - - [20/Sep/2017:08:19:34 -0700] "POST /jsrpc.php?sid=374ae6359a772912&type=9&method=screen.get×tamp=1505920774240&mode=0&screenid=20&groupid=&hostid=&pageFile=screens.php&profileIdx=web.screens&profileIdx2=20&updateProfile=true&screenitemid=102&period=21600&stime=20180919120941 HTTP/1.1" 200 68705 "https://zabbix.npinfo.com/screens.php?elementid=20" "Mozilla/5.0 (Windows NT 10.0; Win64; x64) AppleWebKit/537.36 (KHTML, like Gecko) Chrome/60.0.3112.113 Safari/537.36"
173.160.174.153 - - [20/Sep/2017:08:19:34 -0700] "POST /jsrpc.php?output=json-rpc HTTP/1.1" 200 62 "https://zabbix.npinfo.com/actionconf.php?ddreset=1" "Mozilla/5.0 (Windows NT 10.0; WOW64; rv:52.0) Gecko/20100101 Firefox/52.0"
173.160.174.153 - - [20/Sep/2017:08:19:35 -0700] "POST /jsrpc.php?sid=c2e332a5d9437331&type=9&method=screen.get×tamp=1505920775817&mode=0&screenid=20&groupid=&hostid=&pageFile=screens.php&profileIdx=web.screens&profileIdx2=20&updateProfile=true&screenitemid=102&period=21600&stime=20180918075326 HTTP/1.1" 200 68705 "https://zabbix.npinfo.com/screens.php?ddreset=1" "Mozilla/5.0 (Windows NT 10.0; Win64; x64) AppleWebKit/537.36 (KHTML, like Gecko) Chrome/60.0.3112.101 Safari/537.36"
173.160.174.153 - - [20/Sep/2017:08:19:35 -0700] "GET /chart.php?itemids%5B%5D=89290&=&width=1750&height=100&period=21600&stime=20180918075326&updateProfile=1&profileIdx=web.screens&profileIdx2=20&sid=c2e332a5d9437331&screenid=20&curtime=1505920775815 HTTP/1.1" 200 28867 "https://zabbix.npinfo.com/screens.php?ddreset=1" "Mozilla/5.0 (Windows NT 10.0; Win64; x64) AppleWebKit/537.36 (KHTML, like Gecko) Chrome/60.0.3112.101 Safari/537.36"
173.160.174.153 - - [20/Sep/2017:08:19:38 -0700] "POST /jsrpc.php?output=json-rpc HTTP/1.1" 200 63 "https://zabbix.npinfo.com/screens.php" "Mozilla/5.0 (Windows NT 10.0; Win64; x64) AppleWebKit/537.36 (KHTML, like Gecko) Chrome/60.0.3112.113 Safari/537.36"
173.160.174.153 - - [20/Sep/2017:08:19:42 -0700] "POST /jsrpc.php?output=json-rpc HTTP/1.1" 200 65 "https://zabbix.npinfo.com/screens.php?elementid=20" "Mozilla/5.0 (Windows NT 10.0; Win64; x64) AppleWebKit/537.36 (KHTML, like Gecko) Chrome/60.0.3112.113 Safari/537.36"
173.160.174.153 - - [20/Sep/2017:08:19:42 -0700] "POST /jsrpc.php?output=json-rpc HTTP/1.1" 200 66 "https://zabbix.npinfo.com/screens.php?ddreset=1" "Mozilla/5.0 (Windows NT 10.0; Win64; x64) AppleWebKit/537.36 (KHTML, like Gecko) Chrome/60.0.3112.101 Safari/537.36"
209.180.207.160 - - [20/Sep/2017:08:19:44 -0700] "POST /jsrpc.php?output=json-rpc HTTP/1.1" 200 66 "https://zabbix.npinfo.com/zabbix.php?action=dashboard.view&ddreset=1&fullscreen=1" "Mozilla/5.0 (Windows NT 6.3; Win64; x64) AppleWebKit/537.36 (KHTML, like Gecko) Chrome/60.0.3112.113 Safari/537.36"
173.160.174.153 - - [20/Sep/2017:08:19:44 -0700] "POST /jsrpc.php?output=json-rpc HTTP/1.1" 200 62 "https://zabbix.npinfo.com/actionconf.php?ddreset=1" "Mozilla/5.0 (Windows NT 10.0; WOW64; rv:52.0) Gecko/20100101 Firefox/52.0"
173.160.174.153 - - [20/Sep/2017:08:19:45 -0700] "POST /jsrpc.php?output=json-rpc HTTP/1.1" 200 64 "https://zabbix.npinfo.com/screens.php" "Mozilla/5.0 (Windows NT 10.0; Win64; x64) AppleWebKit/537.36 (KHTML, like Gecko) Chrome/60.0.3112.113 Safari/537.36"
173.160.174.153 - - [20/Sep/2017:08:19:46 -0700] "GET /chart.php?itemids%5B%5D=89290&=&width=1750&height=100&period=21600&stime=20180919120941&updateProfile=1&profileIdx=web.screens&profileIdx2=20&sid=374ae6359a772912&screenid=20&curtime=1505920786123 HTTP/1.1" 200 29179 "https://zabbix.npinfo.com/screens.php?elementid=20" "Mozilla/5.0 (Windows NT 10.0; Win64; x64) AppleWebKit/537.36 (KHTML, like Gecko) Chrome/60.0.3112.113 Safari/537.36"
173.160.174.153 - - [20/Sep/2017:08:19:48 -0700] "POST /jsrpc.php?output=json-rpc HTTP/1.1" 200 63 "https://zabbix.npinfo.com/screens.php" "Mozilla/5.0 (Windows NT 10.0; Win64; x64) AppleWebKit/537.36 (KHTML, like Gecko) Chrome/60.0.3112.113 Safari/537.36"
173.160.174.153 - - [20/Sep/2017:08:19:51 -0700] "GET /chart.php?itemids%5B%5D=89284&=&width=1750&height=100&period=60&stime=20180920063054&updateProfile=1&profileIdx=web.screens&profileIdx2=20&sid=396ce852eb16537b&screenid=20&curtime=1505920791114 HTTP/1.1" 200 21478 "https://zabbix.npinfo.com/screens.php" "Mozilla/5.0 (Windows NT 10.0; Win64; x64) AppleWebKit/537.36 (KHTML, like Gecko) Chrome/60.0.3112.113 Safari/537.36"
173.160.174.153 - - [20/Sep/2017:08:19:51 -0700] "POST /jsrpc.php?sid=396ce852eb16537b&type=9&method=screen.get×tamp=1505920791111&mode=0&screenid=20&groupid=&hostid=&pageFile=screens.php&profileIdx=web.screens&profileIdx2=20&updateProfile=true&screenitemid=102&period=60&stime=20180920063054 HTTP/1.1" 200 68705 "https://zabbix.npinfo.com/screens.php" "Mozilla/5.0 (Windows NT 10.0; Win64; x64) AppleWebKit/537.36 (KHTML, like Gecko) Chrome/60.0.3112.113 Safari/537.36"
173.160.174.153 - - [20/Sep/2017:08:19:51 -0700] "GET /chart.php?itemids%5B%5D=89290&=&width=1750&height=100&period=60&stime=20180920063054&updateProfile=1&profileIdx=web.screens&profileIdx2=20&sid=396ce852eb16537b&screenid=20&curtime=1505920791117 HTTP/1.1" 200 21101 "https://zabbix.npinfo.com/screens.php" "Mozilla/5.0 (Windows NT 10.0; Win64; x64) AppleWebKit/537.36 (KHTML, like Gecko) Chrome/60.0.3112.113 Safari/537.36"
173.160.174.153 - - [20/Sep/2017:08:19:52 -0700] "POST /jsrpc.php?output=json-rpc HTTP/1.1" 200 65 "https://zabbix.npinfo.com/screens.php?elementid=20" "Mozilla/5.0 (Windows NT 10.0; Win64; x64) AppleWebKit/537.36 (KHTML, like Gecko) Chrome/60.0.3112.113 Safari/537.36"
173.160.174.153 - - [20/Sep/2017:08:19:52 -0700] "POST /jsrpc.php?output=json-rpc HTTP/1.1" 200 66 "https://zabbix.npinfo.com/screens.php?ddreset=1" "Mozilla/5.0 (Windows NT 10.0; Win64; x64) AppleWebKit/537.36 (KHTML, like Gecko) Chrome/60.0.3112.101 Safari/537.36"
173.160.174.153 - - [20/Sep/2017:08:19:53 -0700] "POST /jsrpc.php?sid=16abea0203ed0b2f&type=9&method=screen.get×tamp=1505920792178&mode=0&screenid=20&groupid=&hostid=&pageFile=screens.php&profileIdx=web.screens&profileIdx2=20&updateProfile=true&screenitemid=102&period=21600&stime=20180920021022 HTTP/1.1" 200 68705 "https://zabbix.npinfo.com/screens.php" "Mozilla/5.0 (Windows NT 10.0; Win64; x64) AppleWebKit/537.36 (KHTML, like Gecko) Chrome/60.0.3112.113 Safari/537.36"
173.160.174.153 - - [20/Sep/2017:08:19:53 -0700] "GET /chart.php?itemids%5B%5D=89284&=&width=1750&height=100&period=21600&stime=20180920021022&updateProfile=1&profileIdx=web.screens&profileIdx2=20&sid=16abea0203ed0b2f&screenid=20&curtime=1505920792197 HTTP/1.1" 200 29602 "https://zabbix.npinfo.com/screens.php" "Mozilla/5.0 (Windows NT 10.0; Win64; x64) AppleWebKit/537.36 (KHTML, like Gecko) Chrome/60.0.3112.113 Safari/537.36"
173.160.174.153 - - [20/Sep/2017:08:19:53 -0700] "GET /chart.php?itemids%5B%5D=89290&=&width=1750&height=100&period=21600&stime=20180920021022&updateProfile=1&profileIdx=web.screens&profileIdx2=20&sid=16abea0203ed0b2f&screenid=20&curtime=1505920792212 HTTP/1.1" 200 29151 "https://zabbix.npinfo.com/screens.php" "Mozilla/5.0 (Windows NT 10.0; Win64; x64) AppleWebKit/537.36 (KHTML, like Gecko) Chrome/60.0.3112.113 Safari/537.36"
209.180.207.160 - - [20/Sep/2017:08:19:54 -0700] "POST /jsrpc.php?output=json-rpc HTTP/1.1" 200 66 "https://zabbix.npinfo.com/zabbix.php?action=dashboard.view&ddreset=1&fullscreen=1" "Mozilla/5.0 (Windows NT 6.3; Win64; x64) AppleWebKit/537.36 (KHTML, like Gecko) Chrome/60.0.3112.113 Safari/537.36"
173.160.174.153 - - [20/Sep/2017:08:19:54 -0700] "POST /jsrpc.php?output=json-rpc HTTP/1.1" 200 62 "https://zabbix.npinfo.com/actionconf.php?ddreset=1" "Mozilla/5.0 (Windows NT 10.0; WOW64; rv:52.0) Gecko/20100101 Firefox/52.0"
173.160.174.153 - - [20/Sep/2017:08:19:55 -0700] "POST /jsrpc.php?output=json-rpc HTTP/1.1" 200 38 "https://zabbix.npinfo.com/screens.php" "Mozilla/5.0 (Windows NT 10.0; Win64; x64) AppleWebKit/537.36 (KHTML, like Gecko) Chrome/60.0.3112.113 Safari/537.36"
173.160.174.153 - - [20/Sep/2017:08:19:55 -0700] "GET /chart.php?itemids%5B%5D=89284&=&width=1750&height=100&period=21600&stime=20180919120941&updateProfile=1&profileIdx=web.screens&profileIdx2=20&sid=374ae6359a772912&screenid=20&curtime=1505920795076 HTTP/1.1" 200 29578 "https://zabbix.npinfo.com/screens.php?elementid=20" "Mozilla/5.0 (Windows NT 10.0; Win64; x64) AppleWebKit/537.36 (KHTML, like Gecko) Chrome/60.0.3112.113 Safari/537.36"
173.160.174.153 - - [20/Sep/2017:08:19:56 -0700] "POST /jsrpc.php?output=json-rpc HTTP/1.1" 200 64 "https://zabbix.npinfo.com/screens.php" "Mozilla/5.0 (Windows NT 10.0; Win64; x64) AppleWebKit/537.36 (KHTML, like Gecko) Chrome/60.0.3112.113 Safari/537.36"
173.160.174.153 - - [20/Sep/2017:08:19:58 -0700] "POST /jsrpc.php?output=json-rpc HTTP/1.1" 200 63 "https://zabbix.npinfo.com/screens.php" "Mozilla/5.0 (Windows NT 10.0; Win64; x64) AppleWebKit/537.36 (KHTML, like Gecko) Chrome/60.0.3112.113 Safari/537.36"
173.160.174.153 - - [20/Sep/2017:08:20:00 -0700] "GET /chart.php?itemids%5B%5D=89284&=&width=1750&height=100&period=21600&stime=20180918075326&updateProfile=1&profileIdx=web.screens&profileIdx2=20&sid=c2e332a5d9437331&screenid=20&curtime=1505920800812 HTTP/1.1" 200 29180 "https://zabbix.npinfo.com/screens.php?ddreset=1" "Mozilla/5.0 (Windows NT 10.0; Win64; x64) AppleWebKit/537.36 (KHTML, like Gecko) Chrome/60.0.3112.101 Safari/537.36"
173.160.174.153 - - [20/Sep/2017:08:20:02 -0700] "POST /jsrpc.php?output=json-rpc HTTP/1.1" 200 65 "https://zabbix.npinfo.com/screens.php?elementid=20" "Mozilla/5.0 (Windows NT 10.0; Win64; x64) AppleWebKit/537.36 (KHTML, like Gecko) Chrome/60.0.3112.113 Safari/537.36"
173.160.174.153 - - [20/Sep/2017:08:20:02 -0700] "POST /jsrpc.php?output=json-rpc HTTP/1.1" 200 66 "https://zabbix.npinfo.com/screens.php?ddreset=1" "Mozilla/5.0 (Windows NT 10.0; Win64; x64) AppleWebKit/537.36 (KHTML, like Gecko) Chrome/60.0.3112.101 Safari/537.36"
209.180.207.160 - - [20/Sep/2017:08:20:04 -0700] "POST /jsrpc.php?output=json-rpc HTTP/1.1" 200 66 "https://zabbix.npinfo.com/zabbix.php?action=dashboard.view&ddreset=1&fullscreen=1" "Mozilla/5.0 (Windows NT 6.3; Win64; x64) AppleWebKit/537.36 (KHTML, like Gecko) Chrome/60.0.3112.113 Safari/537.36"
173.160.174.153 - - [20/Sep/2017:08:20:04 -0700] "POST /jsrpc.php?sid=374ae6359a772912&type=9&method=screen.get×tamp=1505920804243&mode=0&screenid=20&groupid=&hostid=&pageFile=screens.php&profileIdx=web.screens&profileIdx2=20&updateProfile=true&screenitemid=102&period=21600&stime=20180919120941 HTTP/1.1" 200 68695 "https://zabbix.npinfo.com/screens.php?elementid=20" "Mozilla/5.0 (Windows NT 10.0; Win64; x64) AppleWebKit/537.36 (KHTML, like Gecko) Chrome/60.0.3112.113 Safari/537.36"
173.160.174.153 - - [20/Sep/2017:08:20:04 -0700] "POST /jsrpc.php?output=json-rpc HTTP/1.1" 200 62 "https://zabbix.npinfo.com/actionconf.php?ddreset=1" "Mozilla/5.0 (Windows NT 10.0; WOW64; rv:52.0) Gecko/20100101 Firefox/52.0"
209.180.207.160 - - [20/Sep/2017:08:20:05 -0700] "POST /zabbix.php?action=widget.discovery.view&sid=44299d61df12800d&upd_counter=5714&pmasterid=dashboard HTTP/1.1" 200 416 "https://zabbix.npinfo.com/zabbix.php?action=dashboard.view&ddreset=1&fullscreen=1" "Mozilla/5.0 (Windows NT 6.3; Win64; x64) AppleWebKit/537.36 (KHTML, like Gecko) Chrome/60.0.3112.113 Safari/537.36"
209.180.207.160 - - [20/Sep/2017:08:20:05 -0700] "POST /zabbix.php?action=widget.web.view&sid=44299d61df12800d&upd_counter=5714&pmasterid=dashboard HTTP/1.1" 200 674 "https://zabbix.npinfo.com/zabbix.php?action=dashboard.view&ddreset=1&fullscreen=1" "Mozilla/5.0 (Windows NT 6.3; Win64; x64) AppleWebKit/537.36 (KHTML, like Gecko) Chrome/60.0.3112.113 Safari/537.36"
209.180.207.160 - - [20/Sep/2017:08:20:05 -0700] "POST /zabbix.php?action=widget.issues.view&sid=44299d61df12800d&upd_counter=5714&pmasterid=dashboard HTTP/1.1" 200 12037 "https://zabbix.npinfo.com/zabbix.php?action=dashboard.view&ddreset=1&fullscreen=1" "Mozilla/5.0 (Windows NT 6.3; Win64; x64) AppleWebKit/537.36 (KHTML, like Gecko) Chrome/60.0.3112.113 Safari/537.36"
209.180.207.160 - - [20/Sep/2017:08:20:05 -0700] "POST /zabbix.php?action=widget.system.view&sid=44299d61df12800d&upd_counter=5714&pmasterid=dashboard HTTP/1.1" 200 58863 "https://zabbix.npinfo.com/zabbix.php?action=dashboard.view&ddreset=1&fullscreen=1" "Mozilla/5.0 (Windows NT 6.3; Win64; x64) AppleWebKit/537.36 (KHTML, like Gecko) Chrome/60.0.3112.113 Safari/537.36"
209.180.207.160 - - [20/Sep/2017:08:20:05 -0700] "POST /zabbix.php?action=widget.hosts.view&sid=44299d61df12800d&upd_counter=5714&pmasterid=dashboard HTTP/1.1" 200 36497 "https://zabbix.npinfo.com/zabbix.php?action=dashboard.view&ddreset=1&fullscreen=1" "Mozilla/5.0 (Windows NT 6.3; Win64; x64) AppleWebKit/537.36 (KHTML, like Gecko) Chrome/60.0.3112.113 Safari/537.36"
209.180.207.160 - - [20/Sep/2017:08:20:05 -0700] "POST /zabbix.php?action=widget.status.view&sid=44299d61df12800d&upd_counter=5714&pmasterid=dashboard HTTP/1.1" 200 1304 "https://zabbix.npinfo.com/zabbix.php?action=dashboard.view&ddreset=1&fullscreen=1" "Mozilla/5.0 (Windows NT 6.3; Win64; x64) AppleWebKit/537.36 (KHTML, like Gecko) Chrome/60.0.3112.113 Safari/537.36"
173.160.174.153 - - [20/Sep/2017:08:20:06 -0700] "POST /jsrpc.php?sid=c2e332a5d9437331&type=9&method=screen.get×tamp=1505920806827&mode=0&screenid=20&groupid=&hostid=&pageFile=screens.php&profileIdx=web.screens&profileIdx2=20&updateProfile=true&screenitemid=102&period=21600&stime=20180918075326 HTTP/1.1" 200 68695 "https://zabbix.npinfo.com/screens.php?ddreset=1" "Mozilla/5.0 (Windows NT 10.0; Win64; x64) AppleWebKit/537.36 (KHTML, like Gecko) Chrome/60.0.3112.101 Safari/537.36"
173.160.174.153 - - [20/Sep/2017:08:20:07 -0700] "POST /jsrpc.php?output=json-rpc HTTP/1.1" 200 64 "https://zabbix.npinfo.com/screens.php" "Mozilla/5.0 (Windows NT 10.0; Win64; x64) AppleWebKit/537.36 (KHTML, like Gecko) Chrome/60.0.3112.113 Safari/537.36"
173.160.174.153 - - [20/Sep/2017:08:20:06 -0700] "GET /chart.php?itemids%5B%5D=89290&=&width=1750&height=100&period=21600&stime=20180918075326&updateProfile=1&profileIdx=web.screens&profileIdx2=20&sid=c2e332a5d9437331&screenid=20&curtime=1505920806819 HTTP/1.1" 200 29176 "https://zabbix.npinfo.com/screens.php?ddreset=1" "Mozilla/5.0 (Windows NT 10.0; Win64; x64) AppleWebKit/537.36 (KHTML, like Gecko) Chrome/60.0.3112.101 Safari/537.36"
173.160.174.153 - - [20/Sep/2017:08:20:08 -0700] "POST /jsrpc.php?output=json-rpc HTTP/1.1" 200 63 "https://zabbix.npinfo.com/screens.php" "Mozilla/5.0 (Windows NT 10.0; Win64; x64) AppleWebKit/537.36 (KHTML, like Gecko) Chrome/60.0.3112.113 Safari/537.36"
173.160.174.153 - - [20/Sep/2017:08:20:12 -0700] "POST /jsrpc.php?output=json-rpc HTTP/1.1" 200 65 "https://zabbix.npinfo.com/screens.php?elementid=20" "Mozilla/5.0 (Windows NT 10.0; Win64; x64) AppleWebKit/537.36 (KHTML, like Gecko) Chrome/60.0.3112.113 Safari/537.36"
173.160.174.153 - - [20/Sep/2017:08:20:12 -0700] "GET /chart.php?itemids%5B%5D=89290&=&width=1750&height=100&period=60&stime=20180920063054&updateProfile=1&profileIdx=web.screens&profileIdx2=20&sid=396ce852eb16537b&screenid=20&curtime=1505920812117 HTTP/1.1" 200 21357 "https://zabbix.npinfo.com/screens.php" "Mozilla/5.0 (Windows NT 10.0; Win64; x64) AppleWebKit/537.36 (KHTML, like Gecko) Chrome/60.0.3112.113 Safari/537.36"
173.160.174.153 - - [20/Sep/2017:08:20:12 -0700] "POST /jsrpc.php?sid=396ce852eb16537b&type=9&method=screen.get×tamp=1505920812110&mode=0&screenid=20&groupid=&hostid=&pageFile=screens.php&profileIdx=web.screens&profileIdx2=20&updateProfile=true&screenitemid=102&period=60&stime=20180920063054 HTTP/1.1" 200 68699 "https://zabbix.npinfo.com/screens.php" "Mozilla/5.0 (Windows NT 10.0; Win64; x64) AppleWebKit/537.36 (KHTML, like Gecko) Chrome/60.0.3112.113 Safari/537.36"
173.160.174.153 - - [20/Sep/2017:08:20:12 -0700] "GET /chart.php?itemids%5B%5D=89284&=&width=1750&height=100&period=60&stime=20180920063054&updateProfile=1&profileIdx=web.screens&profileIdx2=20&sid=396ce852eb16537b&screenid=20&curtime=1505920812114 HTTP/1.1" 200 21796 "https://zabbix.npinfo.com/screens.php" "Mozilla/5.0 (Windows NT 10.0; Win64; x64) AppleWebKit/537.36 (KHTML, like Gecko) Chrome/60.0.3112.113 Safari/537.36"
173.160.174.153 - - [20/Sep/2017:08:20:13 -0700] "POST /jsrpc.php?output=json-rpc HTTP/1.1" 200 66 "https://zabbix.npinfo.com/screens.php?ddreset=1" "Mozilla/5.0 (Windows NT 10.0; Win64; x64) AppleWebKit/537.36 (KHTML, like Gecko) Chrome/60.0.3112.101 Safari/537.36"
209.180.207.160 - - [20/Sep/2017:08:20:14 -0700] "POST /jsrpc.php?output=json-rpc HTTP/1.1" 200 66 "https://zabbix.npinfo.com/zabbix.php?action=dashboard.view&ddreset=1&fullscreen=1" "Mozilla/5.0 (Windows NT 6.3; Win64; x64) AppleWebKit/537.36 (KHTML, like Gecko) Chrome/60.0.3112.113 Safari/537.36"
173.160.174.153 - - [20/Sep/2017:08:20:14 -0700] "POST /jsrpc.php?output=json-rpc HTTP/1.1" 200 62 "https://zabbix.npinfo.com/actionconf.php?ddreset=1" "Mozilla/5.0 (Windows NT 10.0; WOW64; rv:52.0) Gecko/20100101 Firefox/52.0"
173.160.174.153 - - [20/Sep/2017:08:20:16 -0700] "GET /chart.php?itemids%5B%5D=89290&=&width=1750&height=100&period=21600&stime=20180919120941&updateProfile=1&profileIdx=web.screens&profileIdx2=20&sid=374ae6359a772912&screenid=20&curtime=1505920816128 HTTP/1.1" 200 29180 "https://zabbix.npinfo.com/screens.php?elementid=20" "Mozilla/5.0 (Windows NT 10.0; Win64; x64) AppleWebKit/537.36 (KHTML, like Gecko) Chrome/60.0.3112.113 Safari/537.36"
173.160.174.153 - - [20/Sep/2017:08:20:18 -0700] "POST /jsrpc.php?output=json-rpc HTTP/1.1" 200 64 "https://zabbix.npinfo.com/screens.php" "Mozilla/5.0 (Windows NT 10.0; Win64; x64) AppleWebKit/537.36 (KHTML, like Gecko) Chrome/60.0.3112.113 Safari/537.36"
173.160.174.153 - - [20/Sep/2017:08:20:18 -0700] "POST /jsrpc.php?output=json-rpc HTTP/1.1" 200 63 "https://zabbix.npinfo.com/screens.php" "Mozilla/5.0 (Windows NT 10.0; Win64; x64) AppleWebKit/537.36 (KHTML, like Gecko) Chrome/60.0.3112.113 Safari/537.36"
173.160.174.153 - - [20/Sep/2017:08:20:22 -0700] "POST /jsrpc.php?output=json-rpc HTTP/1.1" 200 65 "https://zabbix.npinfo.com/screens.php?elementid=20" "Mozilla/5.0 (Windows NT 10.0; Win64; x64) AppleWebKit/537.36 (KHTML, like Gecko) Chrome/60.0.3112.113 Safari/537.36"
173.160.174.153 - - [20/Sep/2017:08:20:23 -0700] "GET /chart.php?itemids%5B%5D=89290&=&width=1750&height=100&period=21600&stime=20180920021022&updateProfile=1&profileIdx=web.screens&profileIdx2=20&sid=16abea0203ed0b2f&screenid=20&curtime=1505920822216 HTTP/1.1" 200 29197 "https://zabbix.npinfo.com/screens.php" "Mozilla/5.0 (Windows NT 10.0; Win64; x64) AppleWebKit/537.36 (KHTML, like Gecko) Chrome/60.0.3112.113 Safari/537.36"
173.160.174.153 - - [20/Sep/2017:08:20:23 -0700] "POST /jsrpc.php?sid=16abea0203ed0b2f&type=9&method=screen.get×tamp=1505920822180&mode=0&screenid=20&groupid=&hostid=&pageFile=screens.php&profileIdx=web.screens&profileIdx2=20&updateProfile=true&screenitemid=102&period=21600&stime=20180920021022 HTTP/1.1" 200 68699 "https://zabbix.npinfo.com/screens.php" "Mozilla/5.0 (Windows NT 10.0; Win64; x64) AppleWebKit/537.36 (KHTML, like Gecko) Chrome/60.0.3112.113 Safari/537.36"
173.160.174.153 - - [20/Sep/2017:08:20:23 -0700] "GET /chart.php?itemids%5B%5D=89284&=&width=1750&height=100&period=21600&stime=20180920021022&updateProfile=1&profileIdx=web.screens&profileIdx2=20&sid=16abea0203ed0b2f&screenid=20&curtime=1505920822201 HTTP/1.1" 200 29486 "https://zabbix.npinfo.com/screens.php" "Mozilla/5.0 (Windows NT 10.0; Win64; x64) AppleWebKit/537.36 (KHTML, like Gecko) Chrome/60.0.3112.113 Safari/537.36"
209.180.207.160 - - [20/Sep/2017:08:20:24 -0700] "POST /jsrpc.php?output=json-rpc HTTP/1.1" 200 66 "https://zabbix.npinfo.com/zabbix.php?action=dashboard.view&ddreset=1&fullscreen=1" "Mozilla/5.0 (Windows NT 6.3; Win64; x64) AppleWebKit/537.36 (KHTML, like Gecko) Chrome/60.0.3112.113 Safari/537.36"
173.160.174.153 - - [20/Sep/2017:08:20:24 -0700] "POST /jsrpc.php?output=json-rpc HTTP/1.1" 200 62 "https://zabbix.npinfo.com/actionconf.php?ddreset=1" "Mozilla/5.0 (Windows NT 10.0; WOW64; rv:52.0) Gecko/20100101 Firefox/52.0"
173.160.174.153 - - [20/Sep/2017:08:20:24 -0700] "POST /jsrpc.php?output=json-rpc HTTP/1.1" 200 66 "https://zabbix.npinfo.com/screens.php?ddreset=1" "Mozilla/5.0 (Windows NT 10.0; Win64; x64) AppleWebKit/537.36 (KHTML, like Gecko) Chrome/60.0.3112.101 Safari/537.36"
173.160.174.153 - - [20/Sep/2017:08:20:25 -0700] "GET /chart.php?itemids%5B%5D=89284&=&width=1750&height=100&period=21600&stime=20180919120941&updateProfile=1&profileIdx=web.screens&profileIdx2=20&sid=374ae6359a772912&screenid=20&curtime=1505920825079 HTTP/1.1" 200 29447 "https://zabbix.npinfo.com/screens.php?elementid=20" "Mozilla/5.0 (Windows NT 10.0; Win64; x64) AppleWebKit/537.36 (KHTML, like Gecko) Chrome/60.0.3112.113 Safari/537.36"
173.160.174.153 - - [20/Sep/2017:08:20:28 -0700] "POST /jsrpc.php?output=json-rpc HTTP/1.1" 200 63 "https://zabbix.npinfo.com/screens.php" "Mozilla/5.0 (Windows NT 10.0; Win64; x64) AppleWebKit/537.36 (KHTML, like Gecko) Chrome/60.0.3112.113 Safari/537.36"
173.160.174.153 - - [20/Sep/2017:08:20:29 -0700] "POST /jsrpc.php?output=json-rpc HTTP/1.1" 200 64 "https://zabbix.npinfo.com/screens.php" "Mozilla/5.0 (Windows NT 10.0; Win64; x64) AppleWebKit/537.36 (KHTML, like Gecko) Chrome/60.0.3112.113 Safari/537.36"
173.160.174.153 - - [20/Sep/2017:08:20:30 -0700] "GET /chart.php?itemids%5B%5D=89284&=&width=1750&height=100&period=21600&stime=20180918075326&updateProfile=1&profileIdx=web.screens&profileIdx2=20&sid=c2e332a5d9437331&screenid=20&curtime=1505920830816 HTTP/1.1" 200 29713 "https://zabbix.npinfo.com/screens.php?ddreset=1" "Mozilla/5.0 (Windows NT 10.0; Win64; x64) AppleWebKit/537.36 (KHTML, like Gecko) Chrome/60.0.3112.101 Safari/537.36"
173.160.174.153 - - [20/Sep/2017:08:20:32 -0700] "POST /jsrpc.php?output=json-rpc HTTP/1.1" 200 65 "https://zabbix.npinfo.com/screens.php?elementid=20" "Mozilla/5.0 (Windows NT 10.0; Win64; x64) AppleWebKit/537.36 (KHTML, like Gecko) Chrome/60.0.3112.113 Safari/537.36"
