173.160.174.153 - - [20/Sep/2017:08:04:17 -0700] "POST /zabbix.php?action=widget.hosts.view&sid=f43e7f4ff9dd6281&upd_counter=0&pmasterid=dashboard HTTP/1.1" 200 38332 "https://zabbix.npinfo.com/zabbix.php?action=dashboard.view" "Mozilla/5.0 (Windows NT 10.0; WOW64; rv:52.0) Gecko/20100101 Firefox/52.0"
173.160.174.153 - - [20/Sep/2017:08:04:17 -0700] "POST /zabbix.php?action=widget.system.view&sid=f43e7f4ff9dd6281&upd_counter=0&pmasterid=dashboard HTTP/1.1" 200 60634 "https://zabbix.npinfo.com/zabbix.php?action=dashboard.view" "Mozilla/5.0 (Windows NT 10.0; WOW64; rv:52.0) Gecko/20100101 Firefox/52.0"
173.160.174.153 - - [20/Sep/2017:08:04:17 -0700] "POST /zabbix.php?action=widget.issues.view&sid=f43e7f4ff9dd6281&upd_counter=0&pmasterid=dashboard HTTP/1.1" 200 19252 "https://zabbix.npinfo.com/zabbix.php?action=dashboard.view" "Mozilla/5.0 (Windows NT 10.0; WOW64; rv:52.0) Gecko/20100101 Firefox/52.0"
173.160.174.153 - - [20/Sep/2017:08:04:17 -0700] "POST /zabbix.php?action=widget.status.view&sid=f43e7f4ff9dd6281&upd_counter=0&pmasterid=dashboard HTTP/1.1" 200 1304 "https://zabbix.npinfo.com/zabbix.php?action=dashboard.view" "Mozilla/5.0 (Windows NT 10.0; WOW64; rv:52.0) Gecko/20100101 Firefox/52.0"
173.160.174.153 - - [20/Sep/2017:08:04:18 -0700] "POST /jsrpc.php?sid=c2e332a5d9437331&type=9&method=screen.get×tamp=1505919858810&mode=0&screenid=20&groupid=&hostid=&pageFile=screens.php&profileIdx=web.screens&profileIdx2=20&updateProfile=true&screenitemid=102&period=21600&stime=20180918075326 HTTP/1.1" 200 75385 "https://zabbix.npinfo.com/screens.php?ddreset=1" "Mozilla/5.0 (Windows NT 10.0; Win64; x64) AppleWebKit/537.36 (KHTML, like Gecko) Chrome/60.0.3112.101 Safari/537.36"
173.160.174.153 - - [20/Sep/2017:08:04:20 -0700] "POST /index.php?reconnect=1 HTTP/1.1" 302 - "https://zabbix.npinfo.com/zabbix.php?action=dashboard.view" "Mozilla/5.0 (Windows NT 10.0; WOW64; rv:52.0) Gecko/20100101 Firefox/52.0"
173.160.174.153 - - [20/Sep/2017:08:04:20 -0700] "GET /index.php HTTP/1.1" 200 3045 "https://zabbix.npinfo.com/zabbix.php?action=dashboard.view" "Mozilla/5.0 (Windows NT 10.0; WOW64; rv:52.0) Gecko/20100101 Firefox/52.0"
173.160.174.153 - - [20/Sep/2017:08:04:20 -0700] "GET /styles/blue-theme.css HTTP/1.1" 200 104783 "https://zabbix.npinfo.com/index.php" "Mozilla/5.0 (Windows NT 10.0; WOW64; rv:52.0) Gecko/20100101 Firefox/52.0"
173.160.174.153 - - [20/Sep/2017:08:04:20 -0700] "GET /jsLoader.php?ver=3.2.2&lang=en_gb&showGuiMessaging=1 HTTP/1.1" 200 566452 "https://zabbix.npinfo.com/index.php" "Mozilla/5.0 (Windows NT 10.0; WOW64; rv:52.0) Gecko/20100101 Firefox/52.0"
173.160.174.153 - - [20/Sep/2017:08:04:21 -0700] "GET /chart.php?itemids%5B%5D=89290&=&width=1750&height=100&period=21600&stime=20180913033654&updateProfile=1&profileIdx=web.screens&profileIdx2=20&sid=16abea0203ed0b2f&screenid=20&curtime=1505919859721 HTTP/1.1" 200 27643 "https://zabbix.npinfo.com/screens.php?ddreset=1" "Mozilla/5.0 (Windows NT 10.0; Win64; x64) AppleWebKit/537.36 (KHTML, like Gecko) Chrome/60.0.3112.113 Safari/537.36"
173.160.174.153 - - [20/Sep/2017:08:04:22 -0700] "POST /jsrpc.php?output=json-rpc HTTP/1.1" 200 65 "https://zabbix.npinfo.com/screens.php?elementid=20" "Mozilla/5.0 (Windows NT 10.0; Win64; x64) AppleWebKit/537.36 (KHTML, like Gecko) Chrome/60.0.3112.113 Safari/537.36"
173.160.174.153 - - [20/Sep/2017:08:04:22 -0700] "POST /jsrpc.php?output=json-rpc HTTP/1.1" 200 64 "https://zabbix.npinfo.com/screens.php" "Mozilla/5.0 (Windows NT 10.0; Win64; x64) AppleWebKit/537.36 (KHTML, like Gecko) Chrome/60.0.3112.113 Safari/537.36"
173.160.174.153 - - [20/Sep/2017:08:04:22 -0700] "POST /index.php HTTP/1.1" 302 - "https://zabbix.npinfo.com/index.php" "Mozilla/5.0 (Windows NT 10.0; WOW64; rv:52.0) Gecko/20100101 Firefox/52.0"
173.160.174.153 - - [20/Sep/2017:08:04:23 -0700] "GET /zabbix.php?action=dashboard.view HTTP/1.1" 200 16122 "https://zabbix.npinfo.com/index.php" "Mozilla/5.0 (Windows NT 10.0; WOW64; rv:52.0) Gecko/20100101 Firefox/52.0"
173.160.174.153 - - [20/Sep/2017:08:04:23 -0700] "GET /jsLoader.php?ver=3.2.2&lang=en_US&showGuiMessaging=1 HTTP/1.1" 304 - "https://zabbix.npinfo.com/zabbix.php?action=dashboard.view" "Mozilla/5.0 (Windows NT 10.0; WOW64; rv:52.0) Gecko/20100101 Firefox/52.0"
173.160.174.153 - - [20/Sep/2017:08:04:23 -0700] "GET /jsLoader.php?files[]=class.pmaster.js&files[]=servercheck.js HTTP/1.1" 304 - "https://zabbix.npinfo.com/zabbix.php?action=dashboard.view" "Mozilla/5.0 (Windows NT 10.0; WOW64; rv:52.0) Gecko/20100101 Firefox/52.0"
173.160.174.153 - - [20/Sep/2017:08:04:23 -0700] "POST /jsrpc.php?output=json-rpc HTTP/1.1" 200 66 "https://zabbix.npinfo.com/screens.php?ddreset=1" "Mozilla/5.0 (Windows NT 10.0; Win64; x64) AppleWebKit/537.36 (KHTML, like Gecko) Chrome/60.0.3112.113 Safari/537.36"
173.160.174.153 - - [20/Sep/2017:08:04:24 -0700] "POST /zabbix.php?action=widget.discovery.view&sid=e99ab7c3c5057053&upd_counter=0&pmasterid=dashboard HTTP/1.1" 200 416 "https://zabbix.npinfo.com/zabbix.php?action=dashboard.view" "Mozilla/5.0 (Windows NT 10.0; WOW64; rv:52.0) Gecko/20100101 Firefox/52.0"
173.160.174.153 - - [20/Sep/2017:08:04:24 -0700] "POST /zabbix.php?action=widget.web.view&sid=e99ab7c3c5057053&upd_counter=0&pmasterid=dashboard HTTP/1.1" 200 674 "https://zabbix.npinfo.com/zabbix.php?action=dashboard.view" "Mozilla/5.0 (Windows NT 10.0; WOW64; rv:52.0) Gecko/20100101 Firefox/52.0"
209.180.207.160 - - [20/Sep/2017:08:04:24 -0700] "POST /jsrpc.php?output=json-rpc HTTP/1.1" 200 66 "https://zabbix.npinfo.com/zabbix.php?action=dashboard.view&ddreset=1&fullscreen=1" "Mozilla/5.0 (Windows NT 6.3; Win64; x64) AppleWebKit/537.36 (KHTML, like Gecko) Chrome/60.0.3112.113 Safari/537.36"
173.160.174.153 - - [20/Sep/2017:08:04:24 -0700] "POST /zabbix.php?action=widget.issues.view&sid=e99ab7c3c5057053&upd_counter=0&pmasterid=dashboard HTTP/1.1" 200 19252 "https://zabbix.npinfo.com/zabbix.php?action=dashboard.view" "Mozilla/5.0 (Windows NT 10.0; WOW64; rv:52.0) Gecko/20100101 Firefox/52.0"
173.160.174.153 - - [20/Sep/2017:08:04:24 -0700] "POST /zabbix.php?action=widget.system.view&sid=e99ab7c3c5057053&upd_counter=0&pmasterid=dashboard HTTP/1.1" 200 60634 "https://zabbix.npinfo.com/zabbix.php?action=dashboard.view" "Mozilla/5.0 (Windows NT 10.0; WOW64; rv:52.0) Gecko/20100101 Firefox/52.0"
173.160.174.153 - - [20/Sep/2017:08:04:24 -0700] "POST /jsrpc.php?output=json-rpc HTTP/1.1" 200 376 "https://zabbix.npinfo.com/zabbix.php?action=dashboard.view" "Mozilla/5.0 (Windows NT 10.0; WOW64; rv:52.0) Gecko/20100101 Firefox/52.0"
173.160.174.153 - - [20/Sep/2017:08:04:24 -0700] "POST /zabbix.php?action=widget.hosts.view&sid=e99ab7c3c5057053&upd_counter=0&pmasterid=dashboard HTTP/1.1" 200 38332 "https://zabbix.npinfo.com/zabbix.php?action=dashboard.view" "Mozilla/5.0 (Windows NT 10.0; WOW64; rv:52.0) Gecko/20100101 Firefox/52.0"
173.160.174.153 - - [20/Sep/2017:08:04:24 -0700] "POST /zabbix.php?action=widget.status.view&sid=e99ab7c3c5057053&upd_counter=0&pmasterid=dashboard HTTP/1.1" 200 1304 "https://zabbix.npinfo.com/zabbix.php?action=dashboard.view" "Mozilla/5.0 (Windows NT 10.0; WOW64; rv:52.0) Gecko/20100101 Firefox/52.0"
173.160.174.153 - - [20/Sep/2017:08:04:25 -0700] "GET /chart.php?itemids%5B%5D=89284&=&width=1750&height=100&period=21600&stime=20180919120941&updateProfile=1&profileIdx=web.screens&profileIdx2=20&sid=374ae6359a772912&screenid=20&curtime=1505919865006 HTTP/1.1" 200 28922 "https://zabbix.npinfo.com/screens.php?elementid=20" "Mozilla/5.0 (Windows NT 10.0; Win64; x64) AppleWebKit/537.36 (KHTML, like Gecko) Chrome/60.0.3112.113 Safari/537.36"
173.160.174.153 - - [20/Sep/2017:08:04:27 -0700] "POST /jsrpc.php?sid=396ce852eb16537b&type=9&method=screen.get×tamp=1505919867103&mode=0&screenid=20&groupid=&hostid=&pageFile=screens.php&profileIdx=web.screens&profileIdx2=20&updateProfile=true&screenitemid=102&period=60&stime=20180920063054 HTTP/1.1" 200 75385 "https://zabbix.npinfo.com/screens.php" "Mozilla/5.0 (Windows NT 10.0; Win64; x64) AppleWebKit/537.36 (KHTML, like Gecko) Chrome/60.0.3112.113 Safari/537.36"
173.160.174.153 - - [20/Sep/2017:08:04:28 -0700] "GET /chart.php?itemids%5B%5D=89284&=&width=1750&height=100&period=60&stime=20180920063054&updateProfile=1&profileIdx=web.screens&profileIdx2=20&sid=396ce852eb16537b&screenid=20&curtime=1505919868103 HTTP/1.1" 200 20746 "https://zabbix.npinfo.com/screens.php" "Mozilla/5.0 (Windows NT 10.0; Win64; x64) AppleWebKit/537.36 (KHTML, like Gecko) Chrome/60.0.3112.113 Safari/537.36"
173.160.174.153 - - [20/Sep/2017:08:04:26 -0700] "GET /latest.php?ddreset=1 HTTP/1.1" 500 - "https://zabbix.npinfo.com/zabbix.php?action=dashboard.view" "Mozilla/5.0 (Windows NT 10.0; WOW64; rv:52.0) Gecko/20100101 Firefox/52.0"
173.160.174.153 - - [20/Sep/2017:08:04:28 -0700] "GET /chart.php?itemids%5B%5D=89290&=&width=1750&height=100&period=60&stime=20180920063054&updateProfile=1&profileIdx=web.screens&profileIdx2=20&sid=396ce852eb16537b&screenid=20&curtime=1505919868104 HTTP/1.1" 200 20466 "https://zabbix.npinfo.com/screens.php" "Mozilla/5.0 (Windows NT 10.0; Win64; x64) AppleWebKit/537.36 (KHTML, like Gecko) Chrome/60.0.3112.113 Safari/537.36"
173.160.174.153 - - [20/Sep/2017:08:04:28 -0700] "POST /jsrpc.php?output=json-rpc HTTP/1.1" 200 66 "https://zabbix.npinfo.com/screens.php?ddreset=1" "Mozilla/5.0 (Windows NT 10.0; Win64; x64) AppleWebKit/537.36 (KHTML, like Gecko) Chrome/60.0.3112.101 Safari/537.36"
173.160.174.153 - - [20/Sep/2017:08:04:32 -0700] "POST /jsrpc.php?output=json-rpc HTTP/1.1" 200 65 "https://zabbix.npinfo.com/screens.php?elementid=20" "Mozilla/5.0 (Windows NT 10.0; Win64; x64) AppleWebKit/537.36 (KHTML, like Gecko) Chrome/60.0.3112.113 Safari/537.36"
173.160.174.153 - - [20/Sep/2017:08:04:33 -0700] "POST /jsrpc.php?output=json-rpc HTTP/1.1" 200 64 "https://zabbix.npinfo.com/screens.php" "Mozilla/5.0 (Windows NT 10.0; Win64; x64) AppleWebKit/537.36 (KHTML, like Gecko) Chrome/60.0.3112.113 Safari/537.36"
173.160.174.153 - - [20/Sep/2017:08:04:33 -0700] "POST /jsrpc.php?sid=16abea0203ed0b2f&type=9&method=screen.get×tamp=1505919871951&mode=0&screenid=20&groupid=&hostid=&pageFile=screens.php&profileIdx=web.screens&profileIdx2=20&updateProfile=true&screenitemid=102&period=21600&stime=20180913033654 HTTP/1.1" 200 75297 "https://zabbix.npinfo.com/screens.php?ddreset=1" "Mozilla/5.0 (Windows NT 10.0; Win64; x64) AppleWebKit/537.36 (KHTML, like Gecko) Chrome/60.0.3112.113 Safari/537.36"
173.160.174.153 - - [20/Sep/2017:08:04:33 -0700] "GET /zabbix.php?action=dashboard.view HTTP/1.1" 200 16122 "https://zabbix.npinfo.com/index.php" "Mozilla/5.0 (Windows NT 10.0; WOW64; rv:52.0) Gecko/20100101 Firefox/52.0"
173.160.174.153 - - [20/Sep/2017:08:04:33 -0700] "POST /jsrpc.php?output=json-rpc HTTP/1.1" 200 66 "https://zabbix.npinfo.com/screens.php?ddreset=1" "Mozilla/5.0 (Windows NT 10.0; Win64; x64) AppleWebKit/537.36 (KHTML, like Gecko) Chrome/60.0.3112.113 Safari/537.36"
209.180.207.160 - - [20/Sep/2017:08:04:34 -0700] "POST /jsrpc.php?output=json-rpc HTTP/1.1" 200 66 "https://zabbix.npinfo.com/zabbix.php?action=dashboard.view&ddreset=1&fullscreen=1" "Mozilla/5.0 (Windows NT 6.3; Win64; x64) AppleWebKit/537.36 (KHTML, like Gecko) Chrome/60.0.3112.113 Safari/537.36"
173.160.174.153 - - [20/Sep/2017:08:04:34 -0700] "POST /jsrpc.php?sid=374ae6359a772912&type=9&method=screen.get×tamp=1505919874162&mode=0&screenid=20&groupid=&hostid=&pageFile=screens.php&profileIdx=web.screens&profileIdx2=20&updateProfile=true&screenitemid=102&period=21600&stime=20180919120941 HTTP/1.1" 200 75363 "https://zabbix.npinfo.com/screens.php?elementid=20" "Mozilla/5.0 (Windows NT 10.0; Win64; x64) AppleWebKit/537.36 (KHTML, like Gecko) Chrome/60.0.3112.113 Safari/537.36"
173.160.174.153 - - [20/Sep/2017:08:04:34 -0700] "POST /zabbix.php?action=widget.discovery.view&sid=e99ab7c3c5057053&upd_counter=0&pmasterid=dashboard HTTP/1.1" 200 416 "https://zabbix.npinfo.com/zabbix.php?action=dashboard.view" "Mozilla/5.0 (Windows NT 10.0; WOW64; rv:52.0) Gecko/20100101 Firefox/52.0"
173.160.174.153 - - [20/Sep/2017:08:04:34 -0700] "POST /zabbix.php?action=widget.web.view&sid=e99ab7c3c5057053&upd_counter=0&pmasterid=dashboard HTTP/1.1" 200 674 "https://zabbix.npinfo.com/zabbix.php?action=dashboard.view" "Mozilla/5.0 (Windows NT 10.0; WOW64; rv:52.0) Gecko/20100101 Firefox/52.0"
173.160.174.153 - - [20/Sep/2017:08:04:34 -0700] "POST /zabbix.php?action=widget.issues.view&sid=e99ab7c3c5057053&upd_counter=0&pmasterid=dashboard HTTP/1.1" 200 19230 "https://zabbix.npinfo.com/zabbix.php?action=dashboard.view" "Mozilla/5.0 (Windows NT 10.0; WOW64; rv:52.0) Gecko/20100101 Firefox/52.0"
173.160.174.153 - - [20/Sep/2017:08:04:34 -0700] "POST /zabbix.php?action=widget.hosts.view&sid=e99ab7c3c5057053&upd_counter=0&pmasterid=dashboard HTTP/1.1" 200 38332 "https://zabbix.npinfo.com/zabbix.php?action=dashboard.view" "Mozilla/5.0 (Windows NT 10.0; WOW64; rv:52.0) Gecko/20100101 Firefox/52.0"
173.160.174.153 - - [20/Sep/2017:08:04:35 -0700] "POST /jsrpc.php?output=json-rpc HTTP/1.1" 200 376 "https://zabbix.npinfo.com/zabbix.php?action=dashboard.view" "Mozilla/5.0 (Windows NT 10.0; WOW64; rv:52.0) Gecko/20100101 Firefox/52.0"
173.160.174.153 - - [20/Sep/2017:08:04:34 -0700] "POST /zabbix.php?action=widget.system.view&sid=e99ab7c3c5057053&upd_counter=0&pmasterid=dashboard HTTP/1.1" 200 60632 "https://zabbix.npinfo.com/zabbix.php?action=dashboard.view" "Mozilla/5.0 (Windows NT 10.0; WOW64; rv:52.0) Gecko/20100101 Firefox/52.0"
173.160.174.153 - - [20/Sep/2017:08:04:34 -0700] "POST /zabbix.php?action=widget.status.view&sid=e99ab7c3c5057053&upd_counter=0&pmasterid=dashboard HTTP/1.1" 200 1304 "https://zabbix.npinfo.com/zabbix.php?action=dashboard.view" "Mozilla/5.0 (Windows NT 10.0; WOW64; rv:52.0) Gecko/20100101 Firefox/52.0"
173.160.174.153 - - [20/Sep/2017:08:04:39 -0700] "POST /jsrpc.php?output=json-rpc HTTP/1.1" 200 62 "https://zabbix.npinfo.com/zabbix.php?action=dashboard.view" "Mozilla/5.0 (Windows NT 10.0; WOW64; rv:52.0) Gecko/20100101 Firefox/52.0"
173.160.174.153 - - [20/Sep/2017:08:04:39 -0700] "POST /jsrpc.php?output=json-rpc HTTP/1.1" 200 66 "https://zabbix.npinfo.com/screens.php?ddreset=1" "Mozilla/5.0 (Windows NT 10.0; Win64; x64) AppleWebKit/537.36 (KHTML, like Gecko) Chrome/60.0.3112.101 Safari/537.36"
173.160.174.153 - - [20/Sep/2017:08:04:42 -0700] "POST /jsrpc.php?output=json-rpc HTTP/1.1" 200 65 "https://zabbix.npinfo.com/screens.php?elementid=20" "Mozilla/5.0 (Windows NT 10.0; Win64; x64) AppleWebKit/537.36 (KHTML, like Gecko) Chrome/60.0.3112.113 Safari/537.36"
173.160.174.153 - - [20/Sep/2017:08:04:42 -0700] "GET /actionconf.php?ddreset=1 HTTP/1.1" 200 12467 "https://zabbix.npinfo.com/zabbix.php?action=dashboard.view" "Mozilla/5.0 (Windows NT 10.0; WOW64; rv:52.0) Gecko/20100101 Firefox/52.0"
173.160.174.153 - - [20/Sep/2017:08:04:43 -0700] "GET /jsLoader.php?ver=3.2.2&lang=en_US&showGuiMessaging=1 HTTP/1.1" 304 - "https://zabbix.npinfo.com/actionconf.php?ddreset=1" "Mozilla/5.0 (Windows NT 10.0; WOW64; rv:52.0) Gecko/20100101 Firefox/52.0"
173.160.174.153 - - [20/Sep/2017:08:04:43 -0700] "GET /jsLoader.php?ver=3.2.2&lang=en_US&showGuiMessaging=1&files[]=multiselect.js&files[]=servercheck.js HTTP/1.1" 304 - "https://zabbix.npinfo.com/actionconf.php?ddreset=1" "Mozilla/5.0 (Windows NT 10.0; WOW64; rv:52.0) Gecko/20100101 Firefox/52.0"
173.160.174.153 - - [20/Sep/2017:08:04:43 -0700] "POST /jsrpc.php?output=json-rpc HTTP/1.1" 200 376 "https://zabbix.npinfo.com/actionconf.php?ddreset=1" "Mozilla/5.0 (Windows NT 10.0; WOW64; rv:52.0) Gecko/20100101 Firefox/52.0"
173.160.174.153 - - [20/Sep/2017:08:04:43 -0700] "POST /jsrpc.php?output=json-rpc HTTP/1.1" 200 66 "https://zabbix.npinfo.com/screens.php?ddreset=1" "Mozilla/5.0 (Windows NT 10.0; Win64; x64) AppleWebKit/537.36 (KHTML, like Gecko) Chrome/60.0.3112.113 Safari/537.36"
173.160.174.153 - - [20/Sep/2017:08:04:44 -0700] "POST /jsrpc.php?output=json-rpc HTTP/1.1" 200 64 "https://zabbix.npinfo.com/screens.php" "Mozilla/5.0 (Windows NT 10.0; Win64; x64) AppleWebKit/537.36 (KHTML, like Gecko) Chrome/60.0.3112.113 Safari/537.36"
209.180.207.160 - - [20/Sep/2017:08:04:44 -0700] "POST /jsrpc.php?output=json-rpc HTTP/1.1" 200 66 "https://zabbix.npinfo.com/zabbix.php?action=dashboard.view&ddreset=1&fullscreen=1" "Mozilla/5.0 (Windows NT 6.3; Win64; x64) AppleWebKit/537.36 (KHTML, like Gecko) Chrome/60.0.3112.113 Safari/537.36"
173.160.174.153 - - [20/Sep/2017:08:04:45 -0700] "GET /chart.php?itemids%5B%5D=89284&=&width=1750&height=100&period=21600&stime=20180913033654&updateProfile=1&profileIdx=web.screens&profileIdx2=20&sid=16abea0203ed0b2f&screenid=20&curtime=1505919883748 HTTP/1.1" 200 28982 "https://zabbix.npinfo.com/screens.php?ddreset=1" "Mozilla/5.0 (Windows NT 10.0; Win64; x64) AppleWebKit/537.36 (KHTML, like Gecko) Chrome/60.0.3112.113 Safari/537.36"
173.160.174.153 - - [20/Sep/2017:08:04:45 -0700] "GET /chart.php?itemids%5B%5D=89284&=&width=1750&height=100&period=21600&stime=20180918075326&updateProfile=1&profileIdx=web.screens&profileIdx2=20&sid=c2e332a5d9437331&screenid=20&curtime=1505919885812 HTTP/1.1" 200 29015 "https://zabbix.npinfo.com/screens.php?ddreset=1" "Mozilla/5.0 (Windows NT 10.0; Win64; x64) AppleWebKit/537.36 (KHTML, like Gecko) Chrome/60.0.3112.101 Safari/537.36"
173.160.174.153 - - [20/Sep/2017:08:04:46 -0700] "GET /chart.php?itemids%5B%5D=89290&=&width=1750&height=100&period=21600&stime=20180919120941&updateProfile=1&profileIdx=web.screens&profileIdx2=20&sid=374ae6359a772912&screenid=20&curtime=1505919886055 HTTP/1.1" 200 27813 "https://zabbix.npinfo.com/screens.php?elementid=20" "Mozilla/5.0 (Windows NT 10.0; Win64; x64) AppleWebKit/537.36 (KHTML, like Gecko) Chrome/60.0.3112.113 Safari/537.36"
173.160.174.153 - - [20/Sep/2017:08:04:47 -0700] "GET /chart.php?itemids%5B%5D=89290&=&width=1750&height=100&period=21600&stime=20180918075326&updateProfile=1&profileIdx=web.screens&profileIdx2=20&sid=c2e332a5d9437331&screenid=20&curtime=1505919887809 HTTP/1.1" 200 27940 "https://zabbix.npinfo.com/screens.php?ddreset=1" "Mozilla/5.0 (Windows NT 10.0; Win64; x64) AppleWebKit/537.36 (KHTML, like Gecko) Chrome/60.0.3112.101 Safari/537.36"
173.160.174.153 - - [20/Sep/2017:08:04:48 -0700] "POST /jsrpc.php?sid=396ce852eb16537b&type=9&method=screen.get×tamp=1505919888104&mode=0&screenid=20&groupid=&hostid=&pageFile=screens.php&profileIdx=web.screens&profileIdx2=20&updateProfile=true&screenitemid=102&period=60&stime=20180920063054 HTTP/1.1" 200 75385 "https://zabbix.npinfo.com/screens.php" "Mozilla/5.0 (Windows NT 10.0; Win64; x64) AppleWebKit/537.36 (KHTML, like Gecko) Chrome/60.0.3112.113 Safari/537.36"
173.160.174.153 - - [20/Sep/2017:08:04:48 -0700] "GET /chart.php?itemids%5B%5D=89284&=&width=1750&height=100&period=60&stime=20180920063054&updateProfile=1&profileIdx=web.screens&profileIdx2=20&sid=396ce852eb16537b&screenid=20&curtime=1505919888107 HTTP/1.1" 200 21110 "https://zabbix.npinfo.com/screens.php" "Mozilla/5.0 (Windows NT 10.0; Win64; x64) AppleWebKit/537.36 (KHTML, like Gecko) Chrome/60.0.3112.113 Safari/537.36"
173.160.174.153 - - [20/Sep/2017:08:04:48 -0700] "POST /jsrpc.php?output=json-rpc HTTP/1.1" 200 62 "https://zabbix.npinfo.com/actionconf.php?ddreset=1" "Mozilla/5.0 (Windows NT 10.0; WOW64; rv:52.0) Gecko/20100101 Firefox/52.0"
173.160.174.153 - - [20/Sep/2017:08:04:49 -0700] "GET /chart.php?itemids%5B%5D=89290&=&width=1750&height=100&period=60&stime=20180920063054&updateProfile=1&profileIdx=web.screens&profileIdx2=20&sid=396ce852eb16537b&screenid=20&curtime=1505919889103 HTTP/1.1" 200 21016 "https://zabbix.npinfo.com/screens.php" "Mozilla/5.0 (Windows NT 10.0; Win64; x64) AppleWebKit/537.36 (KHTML, like Gecko) Chrome/60.0.3112.113 Safari/537.36"
173.160.174.153 - - [20/Sep/2017:08:04:49 -0700] "POST /jsrpc.php?output=json-rpc HTTP/1.1" 200 66 "https://zabbix.npinfo.com/screens.php?ddreset=1" "Mozilla/5.0 (Windows NT 10.0; Win64; x64) AppleWebKit/537.36 (KHTML, like Gecko) Chrome/60.0.3112.101 Safari/537.36"
173.160.174.153 - - [20/Sep/2017:08:04:48 -0700] "GET /latest.php?ddreset=1 HTTP/1.1" 500 - "https://zabbix.npinfo.com/actionconf.php?ddreset=1" "Mozilla/5.0 (Windows NT 10.0; WOW64; rv:52.0) Gecko/20100101 Firefox/52.0"
173.160.174.153 - - [20/Sep/2017:08:04:49 -0700] "POST /jsrpc.php?sid=c2e332a5d9437331&type=9&method=screen.get×tamp=1505919889807&mode=0&screenid=20&groupid=&hostid=&pageFile=screens.php&profileIdx=web.screens&profileIdx2=20&updateProfile=true&screenitemid=102&period=21600&stime=20180918075326 HTTP/1.1" 200 75385 "https://zabbix.npinfo.com/screens.php?ddreset=1" "Mozilla/5.0 (Windows NT 10.0; Win64; x64) AppleWebKit/537.36 (KHTML, like Gecko) Chrome/60.0.3112.101 Safari/537.36"
173.160.174.153 - - [20/Sep/2017:08:04:51 -0700] "GET /chart.php?itemids%5B%5D=89290&=&width=1750&height=100&period=21600&stime=20180913033654&updateProfile=1&profileIdx=web.screens&profileIdx2=20&sid=16abea0203ed0b2f&screenid=20&curtime=1505919889724 HTTP/1.1" 200 27729 "https://zabbix.npinfo.com/screens.php?ddreset=1" "Mozilla/5.0 (Windows NT 10.0; Win64; x64) AppleWebKit/537.36 (KHTML, like Gecko) Chrome/60.0.3112.113 Safari/537.36"
173.160.174.153 - - [20/Sep/2017:08:04:52 -0700] "POST /jsrpc.php?output=json-rpc HTTP/1.1" 200 65 "https://zabbix.npinfo.com/screens.php?elementid=20" "Mozilla/5.0 (Windows NT 10.0; Win64; x64) AppleWebKit/537.36 (KHTML, like Gecko) Chrome/60.0.3112.113 Safari/537.36"
173.160.174.153 - - [20/Sep/2017:08:04:53 -0700] "POST /jsrpc.php?output=json-rpc HTTP/1.1" 200 66 "https://zabbix.npinfo.com/screens.php?ddreset=1" "Mozilla/5.0 (Windows NT 10.0; Win64; x64) AppleWebKit/537.36 (KHTML, like Gecko) Chrome/60.0.3112.113 Safari/537.36"
173.160.174.153 - - [20/Sep/2017:08:04:53 -0700] "GET /actionconf.php?ddreset=1 HTTP/1.1" 200 12467 "https://zabbix.npinfo.com/zabbix.php?action=dashboard.view" "Mozilla/5.0 (Windows NT 10.0; WOW64; rv:52.0) Gecko/20100101 Firefox/52.0"
209.180.207.160 - - [20/Sep/2017:08:04:54 -0700] "POST /jsrpc.php?output=json-rpc HTTP/1.1" 200 66 "https://zabbix.npinfo.com/zabbix.php?action=dashboard.view&ddreset=1&fullscreen=1" "Mozilla/5.0 (Windows NT 6.3; Win64; x64) AppleWebKit/537.36 (KHTML, like Gecko) Chrome/60.0.3112.113 Safari/537.36"
173.160.174.153 - - [20/Sep/2017:08:04:54 -0700] "POST /jsrpc.php?output=json-rpc HTTP/1.1" 200 376 "https://zabbix.npinfo.com/actionconf.php?ddreset=1" "Mozilla/5.0 (Windows NT 10.0; WOW64; rv:52.0) Gecko/20100101 Firefox/52.0"
173.160.174.153 - - [20/Sep/2017:08:04:55 -0700] "POST /jsrpc.php?output=json-rpc HTTP/1.1" 200 64 "https://zabbix.npinfo.com/screens.php" "Mozilla/5.0 (Windows NT 10.0; Win64; x64) AppleWebKit/537.36 (KHTML, like Gecko) Chrome/60.0.3112.113 Safari/537.36"
173.160.174.153 - - [20/Sep/2017:08:04:55 -0700] "POST /jsrpc.php?output=json-rpc HTTP/1.1" 200 38 "https://zabbix.npinfo.com/screens.php" "Mozilla/5.0 (Windows NT 10.0; Win64; x64) AppleWebKit/537.36 (KHTML, like Gecko) Chrome/60.0.3112.113 Safari/537.36"
173.160.174.153 - - [20/Sep/2017:08:04:55 -0700] "GET /chart.php?itemids%5B%5D=89284&=&width=1750&height=100&period=21600&stime=20180919120941&updateProfile=1&profileIdx=web.screens&profileIdx2=20&sid=374ae6359a772912&screenid=20&curtime=1505919895008 HTTP/1.1" 200 28871 "https://zabbix.npinfo.com/screens.php?elementid=20" "Mozilla/5.0 (Windows NT 10.0; Win64; x64) AppleWebKit/537.36 (KHTML, like Gecko) Chrome/60.0.3112.113 Safari/537.36"
173.160.174.153 - - [20/Sep/2017:08:04:59 -0700] "POST /jsrpc.php?output=json-rpc HTTP/1.1" 200 62 "https://zabbix.npinfo.com/actionconf.php?ddreset=1" "Mozilla/5.0 (Windows NT 10.0; WOW64; rv:52.0) Gecko/20100101 Firefox/52.0"
173.160.174.153 - - [20/Sep/2017:08:05:00 -0700] "POST /jsrpc.php?output=json-rpc HTTP/1.1" 200 66 "https://zabbix.npinfo.com/screens.php?ddreset=1" "Mozilla/5.0 (Windows NT 10.0; Win64; x64) AppleWebKit/537.36 (KHTML, like Gecko) Chrome/60.0.3112.101 Safari/537.36"
173.160.174.153 - - [20/Sep/2017:08:05:02 -0700] "POST /jsrpc.php?output=json-rpc HTTP/1.1" 200 65 "https://zabbix.npinfo.com/screens.php?elementid=20" "Mozilla/5.0 (Windows NT 10.0; Win64; x64) AppleWebKit/537.36 (KHTML, like Gecko) Chrome/60.0.3112.113 Safari/537.36"
173.160.174.153 - - [20/Sep/2017:08:05:03 -0700] "POST /jsrpc.php?sid=16abea0203ed0b2f&type=9&method=screen.get×tamp=1505919901953&mode=0&screenid=20&groupid=&hostid=&pageFile=screens.php&profileIdx=web.screens&profileIdx2=20&updateProfile=true&screenitemid=102&period=21600&stime=20180913033654 HTTP/1.1" 200 75381 "https://zabbix.npinfo.com/screens.php?ddreset=1" "Mozilla/5.0 (Windows NT 10.0; Win64; x64) AppleWebKit/537.36 (KHTML, like Gecko) Chrome/60.0.3112.113 Safari/537.36"
173.160.174.153 - - [20/Sep/2017:08:05:03 -0700] "POST /jsrpc.php?output=json-rpc HTTP/1.1" 200 66 "https://zabbix.npinfo.com/screens.php?ddreset=1" "Mozilla/5.0 (Windows NT 10.0; Win64; x64) AppleWebKit/537.36 (KHTML, like Gecko) Chrome/60.0.3112.113 Safari/537.36"
209.180.207.160 - - [20/Sep/2017:08:05:04 -0700] "POST /jsrpc.php?output=json-rpc HTTP/1.1" 200 66 "https://zabbix.npinfo.com/zabbix.php?action=dashboard.view&ddreset=1&fullscreen=1" "Mozilla/5.0 (Windows NT 6.3; Win64; x64) AppleWebKit/537.36 (KHTML, like Gecko) Chrome/60.0.3112.113 Safari/537.36"
173.160.174.153 - - [20/Sep/2017:08:05:04 -0700] "POST /jsrpc.php?sid=374ae6359a772912&type=9&method=screen.get×tamp=1505919904166&mode=0&screenid=20&groupid=&hostid=&pageFile=screens.php&profileIdx=web.screens&profileIdx2=20&updateProfile=true&screenitemid=102&period=21600&stime=20180919120941 HTTP/1.1" 200 75381 "https://zabbix.npinfo.com/screens.php?elementid=20" "Mozilla/5.0 (Windows NT 10.0; Win64; x64) AppleWebKit/537.36 (KHTML, like Gecko) Chrome/60.0.3112.113 Safari/537.36"
173.160.174.153 - - [20/Sep/2017:08:05:05 -0700] "POST /jsrpc.php?output=json-rpc HTTP/1.1" 200 64 "https://zabbix.npinfo.com/screens.php" "Mozilla/5.0 (Windows NT 10.0; Win64; x64) AppleWebKit/537.36 (KHTML, like Gecko) Chrome/60.0.3112.113 Safari/537.36"
209.180.207.160 - - [20/Sep/2017:08:05:05 -0700] "POST /zabbix.php?action=widget.discovery.view&sid=44299d61df12800d&upd_counter=5699&pmasterid=dashboard HTTP/1.1" 200 416 "https://zabbix.npinfo.com/zabbix.php?action=dashboard.view&ddreset=1&fullscreen=1" "Mozilla/5.0 (Windows NT 6.3; Win64; x64) AppleWebKit/537.36 (KHTML, like Gecko) Chrome/60.0.3112.113 Safari/537.36"
209.180.207.160 - - [20/Sep/2017:08:05:05 -0700] "POST /zabbix.php?action=widget.web.view&sid=44299d61df12800d&upd_counter=5699&pmasterid=dashboard HTTP/1.1" 200 674 "https://zabbix.npinfo.com/zabbix.php?action=dashboard.view&ddreset=1&fullscreen=1" "Mozilla/5.0 (Windows NT 6.3; Win64; x64) AppleWebKit/537.36 (KHTML, like Gecko) Chrome/60.0.3112.113 Safari/537.36"
209.180.207.160 - - [20/Sep/2017:08:05:05 -0700] "POST /zabbix.php?action=widget.issues.view&sid=44299d61df12800d&upd_counter=5699&pmasterid=dashboard HTTP/1.1" 200 19248 "https://zabbix.npinfo.com/zabbix.php?action=dashboard.view&ddreset=1&fullscreen=1" "Mozilla/5.0 (Windows NT 6.3; Win64; x64) AppleWebKit/537.36 (KHTML, like Gecko) Chrome/60.0.3112.113 Safari/537.36"
209.180.207.160 - - [20/Sep/2017:08:05:05 -0700] "POST /zabbix.php?action=widget.hosts.view&sid=44299d61df12800d&upd_counter=5699&pmasterid=dashboard HTTP/1.1" 200 38332 "https://zabbix.npinfo.com/zabbix.php?action=dashboard.view&ddreset=1&fullscreen=1" "Mozilla/5.0 (Windows NT 6.3; Win64; x64) AppleWebKit/537.36 (KHTML, like Gecko) Chrome/60.0.3112.113 Safari/537.36"
209.180.207.160 - - [20/Sep/2017:08:05:05 -0700] "POST /zabbix.php?action=widget.system.view&sid=44299d61df12800d&upd_counter=5699&pmasterid=dashboard HTTP/1.1" 200 60633 "https://zabbix.npinfo.com/zabbix.php?action=dashboard.view&ddreset=1&fullscreen=1" "Mozilla/5.0 (Windows NT 6.3; Win64; x64) AppleWebKit/537.36 (KHTML, like Gecko) Chrome/60.0.3112.113 Safari/537.36"
209.180.207.160 - - [20/Sep/2017:08:05:05 -0700] "POST /zabbix.php?action=widget.status.view&sid=44299d61df12800d&upd_counter=5699&pmasterid=dashboard HTTP/1.1" 200 1304 "https://zabbix.npinfo.com/zabbix.php?action=dashboard.view&ddreset=1&fullscreen=1" "Mozilla/5.0 (Windows NT 6.3; Win64; x64) AppleWebKit/537.36 (KHTML, like Gecko) Chrome/60.0.3112.113 Safari/537.36"
173.160.174.153 - - [20/Sep/2017:08:05:09 -0700] "POST /jsrpc.php?sid=396ce852eb16537b&type=9&method=screen.get×tamp=1505919909102&mode=0&screenid=20&groupid=&hostid=&pageFile=screens.php&profileIdx=web.screens&profileIdx2=20&updateProfile=true&screenitemid=102&period=60&stime=20180920063054 HTTP/1.1" 200 75385 "https://zabbix.npinfo.com/screens.php" "Mozilla/5.0 (Windows NT 10.0; Win64; x64) AppleWebKit/537.36 (KHTML, like Gecko) Chrome/60.0.3112.113 Safari/537.36"
173.160.174.153 - - [20/Sep/2017:08:05:09 -0700] "GET /chart.php?itemids%5B%5D=89284&=&width=1750&height=100&period=60&stime=20180920063054&updateProfile=1&profileIdx=web.screens&profileIdx2=20&sid=396ce852eb16537b&screenid=20&curtime=1505919909107 HTTP/1.1" 200 21151 "https://zabbix.npinfo.com/screens.php" "Mozilla/5.0 (Windows NT 10.0; Win64; x64) AppleWebKit/537.36 (KHTML, like Gecko) Chrome/60.0.3112.113 Safari/537.36"
173.160.174.153 - - [20/Sep/2017:08:05:09 -0700] "POST /jsrpc.php?output=json-rpc HTTP/1.1" 200 62 "https://zabbix.npinfo.com/actionconf.php?ddreset=1" "Mozilla/5.0 (Windows NT 10.0; WOW64; rv:52.0) Gecko/20100101 Firefox/52.0"
173.160.174.153 - - [20/Sep/2017:08:05:10 -0700] "GET /chart.php?itemids%5B%5D=89290&=&width=1750&height=100&period=60&stime=20180920063054&updateProfile=1&profileIdx=web.screens&profileIdx2=20&sid=396ce852eb16537b&screenid=20&curtime=1505919910104 HTTP/1.1" 200 21429 "https://zabbix.npinfo.com/screens.php" "Mozilla/5.0 (Windows NT 10.0; Win64; x64) AppleWebKit/537.36 (KHTML, like Gecko) Chrome/60.0.3112.113 Safari/537.36"
173.160.174.153 - - [20/Sep/2017:08:05:11 -0700] "POST /jsrpc.php?output=json-rpc HTTP/1.1" 200 66 "https://zabbix.npinfo.com/screens.php?ddreset=1" "Mozilla/5.0 (Windows NT 10.0; Win64; x64) AppleWebKit/537.36 (KHTML, like Gecko) Chrome/60.0.3112.101 Safari/537.36"
173.160.174.153 - - [20/Sep/2017:08:05:12 -0700] "POST /jsrpc.php?output=json-rpc HTTP/1.1" 200 65 "https://zabbix.npinfo.com/screens.php?elementid=20" "Mozilla/5.0 (Windows NT 10.0; Win64; x64) AppleWebKit/537.36 (KHTML, like Gecko) Chrome/60.0.3112.113 Safari/537.36"
173.160.174.153 - - [20/Sep/2017:08:05:13 -0700] "POST /jsrpc.php?output=json-rpc HTTP/1.1" 200 66 "https://zabbix.npinfo.com/screens.php?ddreset=1" "Mozilla/5.0 (Windows NT 10.0; Win64; x64) AppleWebKit/537.36 (KHTML, like Gecko) Chrome/60.0.3112.113 Safari/537.36"
209.180.207.160 - - [20/Sep/2017:08:05:14 -0700] "POST /jsrpc.php?output=json-rpc HTTP/1.1" 200 66 "https://zabbix.npinfo.com/zabbix.php?action=dashboard.view&ddreset=1&fullscreen=1" "Mozilla/5.0 (Windows NT 6.3; Win64; x64) AppleWebKit/537.36 (KHTML, like Gecko) Chrome/60.0.3112.113 Safari/537.36"
173.160.174.153 - - [20/Sep/2017:08:05:15 -0700] "GET /chart.php?itemids%5B%5D=89284&=&width=1750&height=100&period=21600&stime=20180913033654&updateProfile=1&profileIdx=web.screens&profileIdx2=20&sid=16abea0203ed0b2f&screenid=20&curtime=1505919913750 HTTP/1.1" 200 28951 "https://zabbix.npinfo.com/screens.php?ddreset=1" "Mozilla/5.0 (Windows NT 10.0; Win64; x64) AppleWebKit/537.36 (KHTML, like Gecko) Chrome/60.0.3112.113 Safari/537.36"
173.160.174.153 - - [20/Sep/2017:08:05:16 -0700] "POST /jsrpc.php?output=json-rpc HTTP/1.1" 200 64 "https://zabbix.npinfo.com/screens.php" "Mozilla/5.0 (Windows NT 10.0; Win64; x64) AppleWebKit/537.36 (KHTML, like Gecko) Chrome/60.0.3112.113 Safari/537.36"
173.160.174.153 - - [20/Sep/2017:08:05:16 -0700] "GET /chart.php?itemids%5B%5D=89290&=&width=1750&height=100&period=21600&stime=20180919120941&updateProfile=1&profileIdx=web.screens&profileIdx2=20&sid=374ae6359a772912&screenid=20&curtime=1505919916058 HTTP/1.1" 200 27652 "https://zabbix.npinfo.com/screens.php?elementid=20" "Mozilla/5.0 (Windows NT 10.0; Win64; x64) AppleWebKit/537.36 (KHTML, like Gecko) Chrome/60.0.3112.113 Safari/537.36"
173.160.174.153 - - [20/Sep/2017:08:05:16 -0700] "GET /chart.php?itemids%5B%5D=89284&=&width=1750&height=100&period=21600&stime=20180918075326&updateProfile=1&profileIdx=web.screens&profileIdx2=20&sid=c2e332a5d9437331&screenid=20&curtime=1505919916812 HTTP/1.1" 200 28906 "https://zabbix.npinfo.com/screens.php?ddreset=1" "Mozilla/5.0 (Windows NT 10.0; Win64; x64) AppleWebKit/537.36 (KHTML, like Gecko) Chrome/60.0.3112.101 Safari/537.36"
173.160.174.153 - - [20/Sep/2017:08:05:18 -0700] "GET /chart.php?itemids%5B%5D=89290&=&width=1750&height=100&period=21600&stime=20180918075326&updateProfile=1&profileIdx=web.screens&profileIdx2=20&sid=c2e332a5d9437331&screenid=20&curtime=1505919918815 HTTP/1.1" 200 28031 "https://zabbix.npinfo.com/screens.php?ddreset=1" "Mozilla/5.0 (Windows NT 10.0; Win64; x64) AppleWebKit/537.36 (KHTML, like Gecko) Chrome/60.0.3112.101 Safari/537.36"
173.160.174.153 - - [20/Sep/2017:08:05:19 -0700] "POST /jsrpc.php?output=json-rpc HTTP/1.1" 200 62 "https://zabbix.npinfo.com/actionconf.php?ddreset=1" "Mozilla/5.0 (Windows NT 10.0; WOW64; rv:52.0) Gecko/20100101 Firefox/52.0"
173.160.174.153 - - [20/Sep/2017:08:05:19 -0700] "POST /jsrpc.php?sid=c2e332a5d9437331&type=9&method=screen.get×tamp=1505919919815&mode=0&screenid=20&groupid=&hostid=&pageFile=screens.php&profileIdx=web.screens&profileIdx2=20&updateProfile=true&screenitemid=102&period=21600&stime=20180918075326 HTTP/1.1" 200 75385 "https://zabbix.npinfo.com/screens.php?ddreset=1" "Mozilla/5.0 (Windows NT 10.0; Win64; x64) AppleWebKit/537.36 (KHTML, like Gecko) Chrome/60.0.3112.101 Safari/537.36"
173.160.174.153 - - [20/Sep/2017:08:05:21 -0700] "GET /chart.php?itemids%5B%5D=89290&=&width=1750&height=100&period=21600&stime=20180913033654&updateProfile=1&profileIdx=web.screens&profileIdx2=20&sid=16abea0203ed0b2f&screenid=20&curtime=1505919919725 HTTP/1.1" 200 28175 "https://zabbix.npinfo.com/screens.php?ddreset=1" "Mozilla/5.0 (Windows NT 10.0; Win64; x64) AppleWebKit/537.36 (KHTML, like Gecko) Chrome/60.0.3112.113 Safari/537.36"
173.160.174.153 - - [20/Sep/2017:08:05:22 -0700] "POST /jsrpc.php?output=json-rpc HTTP/1.1" 200 65 "https://zabbix.npinfo.com/screens.php?elementid=20" "Mozilla/5.0 (Windows NT 10.0; Win64; x64) AppleWebKit/537.36 (KHTML, like Gecko) Chrome/60.0.3112.113 Safari/537.36"
173.160.174.153 - - [20/Sep/2017:08:05:22 -0700] "POST /jsrpc.php?output=json-rpc HTTP/1.1" 200 66 "https://zabbix.npinfo.com/screens.php?ddreset=1" "Mozilla/5.0 (Windows NT 10.0; Win64; x64) AppleWebKit/537.36 (KHTML, like Gecko) Chrome/60.0.3112.101 Safari/537.36"
173.160.174.153 - - [20/Sep/2017:08:05:23 -0700] "POST /jsrpc.php?output=json-rpc HTTP/1.1" 200 66 "https://zabbix.npinfo.com/screens.php?ddreset=1" "Mozilla/5.0 (Windows NT 10.0; Win64; x64) AppleWebKit/537.36 (KHTML, like Gecko) Chrome/60.0.3112.113 Safari/537.36"
209.180.207.160 - - [20/Sep/2017:08:05:24 -0700] "POST /jsrpc.php?output=json-rpc HTTP/1.1" 200 66 "https://zabbix.npinfo.com/zabbix.php?action=dashboard.view&ddreset=1&fullscreen=1" "Mozilla/5.0 (Windows NT 6.3; Win64; x64) AppleWebKit/537.36 (KHTML, like Gecko) Chrome/60.0.3112.113 Safari/537.36"
173.160.174.153 - - [20/Sep/2017:08:05:25 -0700] "GET /chart.php?itemids%5B%5D=89284&=&width=1750&height=100&period=21600&stime=20180919120941&updateProfile=1&profileIdx=web.screens&profileIdx2=20&sid=374ae6359a772912&screenid=20&curtime=1505919925011 HTTP/1.1" 200 29076 "https://zabbix.npinfo.com/screens.php?elementid=20" "Mozilla/5.0 (Windows NT 10.0; Win64; x64) AppleWebKit/537.36 (KHTML, like Gecko) Chrome/60.0.3112.113 Safari/537.36"
173.160.174.153 - - [20/Sep/2017:08:05:27 -0700] "POST /jsrpc.php?output=json-rpc HTTP/1.1" 200 64 "https://zabbix.npinfo.com/screens.php" "Mozilla/5.0 (Windows NT 10.0; Win64; x64) AppleWebKit/537.36 (KHTML, like Gecko) Chrome/60.0.3112.113 Safari/537.36"
173.160.174.153 - - [20/Sep/2017:08:05:29 -0700] "POST /jsrpc.php?output=json-rpc HTTP/1.1" 200 62 "https://zabbix.npinfo.com/actionconf.php?ddreset=1" "Mozilla/5.0 (Windows NT 10.0; WOW64; rv:52.0) Gecko/20100101 Firefox/52.0"
173.160.174.153 - - [20/Sep/2017:08:05:30 -0700] "GET /chart.php?itemids%5B%5D=89284&=&width=1750&height=100&period=60&stime=20180920063054&updateProfile=1&profileIdx=web.screens&profileIdx2=20&sid=396ce852eb16537b&screenid=20&curtime=1505919930106 HTTP/1.1" 200 21292 "https://zabbix.npinfo.com/screens.php" "Mozilla/5.0 (Windows NT 10.0; Win64; x64) AppleWebKit/537.36 (KHTML, like Gecko) Chrome/60.0.3112.113 Safari/537.36"
173.160.174.153 - - [20/Sep/2017:08:05:30 -0700] "POST /jsrpc.php?sid=396ce852eb16537b&type=9&method=screen.get×tamp=1505919930103&mode=0&screenid=20&groupid=&hostid=&pageFile=screens.php&profileIdx=web.screens&profileIdx2=20&updateProfile=true&screenitemid=102&period=60&stime=20180920063054 HTTP/1.1" 200 75385 "https://zabbix.npinfo.com/screens.php" "Mozilla/5.0 (Windows NT 10.0; Win64; x64) AppleWebKit/537.36 (KHTML, like Gecko) Chrome/60.0.3112.113 Safari/537.36"
173.160.174.153 - - [20/Sep/2017:08:05:31 -0700] "GET /chart.php?itemids%5B%5D=89290&=&width=1750&height=100&period=60&stime=20180920063054&updateProfile=1&profileIdx=web.screens&profileIdx2=20&sid=396ce852eb16537b&screenid=20&curtime=1505919931103 HTTP/1.1" 200 21509 "https://zabbix.npinfo.com/screens.php" "Mozilla/5.0 (Windows NT 10.0; Win64; x64) AppleWebKit/537.36 (KHTML, like Gecko) Chrome/60.0.3112.113 Safari/537.36"
173.160.174.153 - - [20/Sep/2017:08:05:32 -0700] "POST /jsrpc.php?output=json-rpc HTTP/1.1" 200 65 "https://zabbix.npinfo.com/screens.php?elementid=20" "Mozilla/5.0 (Windows NT 10.0; Win64; x64) AppleWebKit/537.36 (KHTML, like Gecko) Chrome/60.0.3112.113 Safari/537.36"
173.160.174.153 - - [20/Sep/2017:08:05:33 -0700] "POST /jsrpc.php?sid=16abea0203ed0b2f&type=9&method=screen.get×tamp=1505919931955&mode=0&screenid=20&groupid=&hostid=&pageFile=screens.php&profileIdx=web.screens&profileIdx2=20&updateProfile=true&screenitemid=102&period=21600&stime=20180913033654 HTTP/1.1" 200 75297 "https://zabbix.npinfo.com/screens.php?ddreset=1" "Mozilla/5.0 (Windows NT 10.0; Win64; x64) AppleWebKit/537.36 (KHTML, like Gecko) Chrome/60.0.3112.113 Safari/537.36"
173.160.174.153 - - [20/Sep/2017:08:05:33 -0700] "POST /jsrpc.php?output=json-rpc HTTP/1.1" 200 66 "https://zabbix.npinfo.com/screens.php?ddreset=1" "Mozilla/5.0 (Windows NT 10.0; Win64; x64) AppleWebKit/537.36 (KHTML, like Gecko) Chrome/60.0.3112.113 Safari/537.36"
173.160.174.153 - - [20/Sep/2017:08:05:33 -0700] "POST /jsrpc.php?output=json-rpc HTTP/1.1" 200 66 "https://zabbix.npinfo.com/screens.php?ddreset=1" "Mozilla/5.0 (Windows NT 10.0; Win64; x64) AppleWebKit/537.36 (KHTML, like Gecko) Chrome/60.0.3112.101 Safari/537.36"
209.180.207.160 - - [20/Sep/2017:08:05:34 -0700] "POST /jsrpc.php?output=json-rpc HTTP/1.1" 200 66 "https://zabbix.npinfo.com/zabbix.php?action=dashboard.view&ddreset=1&fullscreen=1" "Mozilla/5.0 (Windows NT 6.3; Win64; x64) AppleWebKit/537.36 (KHTML, like Gecko) Chrome/60.0.3112.113 Safari/537.36"
173.160.174.153 - - [20/Sep/2017:08:05:34 -0700] "POST /jsrpc.php?sid=374ae6359a772912&type=9&method=screen.get×tamp=1505919934167&mode=0&screenid=20&groupid=&hostid=&pageFile=screens.php&profileIdx=web.screens&profileIdx2=20&updateProfile=true&screenitemid=102&period=21600&stime=20180919120941 HTTP/1.1" 200 75363 "https://zabbix.npinfo.com/screens.php?elementid=20" "Mozilla/5.0 (Windows NT 10.0; Win64; x64) AppleWebKit/537.36 (KHTML, like Gecko) Chrome/60.0.3112.113 Safari/537.36"
173.160.174.153 - - [20/Sep/2017:08:05:38 -0700] "POST /jsrpc.php?output=json-rpc HTTP/1.1" 200 64 "https://zabbix.npinfo.com/screens.php" "Mozilla/5.0 (Windows NT 10.0; Win64; x64) AppleWebKit/537.36 (KHTML, like Gecko) Chrome/60.0.3112.113 Safari/537.36"
173.160.174.153 - - [20/Sep/2017:08:05:39 -0700] "POST /jsrpc.php?output=json-rpc HTTP/1.1" 200 62 "https://zabbix.npinfo.com/actionconf.php?ddreset=1" "Mozilla/5.0 (Windows NT 10.0; WOW64; rv:52.0) Gecko/20100101 Firefox/52.0"
173.160.174.153 - - [20/Sep/2017:08:05:42 -0700] "POST /jsrpc.php?output=json-rpc HTTP/1.1" 200 65 "https://zabbix.npinfo.com/screens.php?elementid=20" "Mozilla/5.0 (Windows NT 10.0; Win64; x64) AppleWebKit/537.36 (KHTML, like Gecko) Chrome/60.0.3112.113 Safari/537.36"
173.160.174.153 - - [20/Sep/2017:08:05:43 -0700] "POST /jsrpc.php?output=json-rpc HTTP/1.1" 200 66 "https://zabbix.npinfo.com/screens.php?ddreset=1" "Mozilla/5.0 (Windows NT 10.0; Win64; x64) AppleWebKit/537.36 (KHTML, like Gecko) Chrome/60.0.3112.113 Safari/537.36"
209.180.207.160 - - [20/Sep/2017:08:05:44 -0700] "POST /jsrpc.php?output=json-rpc HTTP/1.1" 200 66 "https://zabbix.npinfo.com/zabbix.php?action=dashboard.view&ddreset=1&fullscreen=1" "Mozilla/5.0 (Windows NT 6.3; Win64; x64) AppleWebKit/537.36 (KHTML, like Gecko) Chrome/60.0.3112.113 Safari/537.36"
173.160.174.153 - - [20/Sep/2017:08:05:44 -0700] "POST /jsrpc.php?output=json-rpc HTTP/1.1" 200 66 "https://zabbix.npinfo.com/screens.php?ddreset=1" "Mozilla/5.0 (Windows NT 10.0; Win64; x64) AppleWebKit/537.36 (KHTML, like Gecko) Chrome/60.0.3112.101 Safari/537.36"
173.160.174.153 - - [20/Sep/2017:08:05:45 -0700] "GET /chart.php?itemids%5B%5D=89284&=&width=1750&height=100&period=21600&stime=20180913033654&updateProfile=1&profileIdx=web.screens&profileIdx2=20&sid=16abea0203ed0b2f&screenid=20&curtime=1505919943754 HTTP/1.1" 200 29109 "https://zabbix.npinfo.com/screens.php?ddreset=1" "Mozilla/5.0 (Windows NT 10.0; Win64; x64) AppleWebKit/537.36 (KHTML, like Gecko) Chrome/60.0.3112.113 Safari/537.36"
173.160.174.153 - - [20/Sep/2017:08:05:46 -0700] "GET /chart.php?itemids%5B%5D=89290&=&width=1750&height=100&period=21600&stime=20180919120941&updateProfile=1&profileIdx=web.screens&profileIdx2=20&sid=374ae6359a772912&screenid=20&curtime=1505919946059 HTTP/1.1" 200 28213 "https://zabbix.npinfo.com/screens.php?elementid=20" "Mozilla/5.0 (Windows NT 10.0; Win64; x64) AppleWebKit/537.36 (KHTML, like Gecko) Chrome/60.0.3112.113 Safari/537.36"
173.160.174.153 - - [20/Sep/2017:08:05:46 -0700] "GET /chart.php?itemids%5B%5D=89284&=&width=1750&height=100&period=21600&stime=20180918075326&updateProfile=1&profileIdx=web.screens&profileIdx2=20&sid=c2e332a5d9437331&screenid=20&curtime=1505919946816 HTTP/1.1" 200 29152 "https://zabbix.npinfo.com/screens.php?ddreset=1" "Mozilla/5.0 (Windows NT 10.0; Win64; x64) AppleWebKit/537.36 (KHTML, like Gecko) Chrome/60.0.3112.101 Safari/537.36"
173.160.174.153 - - [20/Sep/2017:08:05:49 -0700] "POST /jsrpc.php?output=json-rpc HTTP/1.1" 200 64 "https://zabbix.npinfo.com/screens.php" "Mozilla/5.0 (Windows NT 10.0; Win64; x64) AppleWebKit/537.36 (KHTML, like Gecko) Chrome/60.0.3112.113 Safari/537.36"
173.160.174.153 - - [20/Sep/2017:08:05:49 -0700] "POST /jsrpc.php?output=json-rpc HTTP/1.1" 200 62 "https://zabbix.npinfo.com/actionconf.php?ddreset=1" "Mozilla/5.0 (Windows NT 10.0; WOW64; rv:52.0) Gecko/20100101 Firefox/52.0"
173.160.174.153 - - [20/Sep/2017:08:05:49 -0700] "GET /chart.php?itemids%5B%5D=89290&=&width=1750&height=100&period=21600&stime=20180918075326&updateProfile=1&profileIdx=web.screens&profileIdx2=20&sid=c2e332a5d9437331&screenid=20&curtime=1505919949805 HTTP/1.1" 200 27995 "https://zabbix.npinfo.com/screens.php?ddreset=1" "Mozilla/5.0 (Windows NT 10.0; Win64; x64) AppleWebKit/537.36 (KHTML, like Gecko) Chrome/60.0.3112.101 Safari/537.36"
173.160.174.153 - - [20/Sep/2017:08:05:50 -0700] "POST /jsrpc.php?sid=c2e332a5d9437331&type=9&method=screen.get×tamp=1505919950807&mode=0&screenid=20&groupid=&hostid=&pageFile=screens.php&profileIdx=web.screens&profileIdx2=20&updateProfile=true&screenitemid=102&period=21600&stime=20180918075326 HTTP/1.1" 200 75385 "https://zabbix.npinfo.com/screens.php?ddreset=1" "Mozilla/5.0 (Windows NT 10.0; Win64; x64) AppleWebKit/537.36 (KHTML, like Gecko) Chrome/60.0.3112.101 Safari/537.36"
173.160.174.153 - - [20/Sep/2017:08:05:51 -0700] "GET /chart.php?itemids%5B%5D=89290&=&width=1750&height=100&period=21600&stime=20180913033654&updateProfile=1&profileIdx=web.screens&profileIdx2=20&sid=16abea0203ed0b2f&screenid=20&curtime=1505919949728 HTTP/1.1" 200 28327 "https://zabbix.npinfo.com/screens.php?ddreset=1" "Mozilla/5.0 (Windows NT 10.0; Win64; x64) AppleWebKit/537.36 (KHTML, like Gecko) Chrome/60.0.3112.113 Safari/537.36"
173.160.174.153 - - [20/Sep/2017:08:05:51 -0700] "POST /jsrpc.php?sid=396ce852eb16537b&type=9&method=screen.get×tamp=1505919951102&mode=0&screenid=20&groupid=&hostid=&pageFile=screens.php&profileIdx=web.screens&profileIdx2=20&updateProfile=true&screenitemid=102&period=60&stime=20180920063054 HTTP/1.1" 200 75385 "https://zabbix.npinfo.com/screens.php" "Mozilla/5.0 (Windows NT 10.0; Win64; x64) AppleWebKit/537.36 (KHTML, like Gecko) Chrome/60.0.3112.113 Safari/537.36"
173.160.174.153 - - [20/Sep/2017:08:05:51 -0700] "GET /chart.php?itemids%5B%5D=89284&=&width=1750&height=100&period=60&stime=20180920063054&updateProfile=1&profileIdx=web.screens&profileIdx2=20&sid=396ce852eb16537b&screenid=20&curtime=1505919951105 HTTP/1.1" 200 21229 "https://zabbix.npinfo.com/screens.php" "Mozilla/5.0 (Windows NT 10.0; Win64; x64) AppleWebKit/537.36 (KHTML, like Gecko) Chrome/60.0.3112.113 Safari/537.36"
173.160.174.153 - - [20/Sep/2017:08:05:52 -0700] "POST /jsrpc.php?output=json-rpc HTTP/1.1" 200 65 "https://zabbix.npinfo.com/screens.php?elementid=20" "Mozilla/5.0 (Windows NT 10.0; Win64; x64) AppleWebKit/537.36 (KHTML, like Gecko) Chrome/60.0.3112.113 Safari/537.36"
173.160.174.153 - - [20/Sep/2017:08:05:52 -0700] "GET /chart.php?itemids%5B%5D=89290&=&width=1750&height=100&period=60&stime=20180920063054&updateProfile=1&profileIdx=web.screens&profileIdx2=20&sid=396ce852eb16537b&screenid=20&curtime=1505919952103 HTTP/1.1" 200 20707 "https://zabbix.npinfo.com/screens.php" "Mozilla/5.0 (Windows NT 10.0; Win64; x64) AppleWebKit/537.36 (KHTML, like Gecko) Chrome/60.0.3112.113 Safari/537.36"
173.160.174.153 - - [20/Sep/2017:08:05:53 -0700] "POST /jsrpc.php?output=json-rpc HTTP/1.1" 200 66 "https://zabbix.npinfo.com/screens.php?ddreset=1" "Mozilla/5.0 (Windows NT 10.0; Win64; x64) AppleWebKit/537.36 (KHTML, like Gecko) Chrome/60.0.3112.113 Safari/537.36"
209.180.207.160 - - [20/Sep/2017:08:05:54 -0700] "POST /jsrpc.php?output=json-rpc HTTP/1.1" 200 66 "https://zabbix.npinfo.com/zabbix.php?action=dashboard.view&ddreset=1&fullscreen=1" "Mozilla/5.0 (Windows NT 6.3; Win64; x64) AppleWebKit/537.36 (KHTML, like Gecko) Chrome/60.0.3112.113 Safari/537.36"
173.160.174.153 - - [20/Sep/2017:08:05:54 -0700] "POST /jsrpc.php?output=json-rpc HTTP/1.1" 200 66 "https://zabbix.npinfo.com/screens.php?ddreset=1" "Mozilla/5.0 (Windows NT 10.0; Win64; x64) AppleWebKit/537.36 (KHTML, like Gecko) Chrome/60.0.3112.101 Safari/537.36"
173.160.174.153 - - [20/Sep/2017:08:05:55 -0700] "POST /jsrpc.php?output=json-rpc HTTP/1.1" 200 38 "https://zabbix.npinfo.com/screens.php" "Mozilla/5.0 (Windows NT 10.0; Win64; x64) AppleWebKit/537.36 (KHTML, like Gecko) Chrome/60.0.3112.113 Safari/537.36"
173.160.174.153 - - [20/Sep/2017:08:05:55 -0700] "GET /chart.php?itemids%5B%5D=89284&=&width=1750&height=100&period=21600&stime=20180919120941&updateProfile=1&profileIdx=web.screens&profileIdx2=20&sid=374ae6359a772912&screenid=20&curtime=1505919955012 HTTP/1.1" 200 29143 "https://zabbix.npinfo.com/screens.php?elementid=20" "Mozilla/5.0 (Windows NT 10.0; Win64; x64) AppleWebKit/537.36 (KHTML, like Gecko) Chrome/60.0.3112.113 Safari/537.36"
173.160.174.153 - - [20/Sep/2017:08:05:59 -0700] "POST /jsrpc.php?output=json-rpc HTTP/1.1" 200 62 "https://zabbix.npinfo.com/actionconf.php?ddreset=1" "Mozilla/5.0 (Windows NT 10.0; WOW64; rv:52.0) Gecko/20100101 Firefox/52.0"
173.160.174.153 - - [20/Sep/2017:08:06:00 -0700] "POST /jsrpc.php?output=json-rpc HTTP/1.1" 200 64 "https://zabbix.npinfo.com/screens.php" "Mozilla/5.0 (Windows NT 10.0; Win64; x64) AppleWebKit/537.36 (KHTML, like Gecko) Chrome/60.0.3112.113 Safari/537.36"
173.160.174.153 - - [20/Sep/2017:08:06:02 -0700] "POST /jsrpc.php?output=json-rpc HTTP/1.1" 200 65 "https://zabbix.npinfo.com/screens.php?elementid=20" "Mozilla/5.0 (Windows NT 10.0; Win64; x64) AppleWebKit/537.36 (KHTML, like Gecko) Chrome/60.0.3112.113 Safari/537.36"
173.160.174.153 - - [20/Sep/2017:08:06:03 -0700] "POST /jsrpc.php?sid=16abea0203ed0b2f&type=9&method=screen.get×tamp=1505919961956&mode=0&screenid=20&groupid=&hostid=&pageFile=screens.php&profileIdx=web.screens&profileIdx2=20&updateProfile=true&screenitemid=102&period=21600&stime=20180913033654 HTTP/1.1" 200 75381 "https://zabbix.npinfo.com/screens.php?ddreset=1" "Mozilla/5.0 (Windows NT 10.0; Win64; x64) AppleWebKit/537.36 (KHTML, like Gecko) Chrome/60.0.3112.113 Safari/537.36"
173.160.174.153 - - [20/Sep/2017:08:06:03 -0700] "POST /jsrpc.php?output=json-rpc HTTP/1.1" 200 66 "https://zabbix.npinfo.com/screens.php?ddreset=1" "Mozilla/5.0 (Windows NT 10.0; Win64; x64) AppleWebKit/537.36 (KHTML, like Gecko) Chrome/60.0.3112.113 Safari/537.36"
209.180.207.160 - - [20/Sep/2017:08:06:04 -0700] "POST /jsrpc.php?output=json-rpc HTTP/1.1" 200 66 "https://zabbix.npinfo.com/zabbix.php?action=dashboard.view&ddreset=1&fullscreen=1" "Mozilla/5.0 (Windows NT 6.3; Win64; x64) AppleWebKit/537.36 (KHTML, like Gecko) Chrome/60.0.3112.113 Safari/537.36"
173.160.174.153 - - [20/Sep/2017:08:06:04 -0700] "POST /jsrpc.php?sid=374ae6359a772912&type=9&method=screen.get×tamp=1505919964172&mode=0&screenid=20&groupid=&hostid=&pageFile=screens.php&profileIdx=web.screens&profileIdx2=20&updateProfile=true&screenitemid=102&period=21600&stime=20180919120941 HTTP/1.1" 200 75381 "https://zabbix.npinfo.com/screens.php?elementid=20" "Mozilla/5.0 (Windows NT 10.0; Win64; x64) AppleWebKit/537.36 (KHTML, like Gecko) Chrome/60.0.3112.113 Safari/537.36"
173.160.174.153 - - [20/Sep/2017:08:06:05 -0700] "POST /jsrpc.php?output=json-rpc HTTP/1.1" 200 66 "https://zabbix.npinfo.com/screens.php?ddreset=1" "Mozilla/5.0 (Windows NT 10.0; Win64; x64) AppleWebKit/537.36 (KHTML, like Gecko) Chrome/60.0.3112.101 Safari/537.36"
