209.180.207.160 - - [20/Sep/2017:08:08:05 -0700] "POST /zabbix.php?action=widget.status.view&sid=44299d61df12800d&upd_counter=5702&pmasterid=dashboard HTTP/1.1" 200 1304 "https://zabbix.npinfo.com/zabbix.php?action=dashboard.view&ddreset=1&fullscreen=1" "Mozilla/5.0 (Windows NT 6.3; Win64; x64) AppleWebKit/537.36 (KHTML, like Gecko) Chrome/60.0.3112.113 Safari/537.36"
173.160.174.153 - - [20/Sep/2017:08:08:09 -0700] "POST /jsrpc.php?output=json-rpc HTTP/1.1" 200 63 "https://zabbix.npinfo.com/actionconf.php?ddreset=1" "Mozilla/5.0 (Windows NT 10.0; WOW64; rv:52.0) Gecko/20100101 Firefox/52.0"
173.160.174.153 - - [20/Sep/2017:08:08:11 -0700] "POST /jsrpc.php?output=json-rpc HTTP/1.1" 200 64 "https://zabbix.npinfo.com/screens.php" "Mozilla/5.0 (Windows NT 10.0; Win64; x64) AppleWebKit/537.36 (KHTML, like Gecko) Chrome/60.0.3112.113 Safari/537.36"
173.160.174.153 - - [20/Sep/2017:08:08:12 -0700] "POST /jsrpc.php?output=json-rpc HTTP/1.1" 200 65 "https://zabbix.npinfo.com/screens.php?elementid=20" "Mozilla/5.0 (Windows NT 10.0; Win64; x64) AppleWebKit/537.36 (KHTML, like Gecko) Chrome/60.0.3112.113 Safari/537.36"
173.160.174.153 - - [20/Sep/2017:08:08:13 -0700] "POST /jsrpc.php?output=json-rpc HTTP/1.1" 200 66 "https://zabbix.npinfo.com/screens.php?ddreset=1" "Mozilla/5.0 (Windows NT 10.0; Win64; x64) AppleWebKit/537.36 (KHTML, like Gecko) Chrome/60.0.3112.113 Safari/537.36"
173.160.174.153 - - [20/Sep/2017:08:08:13 -0700] "POST /jsrpc.php?output=json-rpc HTTP/1.1" 200 66 "https://zabbix.npinfo.com/screens.php?ddreset=1" "Mozilla/5.0 (Windows NT 10.0; Win64; x64) AppleWebKit/537.36 (KHTML, like Gecko) Chrome/60.0.3112.101 Safari/537.36"
209.180.207.160 - - [20/Sep/2017:08:08:14 -0700] "POST /jsrpc.php?output=json-rpc HTTP/1.1" 200 66 "https://zabbix.npinfo.com/zabbix.php?action=dashboard.view&ddreset=1&fullscreen=1" "Mozilla/5.0 (Windows NT 6.3; Win64; x64) AppleWebKit/537.36 (KHTML, like Gecko) Chrome/60.0.3112.113 Safari/537.36"
173.160.174.153 - - [20/Sep/2017:08:08:15 -0700] "GET /chart.php?itemids%5B%5D=89284&=&width=1750&height=100&period=21600&stime=20180913033654&updateProfile=1&profileIdx=web.screens&profileIdx2=20&sid=16abea0203ed0b2f&screenid=20&curtime=1505920093763 HTTP/1.1" 200 29278 "https://zabbix.npinfo.com/screens.php?ddreset=1" "Mozilla/5.0 (Windows NT 10.0; Win64; x64) AppleWebKit/537.36 (KHTML, like Gecko) Chrome/60.0.3112.113 Safari/537.36"
173.160.174.153 - - [20/Sep/2017:08:08:16 -0700] "GET /chart.php?itemids%5B%5D=89290&=&width=1750&height=100&period=21600&stime=20180919120941&updateProfile=1&profileIdx=web.screens&profileIdx2=20&sid=374ae6359a772912&screenid=20&curtime=1505920096072 HTTP/1.1" 200 28262 "https://zabbix.npinfo.com/screens.php?elementid=20" "Mozilla/5.0 (Windows NT 10.0; Win64; x64) AppleWebKit/537.36 (KHTML, like Gecko) Chrome/60.0.3112.113 Safari/537.36"
173.160.174.153 - - [20/Sep/2017:08:08:18 -0700] "POST /jsrpc.php?sid=396ce852eb16537b&type=9&method=screen.get×tamp=1505920098104&mode=0&screenid=20&groupid=&hostid=&pageFile=screens.php&profileIdx=web.screens&profileIdx2=20&updateProfile=true&screenitemid=102&period=60&stime=20180920063054 HTTP/1.1" 200 68700 "https://zabbix.npinfo.com/screens.php" "Mozilla/5.0 (Windows NT 10.0; Win64; x64) AppleWebKit/537.36 (KHTML, like Gecko) Chrome/60.0.3112.113 Safari/537.36"
173.160.174.153 - - [20/Sep/2017:08:08:18 -0700] "GET /chart.php?itemids%5B%5D=89284&=&width=1750&height=100&period=60&stime=20180920063054&updateProfile=1&profileIdx=web.screens&profileIdx2=20&sid=396ce852eb16537b&screenid=20&curtime=1505920098107 HTTP/1.1" 200 21237 "https://zabbix.npinfo.com/screens.php" "Mozilla/5.0 (Windows NT 10.0; Win64; x64) AppleWebKit/537.36 (KHTML, like Gecko) Chrome/60.0.3112.113 Safari/537.36"
173.160.174.153 - - [20/Sep/2017:08:08:19 -0700] "GET /chart.php?itemids%5B%5D=89290&=&width=1750&height=100&period=60&stime=20180920063054&updateProfile=1&profileIdx=web.screens&profileIdx2=20&sid=396ce852eb16537b&screenid=20&curtime=1505920099106 HTTP/1.1" 200 21400 "https://zabbix.npinfo.com/screens.php" "Mozilla/5.0 (Windows NT 10.0; Win64; x64) AppleWebKit/537.36 (KHTML, like Gecko) Chrome/60.0.3112.113 Safari/537.36"
173.160.174.153 - - [20/Sep/2017:08:08:19 -0700] "POST /jsrpc.php?output=json-rpc HTTP/1.1" 200 63 "https://zabbix.npinfo.com/actionconf.php?ddreset=1" "Mozilla/5.0 (Windows NT 10.0; WOW64; rv:52.0) Gecko/20100101 Firefox/52.0"
173.160.174.153 - - [20/Sep/2017:08:08:20 -0700] "GET /chart.php?itemids%5B%5D=89284&=&width=1750&height=100&period=21600&stime=20180918075326&updateProfile=1&profileIdx=web.screens&profileIdx2=20&sid=c2e332a5d9437331&screenid=20&curtime=1505920100813 HTTP/1.1" 200 29229 "https://zabbix.npinfo.com/screens.php?ddreset=1" "Mozilla/5.0 (Windows NT 10.0; Win64; x64) AppleWebKit/537.36 (KHTML, like Gecko) Chrome/60.0.3112.101 Safari/537.36"
173.160.174.153 - - [20/Sep/2017:08:08:21 -0700] "GET /chart.php?itemids%5B%5D=89290&=&width=1750&height=100&period=21600&stime=20180913033654&updateProfile=1&profileIdx=web.screens&profileIdx2=20&sid=16abea0203ed0b2f&screenid=20&curtime=1505920099736 HTTP/1.1" 200 27999 "https://zabbix.npinfo.com/screens.php?ddreset=1" "Mozilla/5.0 (Windows NT 10.0; Win64; x64) AppleWebKit/537.36 (KHTML, like Gecko) Chrome/60.0.3112.113 Safari/537.36"
173.160.174.153 - - [20/Sep/2017:08:08:22 -0700] "POST /jsrpc.php?output=json-rpc HTTP/1.1" 200 65 "https://zabbix.npinfo.com/screens.php?elementid=20" "Mozilla/5.0 (Windows NT 10.0; Win64; x64) AppleWebKit/537.36 (KHTML, like Gecko) Chrome/60.0.3112.113 Safari/537.36"
173.160.174.153 - - [20/Sep/2017:08:08:22 -0700] "POST /jsrpc.php?output=json-rpc HTTP/1.1" 200 64 "https://zabbix.npinfo.com/screens.php" "Mozilla/5.0 (Windows NT 10.0; Win64; x64) AppleWebKit/537.36 (KHTML, like Gecko) Chrome/60.0.3112.113 Safari/537.36"
173.160.174.153 - - [20/Sep/2017:08:08:23 -0700] "POST /jsrpc.php?output=json-rpc HTTP/1.1" 200 66 "https://zabbix.npinfo.com/screens.php?ddreset=1" "Mozilla/5.0 (Windows NT 10.0; Win64; x64) AppleWebKit/537.36 (KHTML, like Gecko) Chrome/60.0.3112.113 Safari/537.36"
209.180.207.160 - - [20/Sep/2017:08:08:24 -0700] "POST /jsrpc.php?output=json-rpc HTTP/1.1" 200 66 "https://zabbix.npinfo.com/zabbix.php?action=dashboard.view&ddreset=1&fullscreen=1" "Mozilla/5.0 (Windows NT 6.3; Win64; x64) AppleWebKit/537.36 (KHTML, like Gecko) Chrome/60.0.3112.113 Safari/537.36"
173.160.174.153 - - [20/Sep/2017:08:08:24 -0700] "POST /jsrpc.php?output=json-rpc HTTP/1.1" 200 66 "https://zabbix.npinfo.com/screens.php?ddreset=1" "Mozilla/5.0 (Windows NT 10.0; Win64; x64) AppleWebKit/537.36 (KHTML, like Gecko) Chrome/60.0.3112.101 Safari/537.36"
173.160.174.153 - - [20/Sep/2017:08:08:24 -0700] "POST /jsrpc.php?sid=c2e332a5d9437331&type=9&method=screen.get×tamp=1505920104817&mode=0&screenid=20&groupid=&hostid=&pageFile=screens.php&profileIdx=web.screens&profileIdx2=20&updateProfile=true&screenitemid=102&period=21600&stime=20180918075326 HTTP/1.1" 200 68700 "https://zabbix.npinfo.com/screens.php?ddreset=1" "Mozilla/5.0 (Windows NT 10.0; Win64; x64) AppleWebKit/537.36 (KHTML, like Gecko) Chrome/60.0.3112.101 Safari/537.36"
173.160.174.153 - - [20/Sep/2017:08:08:24 -0700] "GET /chart.php?itemids%5B%5D=89290&=&width=1750&height=100&period=21600&stime=20180918075326&updateProfile=1&profileIdx=web.screens&profileIdx2=20&sid=c2e332a5d9437331&screenid=20&curtime=1505920104817 HTTP/1.1" 200 28487 "https://zabbix.npinfo.com/screens.php?ddreset=1" "Mozilla/5.0 (Windows NT 10.0; Win64; x64) AppleWebKit/537.36 (KHTML, like Gecko) Chrome/60.0.3112.101 Safari/537.36"
173.160.174.153 - - [20/Sep/2017:08:08:25 -0700] "GET /chart.php?itemids%5B%5D=89284&=&width=1750&height=100&period=21600&stime=20180919120941&updateProfile=1&profileIdx=web.screens&profileIdx2=20&sid=374ae6359a772912&screenid=20&curtime=1505920105026 HTTP/1.1" 200 29222 "https://zabbix.npinfo.com/screens.php?elementid=20" "Mozilla/5.0 (Windows NT 10.0; Win64; x64) AppleWebKit/537.36 (KHTML, like Gecko) Chrome/60.0.3112.113 Safari/537.36"
173.160.174.153 - - [20/Sep/2017:08:08:29 -0700] "POST /jsrpc.php?output=json-rpc HTTP/1.1" 200 63 "https://zabbix.npinfo.com/actionconf.php?ddreset=1" "Mozilla/5.0 (Windows NT 10.0; WOW64; rv:52.0) Gecko/20100101 Firefox/52.0"
173.160.174.153 - - [20/Sep/2017:08:08:32 -0700] "POST /jsrpc.php?output=json-rpc HTTP/1.1" 200 65 "https://zabbix.npinfo.com/screens.php?elementid=20" "Mozilla/5.0 (Windows NT 10.0; Win64; x64) AppleWebKit/537.36 (KHTML, like Gecko) Chrome/60.0.3112.113 Safari/537.36"
173.160.174.153 - - [20/Sep/2017:08:08:33 -0700] "POST /jsrpc.php?output=json-rpc HTTP/1.1" 200 64 "https://zabbix.npinfo.com/screens.php" "Mozilla/5.0 (Windows NT 10.0; Win64; x64) AppleWebKit/537.36 (KHTML, like Gecko) Chrome/60.0.3112.113 Safari/537.36"
173.160.174.153 - - [20/Sep/2017:08:08:33 -0700] "POST /jsrpc.php?sid=16abea0203ed0b2f&type=9&method=screen.get×tamp=1505920111964&mode=0&screenid=20&groupid=&hostid=&pageFile=screens.php&profileIdx=web.screens&profileIdx2=20&updateProfile=true&screenitemid=102&period=21600&stime=20180913033654 HTTP/1.1" 200 68700 "https://zabbix.npinfo.com/screens.php?ddreset=1" "Mozilla/5.0 (Windows NT 10.0; Win64; x64) AppleWebKit/537.36 (KHTML, like Gecko) Chrome/60.0.3112.113 Safari/537.36"
173.160.174.153 - - [20/Sep/2017:08:08:33 -0700] "POST /jsrpc.php?output=json-rpc HTTP/1.1" 200 66 "https://zabbix.npinfo.com/screens.php?ddreset=1" "Mozilla/5.0 (Windows NT 10.0; Win64; x64) AppleWebKit/537.36 (KHTML, like Gecko) Chrome/60.0.3112.113 Safari/537.36"
209.180.207.160 - - [20/Sep/2017:08:08:34 -0700] "POST /jsrpc.php?output=json-rpc HTTP/1.1" 200 66 "https://zabbix.npinfo.com/zabbix.php?action=dashboard.view&ddreset=1&fullscreen=1" "Mozilla/5.0 (Windows NT 6.3; Win64; x64) AppleWebKit/537.36 (KHTML, like Gecko) Chrome/60.0.3112.113 Safari/537.36"
173.160.174.153 - - [20/Sep/2017:08:08:34 -0700] "POST /jsrpc.php?sid=374ae6359a772912&type=9&method=screen.get×tamp=1505920114184&mode=0&screenid=20&groupid=&hostid=&pageFile=screens.php&profileIdx=web.screens&profileIdx2=20&updateProfile=true&screenitemid=102&period=21600&stime=20180919120941 HTTP/1.1" 200 68700 "https://zabbix.npinfo.com/screens.php?elementid=20" "Mozilla/5.0 (Windows NT 10.0; Win64; x64) AppleWebKit/537.36 (KHTML, like Gecko) Chrome/60.0.3112.113 Safari/537.36"
173.160.174.153 - - [20/Sep/2017:08:08:35 -0700] "POST /jsrpc.php?output=json-rpc HTTP/1.1" 200 66 "https://zabbix.npinfo.com/screens.php?ddreset=1" "Mozilla/5.0 (Windows NT 10.0; Win64; x64) AppleWebKit/537.36 (KHTML, like Gecko) Chrome/60.0.3112.101 Safari/537.36"
173.160.174.153 - - [20/Sep/2017:08:08:39 -0700] "POST /jsrpc.php?sid=396ce852eb16537b&type=9&method=screen.get×tamp=1505920119104&mode=0&screenid=20&groupid=&hostid=&pageFile=screens.php&profileIdx=web.screens&profileIdx2=20&updateProfile=true&screenitemid=102&period=60&stime=20180920063054 HTTP/1.1" 200 68700 "https://zabbix.npinfo.com/screens.php" "Mozilla/5.0 (Windows NT 10.0; Win64; x64) AppleWebKit/537.36 (KHTML, like Gecko) Chrome/60.0.3112.113 Safari/537.36"
173.160.174.153 - - [20/Sep/2017:08:08:39 -0700] "GET /chart.php?itemids%5B%5D=89284&=&width=1750&height=100&period=60&stime=20180920063054&updateProfile=1&profileIdx=web.screens&profileIdx2=20&sid=396ce852eb16537b&screenid=20&curtime=1505920119107 HTTP/1.1" 200 21368 "https://zabbix.npinfo.com/screens.php" "Mozilla/5.0 (Windows NT 10.0; Win64; x64) AppleWebKit/537.36 (KHTML, like Gecko) Chrome/60.0.3112.113 Safari/537.36"
173.160.174.153 - - [20/Sep/2017:08:08:39 -0700] "POST /jsrpc.php?output=json-rpc HTTP/1.1" 200 63 "https://zabbix.npinfo.com/actionconf.php?ddreset=1" "Mozilla/5.0 (Windows NT 10.0; WOW64; rv:52.0) Gecko/20100101 Firefox/52.0"
173.160.174.153 - - [20/Sep/2017:08:08:40 -0700] "GET /chart.php?itemids%5B%5D=89290&=&width=1750&height=100&period=60&stime=20180920063054&updateProfile=1&profileIdx=web.screens&profileIdx2=20&sid=396ce852eb16537b&screenid=20&curtime=1505920120105 HTTP/1.1" 200 21512 "https://zabbix.npinfo.com/screens.php" "Mozilla/5.0 (Windows NT 10.0; Win64; x64) AppleWebKit/537.36 (KHTML, like Gecko) Chrome/60.0.3112.113 Safari/537.36"
173.160.174.153 - - [20/Sep/2017:08:08:42 -0700] "POST /jsrpc.php?output=json-rpc HTTP/1.1" 200 65 "https://zabbix.npinfo.com/screens.php?elementid=20" "Mozilla/5.0 (Windows NT 10.0; Win64; x64) AppleWebKit/537.36 (KHTML, like Gecko) Chrome/60.0.3112.113 Safari/537.36"
173.160.174.153 - - [20/Sep/2017:08:08:43 -0700] "POST /jsrpc.php?output=json-rpc HTTP/1.1" 200 66 "https://zabbix.npinfo.com/screens.php?ddreset=1" "Mozilla/5.0 (Windows NT 10.0; Win64; x64) AppleWebKit/537.36 (KHTML, like Gecko) Chrome/60.0.3112.113 Safari/537.36"
173.160.174.153 - - [20/Sep/2017:08:08:44 -0700] "POST /jsrpc.php?output=json-rpc HTTP/1.1" 200 64 "https://zabbix.npinfo.com/screens.php" "Mozilla/5.0 (Windows NT 10.0; Win64; x64) AppleWebKit/537.36 (KHTML, like Gecko) Chrome/60.0.3112.113 Safari/537.36"
209.180.207.160 - - [20/Sep/2017:08:08:44 -0700] "POST /jsrpc.php?output=json-rpc HTTP/1.1" 200 66 "https://zabbix.npinfo.com/zabbix.php?action=dashboard.view&ddreset=1&fullscreen=1" "Mozilla/5.0 (Windows NT 6.3; Win64; x64) AppleWebKit/537.36 (KHTML, like Gecko) Chrome/60.0.3112.113 Safari/537.36"
173.160.174.153 - - [20/Sep/2017:08:08:45 -0700] "GET /chart.php?itemids%5B%5D=89284&=&width=1750&height=100&period=21600&stime=20180913033654&updateProfile=1&profileIdx=web.screens&profileIdx2=20&sid=16abea0203ed0b2f&screenid=20&curtime=1505920123765 HTTP/1.1" 200 28934 "https://zabbix.npinfo.com/screens.php?ddreset=1" "Mozilla/5.0 (Windows NT 10.0; Win64; x64) AppleWebKit/537.36 (KHTML, like Gecko) Chrome/60.0.3112.113 Safari/537.36"
173.160.174.153 - - [20/Sep/2017:08:08:46 -0700] "GET /chart.php?itemids%5B%5D=89290&=&width=1750&height=100&period=21600&stime=20180919120941&updateProfile=1&profileIdx=web.screens&profileIdx2=20&sid=374ae6359a772912&screenid=20&curtime=1505920126073 HTTP/1.1" 200 27879 "https://zabbix.npinfo.com/screens.php?elementid=20" "Mozilla/5.0 (Windows NT 10.0; Win64; x64) AppleWebKit/537.36 (KHTML, like Gecko) Chrome/60.0.3112.113 Safari/537.36"
173.160.174.153 - - [20/Sep/2017:08:08:46 -0700] "POST /jsrpc.php?output=json-rpc HTTP/1.1" 200 66 "https://zabbix.npinfo.com/screens.php?ddreset=1" "Mozilla/5.0 (Windows NT 10.0; Win64; x64) AppleWebKit/537.36 (KHTML, like Gecko) Chrome/60.0.3112.101 Safari/537.36"
173.160.174.153 - - [20/Sep/2017:08:08:49 -0700] "POST /jsrpc.php?output=json-rpc HTTP/1.1" 200 63 "https://zabbix.npinfo.com/actionconf.php?ddreset=1" "Mozilla/5.0 (Windows NT 10.0; WOW64; rv:52.0) Gecko/20100101 Firefox/52.0"
173.160.174.153 - - [20/Sep/2017:08:08:50 -0700] "GET /chart.php?itemids%5B%5D=89284&=&width=1750&height=100&period=21600&stime=20180918075326&updateProfile=1&profileIdx=web.screens&profileIdx2=20&sid=c2e332a5d9437331&screenid=20&curtime=1505920130817 HTTP/1.1" 200 28266 "https://zabbix.npinfo.com/screens.php?ddreset=1" "Mozilla/5.0 (Windows NT 10.0; Win64; x64) AppleWebKit/537.36 (KHTML, like Gecko) Chrome/60.0.3112.101 Safari/537.36"
173.160.174.153 - - [20/Sep/2017:08:08:51 -0700] "GET /chart.php?itemids%5B%5D=89290&=&width=1750&height=100&period=21600&stime=20180913033654&updateProfile=1&profileIdx=web.screens&profileIdx2=20&sid=16abea0203ed0b2f&screenid=20&curtime=1505920129739 HTTP/1.1" 200 28849 "https://zabbix.npinfo.com/screens.php?ddreset=1" "Mozilla/5.0 (Windows NT 10.0; Win64; x64) AppleWebKit/537.36 (KHTML, like Gecko) Chrome/60.0.3112.113 Safari/537.36"
173.160.174.153 - - [20/Sep/2017:08:08:52 -0700] "POST /jsrpc.php?output=json-rpc HTTP/1.1" 200 65 "https://zabbix.npinfo.com/screens.php?elementid=20" "Mozilla/5.0 (Windows NT 10.0; Win64; x64) AppleWebKit/537.36 (KHTML, like Gecko) Chrome/60.0.3112.113 Safari/537.36"
173.160.174.153 - - [20/Sep/2017:08:08:53 -0700] "POST /jsrpc.php?output=json-rpc HTTP/1.1" 200 66 "https://zabbix.npinfo.com/screens.php?ddreset=1" "Mozilla/5.0 (Windows NT 10.0; Win64; x64) AppleWebKit/537.36 (KHTML, like Gecko) Chrome/60.0.3112.113 Safari/537.36"
209.180.207.160 - - [20/Sep/2017:08:08:54 -0700] "POST /jsrpc.php?output=json-rpc HTTP/1.1" 200 66 "https://zabbix.npinfo.com/zabbix.php?action=dashboard.view&ddreset=1&fullscreen=1" "Mozilla/5.0 (Windows NT 6.3; Win64; x64) AppleWebKit/537.36 (KHTML, like Gecko) Chrome/60.0.3112.113 Safari/537.36"
173.160.174.153 - - [20/Sep/2017:08:08:55 -0700] "POST /jsrpc.php?output=json-rpc HTTP/1.1" 200 64 "https://zabbix.npinfo.com/screens.php" "Mozilla/5.0 (Windows NT 10.0; Win64; x64) AppleWebKit/537.36 (KHTML, like Gecko) Chrome/60.0.3112.113 Safari/537.36"
173.160.174.153 - - [20/Sep/2017:08:08:55 -0700] "POST /jsrpc.php?output=json-rpc HTTP/1.1" 200 38 "https://zabbix.npinfo.com/screens.php" "Mozilla/5.0 (Windows NT 10.0; Win64; x64) AppleWebKit/537.36 (KHTML, like Gecko) Chrome/60.0.3112.113 Safari/537.36"
173.160.174.153 - - [20/Sep/2017:08:08:55 -0700] "GET /chart.php?itemids%5B%5D=89284&=&width=1750&height=100&period=21600&stime=20180919120941&updateProfile=1&profileIdx=web.screens&profileIdx2=20&sid=374ae6359a772912&screenid=20&curtime=1505920135027 HTTP/1.1" 200 28453 "https://zabbix.npinfo.com/screens.php?elementid=20" "Mozilla/5.0 (Windows NT 10.0; Win64; x64) AppleWebKit/537.36 (KHTML, like Gecko) Chrome/60.0.3112.113 Safari/537.36"
173.160.174.153 - - [20/Sep/2017:08:08:55 -0700] "POST /jsrpc.php?sid=c2e332a5d9437331&type=9&method=screen.get×tamp=1505920135817&mode=0&screenid=20&groupid=&hostid=&pageFile=screens.php&profileIdx=web.screens&profileIdx2=20&updateProfile=true&screenitemid=102&period=21600&stime=20180918075326 HTTP/1.1" 200 68700 "https://zabbix.npinfo.com/screens.php?ddreset=1" "Mozilla/5.0 (Windows NT 10.0; Win64; x64) AppleWebKit/537.36 (KHTML, like Gecko) Chrome/60.0.3112.101 Safari/537.36"
173.160.174.153 - - [20/Sep/2017:08:08:55 -0700] "GET /chart.php?itemids%5B%5D=89290&=&width=1750&height=100&period=21600&stime=20180918075326&updateProfile=1&profileIdx=web.screens&profileIdx2=20&sid=c2e332a5d9437331&screenid=20&curtime=1505920135817 HTTP/1.1" 200 28945 "https://zabbix.npinfo.com/screens.php?ddreset=1" "Mozilla/5.0 (Windows NT 10.0; Win64; x64) AppleWebKit/537.36 (KHTML, like Gecko) Chrome/60.0.3112.101 Safari/537.36"
173.160.174.153 - - [20/Sep/2017:08:08:57 -0700] "POST /jsrpc.php?output=json-rpc HTTP/1.1" 200 66 "https://zabbix.npinfo.com/screens.php?ddreset=1" "Mozilla/5.0 (Windows NT 10.0; Win64; x64) AppleWebKit/537.36 (KHTML, like Gecko) Chrome/60.0.3112.101 Safari/537.36"
173.160.174.153 - - [20/Sep/2017:08:08:59 -0700] "POST /jsrpc.php?output=json-rpc HTTP/1.1" 200 63 "https://zabbix.npinfo.com/actionconf.php?ddreset=1" "Mozilla/5.0 (Windows NT 10.0; WOW64; rv:52.0) Gecko/20100101 Firefox/52.0"
173.160.174.153 - - [20/Sep/2017:08:09:00 -0700] "POST /jsrpc.php?sid=396ce852eb16537b&type=9&method=screen.get×tamp=1505920140104&mode=0&screenid=20&groupid=&hostid=&pageFile=screens.php&profileIdx=web.screens&profileIdx2=20&updateProfile=true&screenitemid=102&period=60&stime=20180920063054 HTTP/1.1" 200 68696 "https://zabbix.npinfo.com/screens.php" "Mozilla/5.0 (Windows NT 10.0; Win64; x64) AppleWebKit/537.36 (KHTML, like Gecko) Chrome/60.0.3112.113 Safari/537.36"
173.160.174.153 - - [20/Sep/2017:08:09:00 -0700] "GET /chart.php?itemids%5B%5D=89284&=&width=1750&height=100&period=60&stime=20180920063054&updateProfile=1&profileIdx=web.screens&profileIdx2=20&sid=396ce852eb16537b&screenid=20&curtime=1505920140108 HTTP/1.1" 200 21579 "https://zabbix.npinfo.com/screens.php" "Mozilla/5.0 (Windows NT 10.0; Win64; x64) AppleWebKit/537.36 (KHTML, like Gecko) Chrome/60.0.3112.113 Safari/537.36"
173.160.174.153 - - [20/Sep/2017:08:09:01 -0700] "GET /chart.php?itemids%5B%5D=89290&=&width=1750&height=100&period=60&stime=20180920063054&updateProfile=1&profileIdx=web.screens&profileIdx2=20&sid=396ce852eb16537b&screenid=20&curtime=1505920141107 HTTP/1.1" 200 20938 "https://zabbix.npinfo.com/screens.php" "Mozilla/5.0 (Windows NT 10.0; Win64; x64) AppleWebKit/537.36 (KHTML, like Gecko) Chrome/60.0.3112.113 Safari/537.36"
173.160.174.153 - - [20/Sep/2017:08:09:02 -0700] "POST /jsrpc.php?output=json-rpc HTTP/1.1" 200 65 "https://zabbix.npinfo.com/screens.php?elementid=20" "Mozilla/5.0 (Windows NT 10.0; Win64; x64) AppleWebKit/537.36 (KHTML, like Gecko) Chrome/60.0.3112.113 Safari/537.36"
173.160.174.153 - - [20/Sep/2017:08:09:03 -0700] "POST /jsrpc.php?sid=16abea0203ed0b2f&type=9&method=screen.get×tamp=1505920141966&mode=0&screenid=20&groupid=&hostid=&pageFile=screens.php&profileIdx=web.screens&profileIdx2=20&updateProfile=true&screenitemid=102&period=21600&stime=20180913033654 HTTP/1.1" 200 68696 "https://zabbix.npinfo.com/screens.php?ddreset=1" "Mozilla/5.0 (Windows NT 10.0; Win64; x64) AppleWebKit/537.36 (KHTML, like Gecko) Chrome/60.0.3112.113 Safari/537.36"
173.160.174.153 - - [20/Sep/2017:08:09:03 -0700] "POST /jsrpc.php?output=json-rpc HTTP/1.1" 200 66 "https://zabbix.npinfo.com/screens.php?ddreset=1" "Mozilla/5.0 (Windows NT 10.0; Win64; x64) AppleWebKit/537.36 (KHTML, like Gecko) Chrome/60.0.3112.113 Safari/537.36"
209.180.207.160 - - [20/Sep/2017:08:09:04 -0700] "POST /jsrpc.php?output=json-rpc HTTP/1.1" 200 66 "https://zabbix.npinfo.com/zabbix.php?action=dashboard.view&ddreset=1&fullscreen=1" "Mozilla/5.0 (Windows NT 6.3; Win64; x64) AppleWebKit/537.36 (KHTML, like Gecko) Chrome/60.0.3112.113 Safari/537.36"
173.160.174.153 - - [20/Sep/2017:08:09:04 -0700] "POST /jsrpc.php?sid=374ae6359a772912&type=9&method=screen.get×tamp=1505920144187&mode=0&screenid=20&groupid=&hostid=&pageFile=screens.php&profileIdx=web.screens&profileIdx2=20&updateProfile=true&screenitemid=102&period=21600&stime=20180919120941 HTTP/1.1" 200 68696 "https://zabbix.npinfo.com/screens.php?elementid=20" "Mozilla/5.0 (Windows NT 10.0; Win64; x64) AppleWebKit/537.36 (KHTML, like Gecko) Chrome/60.0.3112.113 Safari/537.36"
209.180.207.160 - - [20/Sep/2017:08:09:05 -0700] "POST /zabbix.php?action=widget.discovery.view&sid=44299d61df12800d&upd_counter=5703&pmasterid=dashboard HTTP/1.1" 200 416 "https://zabbix.npinfo.com/zabbix.php?action=dashboard.view&ddreset=1&fullscreen=1" "Mozilla/5.0 (Windows NT 6.3; Win64; x64) AppleWebKit/537.36 (KHTML, like Gecko) Chrome/60.0.3112.113 Safari/537.36"
209.180.207.160 - - [20/Sep/2017:08:09:05 -0700] "POST /zabbix.php?action=widget.web.view&sid=44299d61df12800d&upd_counter=5703&pmasterid=dashboard HTTP/1.1" 200 674 "https://zabbix.npinfo.com/zabbix.php?action=dashboard.view&ddreset=1&fullscreen=1" "Mozilla/5.0 (Windows NT 6.3; Win64; x64) AppleWebKit/537.36 (KHTML, like Gecko) Chrome/60.0.3112.113 Safari/537.36"
173.160.174.153 - - [20/Sep/2017:08:09:06 -0700] "POST /jsrpc.php?output=json-rpc HTTP/1.1" 200 64 "https://zabbix.npinfo.com/screens.php" "Mozilla/5.0 (Windows NT 10.0; Win64; x64) AppleWebKit/537.36 (KHTML, like Gecko) Chrome/60.0.3112.113 Safari/537.36"
209.180.207.160 - - [20/Sep/2017:08:09:05 -0700] "POST /zabbix.php?action=widget.issues.view&sid=44299d61df12800d&upd_counter=5703&pmasterid=dashboard HTTP/1.1" 200 12038 "https://zabbix.npinfo.com/zabbix.php?action=dashboard.view&ddreset=1&fullscreen=1" "Mozilla/5.0 (Windows NT 6.3; Win64; x64) AppleWebKit/537.36 (KHTML, like Gecko) Chrome/60.0.3112.113 Safari/537.36"
209.180.207.160 - - [20/Sep/2017:08:09:05 -0700] "POST /zabbix.php?action=widget.system.view&sid=44299d61df12800d&upd_counter=5703&pmasterid=dashboard HTTP/1.1" 200 58861 "https://zabbix.npinfo.com/zabbix.php?action=dashboard.view&ddreset=1&fullscreen=1" "Mozilla/5.0 (Windows NT 6.3; Win64; x64) AppleWebKit/537.36 (KHTML, like Gecko) Chrome/60.0.3112.113 Safari/537.36"
209.180.207.160 - - [20/Sep/2017:08:09:05 -0700] "POST /zabbix.php?action=widget.hosts.view&sid=44299d61df12800d&upd_counter=5703&pmasterid=dashboard HTTP/1.1" 200 36497 "https://zabbix.npinfo.com/zabbix.php?action=dashboard.view&ddreset=1&fullscreen=1" "Mozilla/5.0 (Windows NT 6.3; Win64; x64) AppleWebKit/537.36 (KHTML, like Gecko) Chrome/60.0.3112.113 Safari/537.36"
209.180.207.160 - - [20/Sep/2017:08:09:05 -0700] "POST /zabbix.php?action=widget.status.view&sid=44299d61df12800d&upd_counter=5703&pmasterid=dashboard HTTP/1.1" 200 1304 "https://zabbix.npinfo.com/zabbix.php?action=dashboard.view&ddreset=1&fullscreen=1" "Mozilla/5.0 (Windows NT 6.3; Win64; x64) AppleWebKit/537.36 (KHTML, like Gecko) Chrome/60.0.3112.113 Safari/537.36"
173.160.174.153 - - [20/Sep/2017:08:09:08 -0700] "POST /jsrpc.php?output=json-rpc HTTP/1.1" 200 66 "https://zabbix.npinfo.com/screens.php?ddreset=1" "Mozilla/5.0 (Windows NT 10.0; Win64; x64) AppleWebKit/537.36 (KHTML, like Gecko) Chrome/60.0.3112.101 Safari/537.36"
173.160.174.153 - - [20/Sep/2017:08:09:09 -0700] "POST /jsrpc.php?output=json-rpc HTTP/1.1" 200 63 "https://zabbix.npinfo.com/actionconf.php?ddreset=1" "Mozilla/5.0 (Windows NT 10.0; WOW64; rv:52.0) Gecko/20100101 Firefox/52.0"
173.160.174.153 - - [20/Sep/2017:08:09:12 -0700] "POST /jsrpc.php?output=json-rpc HTTP/1.1" 200 65 "https://zabbix.npinfo.com/screens.php?elementid=20" "Mozilla/5.0 (Windows NT 10.0; Win64; x64) AppleWebKit/537.36 (KHTML, like Gecko) Chrome/60.0.3112.113 Safari/537.36"
173.160.174.153 - - [20/Sep/2017:08:09:13 -0700] "POST /jsrpc.php?output=json-rpc HTTP/1.1" 200 66 "https://zabbix.npinfo.com/screens.php?ddreset=1" "Mozilla/5.0 (Windows NT 10.0; Win64; x64) AppleWebKit/537.36 (KHTML, like Gecko) Chrome/60.0.3112.113 Safari/537.36"
209.180.207.160 - - [20/Sep/2017:08:09:14 -0700] "POST /jsrpc.php?output=json-rpc HTTP/1.1" 200 66 "https://zabbix.npinfo.com/zabbix.php?action=dashboard.view&ddreset=1&fullscreen=1" "Mozilla/5.0 (Windows NT 6.3; Win64; x64) AppleWebKit/537.36 (KHTML, like Gecko) Chrome/60.0.3112.113 Safari/537.36"
173.160.174.153 - - [20/Sep/2017:08:09:15 -0700] "GET /chart.php?itemids%5B%5D=89284&=&width=1750&height=100&period=21600&stime=20180913033654&updateProfile=1&profileIdx=web.screens&profileIdx2=20&sid=16abea0203ed0b2f&screenid=20&curtime=1505920153766 HTTP/1.1" 200 28255 "https://zabbix.npinfo.com/screens.php?ddreset=1" "Mozilla/5.0 (Windows NT 10.0; Win64; x64) AppleWebKit/537.36 (KHTML, like Gecko) Chrome/60.0.3112.113 Safari/537.36"
173.160.174.153 - - [20/Sep/2017:08:09:16 -0700] "GET /chart.php?itemids%5B%5D=89290&=&width=1750&height=100&period=21600&stime=20180919120941&updateProfile=1&profileIdx=web.screens&profileIdx2=20&sid=374ae6359a772912&screenid=20&curtime=1505920156077 HTTP/1.1" 200 28645 "https://zabbix.npinfo.com/screens.php?elementid=20" "Mozilla/5.0 (Windows NT 10.0; Win64; x64) AppleWebKit/537.36 (KHTML, like Gecko) Chrome/60.0.3112.113 Safari/537.36"
173.160.174.153 - - [20/Sep/2017:08:09:17 -0700] "POST /jsrpc.php?output=json-rpc HTTP/1.1" 200 64 "https://zabbix.npinfo.com/screens.php" "Mozilla/5.0 (Windows NT 10.0; Win64; x64) AppleWebKit/537.36 (KHTML, like Gecko) Chrome/60.0.3112.113 Safari/537.36"
173.160.174.153 - - [20/Sep/2017:08:09:19 -0700] "POST /jsrpc.php?output=json-rpc HTTP/1.1" 200 66 "https://zabbix.npinfo.com/screens.php?ddreset=1" "Mozilla/5.0 (Windows NT 10.0; Win64; x64) AppleWebKit/537.36 (KHTML, like Gecko) Chrome/60.0.3112.101 Safari/537.36"
173.160.174.153 - - [20/Sep/2017:08:09:19 -0700] "POST /jsrpc.php?output=json-rpc HTTP/1.1" 200 63 "https://zabbix.npinfo.com/actionconf.php?ddreset=1" "Mozilla/5.0 (Windows NT 10.0; WOW64; rv:52.0) Gecko/20100101 Firefox/52.0"
173.160.174.153 - - [20/Sep/2017:08:09:21 -0700] "GET /chart.php?itemids%5B%5D=89290&=&width=1750&height=100&period=21600&stime=20180913033654&updateProfile=1&profileIdx=web.screens&profileIdx2=20&sid=16abea0203ed0b2f&screenid=20&curtime=1505920159740 HTTP/1.1" 200 28871 "https://zabbix.npinfo.com/screens.php?ddreset=1" "Mozilla/5.0 (Windows NT 10.0; Win64; x64) AppleWebKit/537.36 (KHTML, like Gecko) Chrome/60.0.3112.113 Safari/537.36"
173.160.174.153 - - [20/Sep/2017:08:09:21 -0700] "POST /jsrpc.php?sid=396ce852eb16537b&type=9&method=screen.get×tamp=1505920161104&mode=0&screenid=20&groupid=&hostid=&pageFile=screens.php&profileIdx=web.screens&profileIdx2=20&updateProfile=true&screenitemid=102&period=60&stime=20180920063054 HTTP/1.1" 200 68700 "https://zabbix.npinfo.com/screens.php" "Mozilla/5.0 (Windows NT 10.0; Win64; x64) AppleWebKit/537.36 (KHTML, like Gecko) Chrome/60.0.3112.113 Safari/537.36"
173.160.174.153 - - [20/Sep/2017:08:09:21 -0700] "GET /chart.php?itemids%5B%5D=89284&=&width=1750&height=100&period=60&stime=20180920063054&updateProfile=1&profileIdx=web.screens&profileIdx2=20&sid=396ce852eb16537b&screenid=20&curtime=1505920161107 HTTP/1.1" 200 21767 "https://zabbix.npinfo.com/screens.php" "Mozilla/5.0 (Windows NT 10.0; Win64; x64) AppleWebKit/537.36 (KHTML, like Gecko) Chrome/60.0.3112.113 Safari/537.36"
173.160.174.153 - - [20/Sep/2017:08:09:22 -0700] "POST /jsrpc.php?output=json-rpc HTTP/1.1" 200 65 "https://zabbix.npinfo.com/screens.php?elementid=20" "Mozilla/5.0 (Windows NT 10.0; Win64; x64) AppleWebKit/537.36 (KHTML, like Gecko) Chrome/60.0.3112.113 Safari/537.36"
173.160.174.153 - - [20/Sep/2017:08:09:21 -0700] "GET /chart.php?itemids%5B%5D=89284&=&width=1750&height=100&period=21600&stime=20180918075326&updateProfile=1&profileIdx=web.screens&profileIdx2=20&sid=c2e332a5d9437331&screenid=20&curtime=1505920161810 HTTP/1.1" 200 28306 "https://zabbix.npinfo.com/screens.php?ddreset=1" "Mozilla/5.0 (Windows NT 10.0; Win64; x64) AppleWebKit/537.36 (KHTML, like Gecko) Chrome/60.0.3112.101 Safari/537.36"
173.160.174.153 - - [20/Sep/2017:08:09:22 -0700] "GET /chart.php?itemids%5B%5D=89290&=&width=1750&height=100&period=60&stime=20180920063054&updateProfile=1&profileIdx=web.screens&profileIdx2=20&sid=396ce852eb16537b&screenid=20&curtime=1505920162105 HTTP/1.1" 200 21019 "https://zabbix.npinfo.com/screens.php" "Mozilla/5.0 (Windows NT 10.0; Win64; x64) AppleWebKit/537.36 (KHTML, like Gecko) Chrome/60.0.3112.113 Safari/537.36"
173.160.174.153 - - [20/Sep/2017:08:09:23 -0700] "POST /jsrpc.php?output=json-rpc HTTP/1.1" 200 66 "https://zabbix.npinfo.com/screens.php?ddreset=1" "Mozilla/5.0 (Windows NT 10.0; Win64; x64) AppleWebKit/537.36 (KHTML, like Gecko) Chrome/60.0.3112.113 Safari/537.36"
209.180.207.160 - - [20/Sep/2017:08:09:24 -0700] "POST /jsrpc.php?output=json-rpc HTTP/1.1" 200 66 "https://zabbix.npinfo.com/zabbix.php?action=dashboard.view&ddreset=1&fullscreen=1" "Mozilla/5.0 (Windows NT 6.3; Win64; x64) AppleWebKit/537.36 (KHTML, like Gecko) Chrome/60.0.3112.113 Safari/537.36"
173.160.174.153 - - [20/Sep/2017:08:09:25 -0700] "GET /chart.php?itemids%5B%5D=89284&=&width=1750&height=100&period=21600&stime=20180919120941&updateProfile=1&profileIdx=web.screens&profileIdx2=20&sid=374ae6359a772912&screenid=20&curtime=1505920165030 HTTP/1.1" 200 28314 "https://zabbix.npinfo.com/screens.php?elementid=20" "Mozilla/5.0 (Windows NT 10.0; Win64; x64) AppleWebKit/537.36 (KHTML, like Gecko) Chrome/60.0.3112.113 Safari/537.36"
173.160.174.153 - - [20/Sep/2017:08:09:26 -0700] "POST /jsrpc.php?sid=c2e332a5d9437331&type=9&method=screen.get×tamp=1505920166817&mode=0&screenid=20&groupid=&hostid=&pageFile=screens.php&profileIdx=web.screens&profileIdx2=20&updateProfile=true&screenitemid=102&period=21600&stime=20180918075326 HTTP/1.1" 200 68700 "https://zabbix.npinfo.com/screens.php?ddreset=1" "Mozilla/5.0 (Windows NT 10.0; Win64; x64) AppleWebKit/537.36 (KHTML, like Gecko) Chrome/60.0.3112.101 Safari/537.36"
173.160.174.153 - - [20/Sep/2017:08:09:26 -0700] "GET /chart.php?itemids%5B%5D=89290&=&width=1750&height=100&period=21600&stime=20180918075326&updateProfile=1&profileIdx=web.screens&profileIdx2=20&sid=c2e332a5d9437331&screenid=20&curtime=1505920166817 HTTP/1.1" 200 28853 "https://zabbix.npinfo.com/screens.php?ddreset=1" "Mozilla/5.0 (Windows NT 10.0; Win64; x64) AppleWebKit/537.36 (KHTML, like Gecko) Chrome/60.0.3112.101 Safari/537.36"
173.160.174.153 - - [20/Sep/2017:08:09:28 -0700] "POST /jsrpc.php?output=json-rpc HTTP/1.1" 200 64 "https://zabbix.npinfo.com/screens.php" "Mozilla/5.0 (Windows NT 10.0; Win64; x64) AppleWebKit/537.36 (KHTML, like Gecko) Chrome/60.0.3112.113 Safari/537.36"
173.160.174.153 - - [20/Sep/2017:08:09:29 -0700] "POST /jsrpc.php?output=json-rpc HTTP/1.1" 200 63 "https://zabbix.npinfo.com/actionconf.php?ddreset=1" "Mozilla/5.0 (Windows NT 10.0; WOW64; rv:52.0) Gecko/20100101 Firefox/52.0"
173.160.174.153 - - [20/Sep/2017:08:09:30 -0700] "POST /jsrpc.php?output=json-rpc HTTP/1.1" 200 66 "https://zabbix.npinfo.com/screens.php?ddreset=1" "Mozilla/5.0 (Windows NT 10.0; Win64; x64) AppleWebKit/537.36 (KHTML, like Gecko) Chrome/60.0.3112.101 Safari/537.36"
173.160.174.153 - - [20/Sep/2017:08:09:32 -0700] "POST /jsrpc.php?output=json-rpc HTTP/1.1" 200 65 "https://zabbix.npinfo.com/screens.php?elementid=20" "Mozilla/5.0 (Windows NT 10.0; Win64; x64) AppleWebKit/537.36 (KHTML, like Gecko) Chrome/60.0.3112.113 Safari/537.36"
173.160.174.153 - - [20/Sep/2017:08:09:33 -0700] "POST /jsrpc.php?sid=16abea0203ed0b2f&type=9&method=screen.get×tamp=1505920171967&mode=0&screenid=20&groupid=&hostid=&pageFile=screens.php&profileIdx=web.screens&profileIdx2=20&updateProfile=true&screenitemid=102&period=21600&stime=20180913033654 HTTP/1.1" 200 68700 "https://zabbix.npinfo.com/screens.php?ddreset=1" "Mozilla/5.0 (Windows NT 10.0; Win64; x64) AppleWebKit/537.36 (KHTML, like Gecko) Chrome/60.0.3112.113 Safari/537.36"
173.160.174.153 - - [20/Sep/2017:08:09:33 -0700] "POST /jsrpc.php?output=json-rpc HTTP/1.1" 200 66 "https://zabbix.npinfo.com/screens.php?ddreset=1" "Mozilla/5.0 (Windows NT 10.0; Win64; x64) AppleWebKit/537.36 (KHTML, like Gecko) Chrome/60.0.3112.113 Safari/537.36"
209.180.207.160 - - [20/Sep/2017:08:09:34 -0700] "POST /jsrpc.php?output=json-rpc HTTP/1.1" 200 66 "https://zabbix.npinfo.com/zabbix.php?action=dashboard.view&ddreset=1&fullscreen=1" "Mozilla/5.0 (Windows NT 6.3; Win64; x64) AppleWebKit/537.36 (KHTML, like Gecko) Chrome/60.0.3112.113 Safari/537.36"
173.160.174.153 - - [20/Sep/2017:08:09:34 -0700] "POST /jsrpc.php?sid=374ae6359a772912&type=9&method=screen.get×tamp=1505920174188&mode=0&screenid=20&groupid=&hostid=&pageFile=screens.php&profileIdx=web.screens&profileIdx2=20&updateProfile=true&screenitemid=102&period=21600&stime=20180919120941 HTTP/1.1" 200 68700 "https://zabbix.npinfo.com/screens.php?elementid=20" "Mozilla/5.0 (Windows NT 10.0; Win64; x64) AppleWebKit/537.36 (KHTML, like Gecko) Chrome/60.0.3112.113 Safari/537.36"
173.160.174.153 - - [20/Sep/2017:08:09:39 -0700] "POST /jsrpc.php?output=json-rpc HTTP/1.1" 200 64 "https://zabbix.npinfo.com/screens.php" "Mozilla/5.0 (Windows NT 10.0; Win64; x64) AppleWebKit/537.36 (KHTML, like Gecko) Chrome/60.0.3112.113 Safari/537.36"
173.160.174.153 - - [20/Sep/2017:08:09:39 -0700] "POST /jsrpc.php?output=json-rpc HTTP/1.1" 200 63 "https://zabbix.npinfo.com/actionconf.php?ddreset=1" "Mozilla/5.0 (Windows NT 10.0; WOW64; rv:52.0) Gecko/20100101 Firefox/52.0"
173.160.174.153 - - [20/Sep/2017:08:09:40 -0700] "POST /jsrpc.php?output=json-rpc HTTP/1.1" 200 66 "https://zabbix.npinfo.com/screens.php?ddreset=1" "Mozilla/5.0 (Windows NT 10.0; Win64; x64) AppleWebKit/537.36 (KHTML, like Gecko) Chrome/60.0.3112.101 Safari/537.36"
173.160.174.153 - - [20/Sep/2017:08:09:42 -0700] "POST /jsrpc.php?output=json-rpc HTTP/1.1" 200 65 "https://zabbix.npinfo.com/screens.php?elementid=20" "Mozilla/5.0 (Windows NT 10.0; Win64; x64) AppleWebKit/537.36 (KHTML, like Gecko) Chrome/60.0.3112.113 Safari/537.36"
173.160.174.153 - - [20/Sep/2017:08:09:42 -0700] "POST /jsrpc.php?sid=396ce852eb16537b&type=9&method=screen.get×tamp=1505920182104&mode=0&screenid=20&groupid=&hostid=&pageFile=screens.php&profileIdx=web.screens&profileIdx2=20&updateProfile=true&screenitemid=102&period=60&stime=20180920063054 HTTP/1.1" 200 68700 "https://zabbix.npinfo.com/screens.php" "Mozilla/5.0 (Windows NT 10.0; Win64; x64) AppleWebKit/537.36 (KHTML, like Gecko) Chrome/60.0.3112.113 Safari/537.36"
173.160.174.153 - - [20/Sep/2017:08:09:42 -0700] "GET /chart.php?itemids%5B%5D=89284&=&width=1750&height=100&period=60&stime=20180920063054&updateProfile=1&profileIdx=web.screens&profileIdx2=20&sid=396ce852eb16537b&screenid=20&curtime=1505920182107 HTTP/1.1" 200 22146 "https://zabbix.npinfo.com/screens.php" "Mozilla/5.0 (Windows NT 10.0; Win64; x64) AppleWebKit/537.36 (KHTML, like Gecko) Chrome/60.0.3112.113 Safari/537.36"
173.160.174.153 - - [20/Sep/2017:08:09:43 -0700] "GET /chart.php?itemids%5B%5D=89290&=&width=1750&height=100&period=60&stime=20180920063054&updateProfile=1&profileIdx=web.screens&profileIdx2=20&sid=396ce852eb16537b&screenid=20&curtime=1505920183105 HTTP/1.1" 200 21323 "https://zabbix.npinfo.com/screens.php" "Mozilla/5.0 (Windows NT 10.0; Win64; x64) AppleWebKit/537.36 (KHTML, like Gecko) Chrome/60.0.3112.113 Safari/537.36"
173.160.174.153 - - [20/Sep/2017:08:09:43 -0700] "POST /jsrpc.php?output=json-rpc HTTP/1.1" 200 66 "https://zabbix.npinfo.com/screens.php?ddreset=1" "Mozilla/5.0 (Windows NT 10.0; Win64; x64) AppleWebKit/537.36 (KHTML, like Gecko) Chrome/60.0.3112.113 Safari/537.36"
209.180.207.160 - - [20/Sep/2017:08:09:44 -0700] "POST /jsrpc.php?output=json-rpc HTTP/1.1" 200 66 "https://zabbix.npinfo.com/zabbix.php?action=dashboard.view&ddreset=1&fullscreen=1" "Mozilla/5.0 (Windows NT 6.3; Win64; x64) AppleWebKit/537.36 (KHTML, like Gecko) Chrome/60.0.3112.113 Safari/537.36"
173.160.174.153 - - [20/Sep/2017:08:09:45 -0700] "GET /chart.php?itemids%5B%5D=89284&=&width=1750&height=100&period=21600&stime=20180913033654&updateProfile=1&profileIdx=web.screens&profileIdx2=20&sid=16abea0203ed0b2f&screenid=20&curtime=1505920183769 HTTP/1.1" 200 28505 "https://zabbix.npinfo.com/screens.php?ddreset=1" "Mozilla/5.0 (Windows NT 10.0; Win64; x64) AppleWebKit/537.36 (KHTML, like Gecko) Chrome/60.0.3112.113 Safari/537.36"
173.160.174.153 - - [20/Sep/2017:08:09:46 -0700] "GET /chart.php?itemids%5B%5D=89290&=&width=1750&height=100&period=21600&stime=20180919120941&updateProfile=1&profileIdx=web.screens&profileIdx2=20&sid=374ae6359a772912&screenid=20&curtime=1505920186078 HTTP/1.1" 200 29051 "https://zabbix.npinfo.com/screens.php?elementid=20" "Mozilla/5.0 (Windows NT 10.0; Win64; x64) AppleWebKit/537.36 (KHTML, like Gecko) Chrome/60.0.3112.113 Safari/537.36"
173.160.174.153 - - [20/Sep/2017:08:09:49 -0700] "POST /jsrpc.php?output=json-rpc HTTP/1.1" 200 63 "https://zabbix.npinfo.com/actionconf.php?ddreset=1" "Mozilla/5.0 (Windows NT 10.0; WOW64; rv:52.0) Gecko/20100101 Firefox/52.0"
173.160.174.153 - - [20/Sep/2017:08:09:50 -0700] "POST /jsrpc.php?output=json-rpc HTTP/1.1" 200 64 "https://zabbix.npinfo.com/screens.php" "Mozilla/5.0 (Windows NT 10.0; Win64; x64) AppleWebKit/537.36 (KHTML, like Gecko) Chrome/60.0.3112.113 Safari/537.36"
173.160.174.153 - - [20/Sep/2017:08:09:51 -0700] "GET /chart.php?itemids%5B%5D=89290&=&width=1750&height=100&period=21600&stime=20180913033654&updateProfile=1&profileIdx=web.screens&profileIdx2=20&sid=16abea0203ed0b2f&screenid=20&curtime=1505920189741 HTTP/1.1" 200 28885 "https://zabbix.npinfo.com/screens.php?ddreset=1" "Mozilla/5.0 (Windows NT 10.0; Win64; x64) AppleWebKit/537.36 (KHTML, like Gecko) Chrome/60.0.3112.113 Safari/537.36"
173.160.174.153 - - [20/Sep/2017:08:09:51 -0700] "POST /jsrpc.php?output=json-rpc HTTP/1.1" 200 66 "https://zabbix.npinfo.com/screens.php?ddreset=1" "Mozilla/5.0 (Windows NT 10.0; Win64; x64) AppleWebKit/537.36 (KHTML, like Gecko) Chrome/60.0.3112.101 Safari/537.36"
173.160.174.153 - - [20/Sep/2017:08:09:52 -0700] "POST /jsrpc.php?output=json-rpc HTTP/1.1" 200 65 "https://zabbix.npinfo.com/screens.php?elementid=20" "Mozilla/5.0 (Windows NT 10.0; Win64; x64) AppleWebKit/537.36 (KHTML, like Gecko) Chrome/60.0.3112.113 Safari/537.36"
173.160.174.153 - - [20/Sep/2017:08:09:51 -0700] "GET /chart.php?itemids%5B%5D=89284&=&width=1750&height=100&period=21600&stime=20180918075326&updateProfile=1&profileIdx=web.screens&profileIdx2=20&sid=c2e332a5d9437331&screenid=20&curtime=1505920191818 HTTP/1.1" 200 28521 "https://zabbix.npinfo.com/screens.php?ddreset=1" "Mozilla/5.0 (Windows NT 10.0; Win64; x64) AppleWebKit/537.36 (KHTML, like Gecko) Chrome/60.0.3112.101 Safari/537.36"
173.160.174.153 - - [20/Sep/2017:08:09:53 -0700] "POST /jsrpc.php?output=json-rpc HTTP/1.1" 200 66 "https://zabbix.npinfo.com/screens.php?ddreset=1" "Mozilla/5.0 (Windows NT 10.0; Win64; x64) AppleWebKit/537.36 (KHTML, like Gecko) Chrome/60.0.3112.113 Safari/537.36"
209.180.207.160 - - [20/Sep/2017:08:09:54 -0700] "POST /jsrpc.php?output=json-rpc HTTP/1.1" 200 66 "https://zabbix.npinfo.com/zabbix.php?action=dashboard.view&ddreset=1&fullscreen=1" "Mozilla/5.0 (Windows NT 6.3; Win64; x64) AppleWebKit/537.36 (KHTML, like Gecko) Chrome/60.0.3112.113 Safari/537.36"
173.160.174.153 - - [20/Sep/2017:08:09:55 -0700] "POST /jsrpc.php?output=json-rpc HTTP/1.1" 200 38 "https://zabbix.npinfo.com/screens.php" "Mozilla/5.0 (Windows NT 10.0; Win64; x64) AppleWebKit/537.36 (KHTML, like Gecko) Chrome/60.0.3112.113 Safari/537.36"
173.160.174.153 - - [20/Sep/2017:08:09:55 -0700] "GET /chart.php?itemids%5B%5D=89284&=&width=1750&height=100&period=21600&stime=20180919120941&updateProfile=1&profileIdx=web.screens&profileIdx2=20&sid=374ae6359a772912&screenid=20&curtime=1505920195031 HTTP/1.1" 200 28331 "https://zabbix.npinfo.com/screens.php?elementid=20" "Mozilla/5.0 (Windows NT 10.0; Win64; x64) AppleWebKit/537.36 (KHTML, like Gecko) Chrome/60.0.3112.113 Safari/537.36"
173.160.174.153 - - [20/Sep/2017:08:09:57 -0700] "POST /jsrpc.php?sid=c2e332a5d9437331&type=9&method=screen.get×tamp=1505920197813&mode=0&screenid=20&groupid=&hostid=&pageFile=screens.php&profileIdx=web.screens&profileIdx2=20&updateProfile=true&screenitemid=102&period=21600&stime=20180918075326 HTTP/1.1" 200 68680 "https://zabbix.npinfo.com/screens.php?ddreset=1" "Mozilla/5.0 (Windows NT 10.0; Win64; x64) AppleWebKit/537.36 (KHTML, like Gecko) Chrome/60.0.3112.101 Safari/537.36"
173.160.174.153 - - [20/Sep/2017:08:09:57 -0700] "GET /chart.php?itemids%5B%5D=89290&=&width=1750&height=100&period=21600&stime=20180918075326&updateProfile=1&profileIdx=web.screens&profileIdx2=20&sid=c2e332a5d9437331&screenid=20&curtime=1505920197813 HTTP/1.1" 200 29269 "https://zabbix.npinfo.com/screens.php?ddreset=1" "Mozilla/5.0 (Windows NT 10.0; Win64; x64) AppleWebKit/537.36 (KHTML, like Gecko) Chrome/60.0.3112.101 Safari/537.36"
173.160.174.153 - - [20/Sep/2017:08:10:00 -0700] "POST /jsrpc.php?output=json-rpc HTTP/1.1" 200 63 "https://zabbix.npinfo.com/actionconf.php?ddreset=1" "Mozilla/5.0 (Windows NT 10.0; WOW64; rv:52.0) Gecko/20100101 Firefox/52.0"
173.160.174.153 - - [20/Sep/2017:08:10:01 -0700] "POST /jsrpc.php?output=json-rpc HTTP/1.1" 200 64 "https://zabbix.npinfo.com/screens.php" "Mozilla/5.0 (Windows NT 10.0; Win64; x64) AppleWebKit/537.36 (KHTML, like Gecko) Chrome/60.0.3112.113 Safari/537.36"
173.160.174.153 - - [20/Sep/2017:08:10:02 -0700] "POST /jsrpc.php?output=json-rpc HTTP/1.1" 200 65 "https://zabbix.npinfo.com/screens.php?elementid=20" "Mozilla/5.0 (Windows NT 10.0; Win64; x64) AppleWebKit/537.36 (KHTML, like Gecko) Chrome/60.0.3112.113 Safari/537.36"
173.160.174.153 - - [20/Sep/2017:08:10:02 -0700] "POST /jsrpc.php?output=json-rpc HTTP/1.1" 200 66 "https://zabbix.npinfo.com/screens.php?ddreset=1" "Mozilla/5.0 (Windows NT 10.0; Win64; x64) AppleWebKit/537.36 (KHTML, like Gecko) Chrome/60.0.3112.101 Safari/537.36"
173.160.174.153 - - [20/Sep/2017:08:10:03 -0700] "GET /chart.php?itemids%5B%5D=89290&=&width=1750&height=100&period=60&stime=20180920063054&updateProfile=1&profileIdx=web.screens&profileIdx2=20&sid=396ce852eb16537b&screenid=20&curtime=1505920203110 HTTP/1.1" 200 21576 "https://zabbix.npinfo.com/screens.php" "Mozilla/5.0 (Windows NT 10.0; Win64; x64) AppleWebKit/537.36 (KHTML, like Gecko) Chrome/60.0.3112.113 Safari/537.36"
173.160.174.153 - - [20/Sep/2017:08:10:03 -0700] "POST /jsrpc.php?sid=396ce852eb16537b&type=9&method=screen.get×tamp=1505920203106&mode=0&screenid=20&groupid=&hostid=&pageFile=screens.php&profileIdx=web.screens&profileIdx2=20&updateProfile=true&screenitemid=102&period=60&stime=20180920063054 HTTP/1.1" 200 68692 "https://zabbix.npinfo.com/screens.php" "Mozilla/5.0 (Windows NT 10.0; Win64; x64) AppleWebKit/537.36 (KHTML, like Gecko) Chrome/60.0.3112.113 Safari/537.36"
173.160.174.153 - - [20/Sep/2017:08:10:03 -0700] "GET /chart.php?itemids%5B%5D=89284&=&width=1750&height=100&period=60&stime=20180920063054&updateProfile=1&profileIdx=web.screens&profileIdx2=20&sid=396ce852eb16537b&screenid=20&curtime=1505920203108 HTTP/1.1" 200 21652 "https://zabbix.npinfo.com/screens.php" "Mozilla/5.0 (Windows NT 10.0; Win64; x64) AppleWebKit/537.36 (KHTML, like Gecko) Chrome/60.0.3112.113 Safari/537.36"
173.160.174.153 - - [20/Sep/2017:08:10:03 -0700] "POST /jsrpc.php?sid=16abea0203ed0b2f&type=9&method=screen.get×tamp=1505920201970&mode=0&screenid=20&groupid=&hostid=&pageFile=screens.php&profileIdx=web.screens&profileIdx2=20&updateProfile=true&screenitemid=102&period=21600&stime=20180913033654 HTTP/1.1" 200 68692 "https://zabbix.npinfo.com/screens.php?ddreset=1" "Mozilla/5.0 (Windows NT 10.0; Win64; x64) AppleWebKit/537.36 (KHTML, like Gecko) Chrome/60.0.3112.113 Safari/537.36"
173.160.174.153 - - [20/Sep/2017:08:10:03 -0700] "POST /jsrpc.php?output=json-rpc HTTP/1.1" 200 66 "https://zabbix.npinfo.com/screens.php?ddreset=1" "Mozilla/5.0 (Windows NT 10.0; Win64; x64) AppleWebKit/537.36 (KHTML, like Gecko) Chrome/60.0.3112.113 Safari/537.36"
209.180.207.160 - - [20/Sep/2017:08:10:04 -0700] "POST /jsrpc.php?output=json-rpc HTTP/1.1" 200 66 "https://zabbix.npinfo.com/zabbix.php?action=dashboard.view&ddreset=1&fullscreen=1" "Mozilla/5.0 (Windows NT 6.3; Win64; x64) AppleWebKit/537.36 (KHTML, like Gecko) Chrome/60.0.3112.113 Safari/537.36"
173.160.174.153 - - [20/Sep/2017:08:10:04 -0700] "POST /jsrpc.php?sid=374ae6359a772912&type=9&method=screen.get×tamp=1505920204191&mode=0&screenid=20&groupid=&hostid=&pageFile=screens.php&profileIdx=web.screens&profileIdx2=20&updateProfile=true&screenitemid=102&period=21600&stime=20180919120941 HTTP/1.1" 200 68692 "https://zabbix.npinfo.com/screens.php?elementid=20" "Mozilla/5.0 (Windows NT 10.0; Win64; x64) AppleWebKit/537.36 (KHTML, like Gecko) Chrome/60.0.3112.113 Safari/537.36"
209.180.207.160 - - [20/Sep/2017:08:10:05 -0700] "POST /zabbix.php?action=widget.discovery.view&sid=44299d61df12800d&upd_counter=5704&pmasterid=dashboard HTTP/1.1" 200 416 "https://zabbix.npinfo.com/zabbix.php?action=dashboard.view&ddreset=1&fullscreen=1" "Mozilla/5.0 (Windows NT 6.3; Win64; x64) AppleWebKit/537.36 (KHTML, like Gecko) Chrome/60.0.3112.113 Safari/537.36"
209.180.207.160 - - [20/Sep/2017:08:10:05 -0700] "POST /zabbix.php?action=widget.web.view&sid=44299d61df12800d&upd_counter=5704&pmasterid=dashboard HTTP/1.1" 200 674 "https://zabbix.npinfo.com/zabbix.php?action=dashboard.view&ddreset=1&fullscreen=1" "Mozilla/5.0 (Windows NT 6.3; Win64; x64) AppleWebKit/537.36 (KHTML, like Gecko) Chrome/60.0.3112.113 Safari/537.36"
209.180.207.160 - - [20/Sep/2017:08:10:05 -0700] "POST /zabbix.php?action=widget.issues.view&sid=44299d61df12800d&upd_counter=5704&pmasterid=dashboard HTTP/1.1" 200 12034 "https://zabbix.npinfo.com/zabbix.php?action=dashboard.view&ddreset=1&fullscreen=1" "Mozilla/5.0 (Windows NT 6.3; Win64; x64) AppleWebKit/537.36 (KHTML, like Gecko) Chrome/60.0.3112.113 Safari/537.36"
209.180.207.160 - - [20/Sep/2017:08:10:05 -0700] "POST /zabbix.php?action=widget.hosts.view&sid=44299d61df12800d&upd_counter=5704&pmasterid=dashboard HTTP/1.1" 200 36497 "https://zabbix.npinfo.com/zabbix.php?action=dashboard.view&ddreset=1&fullscreen=1" "Mozilla/5.0 (Windows NT 6.3; Win64; x64) AppleWebKit/537.36 (KHTML, like Gecko) Chrome/60.0.3112.113 Safari/537.36"
209.180.207.160 - - [20/Sep/2017:08:10:05 -0700] "POST /zabbix.php?action=widget.system.view&sid=44299d61df12800d&upd_counter=5704&pmasterid=dashboard HTTP/1.1" 200 58861 "https://zabbix.npinfo.com/zabbix.php?action=dashboard.view&ddreset=1&fullscreen=1" "Mozilla/5.0 (Windows NT 6.3; Win64; x64) AppleWebKit/537.36 (KHTML, like Gecko) Chrome/60.0.3112.113 Safari/537.36"
209.180.207.160 - - [20/Sep/2017:08:10:05 -0700] "POST /zabbix.php?action=widget.status.view&sid=44299d61df12800d&upd_counter=5704&pmasterid=dashboard HTTP/1.1" 200 1304 "https://zabbix.npinfo.com/zabbix.php?action=dashboard.view&ddreset=1&fullscreen=1" "Mozilla/5.0 (Windows NT 6.3; Win64; x64) AppleWebKit/537.36 (KHTML, like Gecko) Chrome/60.0.3112.113 Safari/537.36"
173.160.174.153 - - [20/Sep/2017:08:10:09 -0700] "POST /jsrpc.php?output=json-rpc HTTP/1.1" 200 63 "https://zabbix.npinfo.com/actionconf.php?ddreset=1" "Mozilla/5.0 (Windows NT 10.0; WOW64; rv:52.0) Gecko/20100101 Firefox/52.0"
173.160.174.153 - - [20/Sep/2017:08:10:11 -0700] "GET /latest.php?ddreset=1 HTTP/1.1" 200 31258 "https://zabbix.npinfo.com/screens.php?ddreset=1" "Mozilla/5.0 (Windows NT 10.0; Win64; x64) AppleWebKit/537.36 (KHTML, like Gecko) Chrome/60.0.3112.113 Safari/537.36"
173.160.174.153 - - [20/Sep/2017:08:10:11 -0700] "GET /js/browsers.js HTTP/1.1" 200 1525 "https://zabbix.npinfo.com/latest.php?ddreset=1" "Mozilla/5.0 (Windows NT 10.0; Win64; x64) AppleWebKit/537.36 (KHTML, like Gecko) Chrome/60.0.3112.113 Safari/537.36"
173.160.174.153 - - [20/Sep/2017:08:10:11 -0700] "GET /jsLoader.php?ver=3.2.2&lang=en_GB&showGuiMessaging=1&files[]=multiselect.js&files[]=servercheck.js HTTP/1.1" 200 28293 "https://zabbix.npinfo.com/latest.php?ddreset=1" "Mozilla/5.0 (Windows NT 10.0; Win64; x64) AppleWebKit/537.36 (KHTML, like Gecko) Chrome/60.0.3112.113 Safari/537.36"
173.160.174.153 - - [20/Sep/2017:08:10:11 -0700] "GET /styles/dark-theme.css HTTP/1.1" 200 105473 "https://zabbix.npinfo.com/latest.php?ddreset=1" "Mozilla/5.0 (Windows NT 10.0; Win64; x64) AppleWebKit/537.36 (KHTML, like Gecko) Chrome/60.0.3112.113 Safari/537.36"
173.160.174.153 - - [20/Sep/2017:08:10:11 -0700] "GET /jsLoader.php?ver=3.2.2&lang=en_GB&showGuiMessaging=1 HTTP/1.1" 200 566452 "https://zabbix.npinfo.com/latest.php?ddreset=1" "Mozilla/5.0 (Windows NT 10.0; Win64; x64) AppleWebKit/537.36 (KHTML, like Gecko) Chrome/60.0.3112.113 Safari/537.36"
